{"id":114424,"date":"2024-12-30T11:52:40","date_gmt":"2024-12-30T10:52:40","guid":{"rendered":"https:\/\/www.sport4club.be\/?post_type=product&#038;p=114424"},"modified":"2025-03-27T08:10:36","modified_gmt":"2025-03-27T07:10:36","slug":"nox-shoes-nexo-black-red-lava","status":"publish","type":"product","link":"https:\/\/www.sport4club.be\/index.php\/product\/nox-shoes-nexo-black-red-lava\/","title":{"rendered":"Nox Shoes Lux Nexo Black\/Red Lava"},"content":{"rendered":"<p>La premi\u00e8re chaussure de pickleball qui am\u00e9liore vos performances tout en pr\u00e9servant votre sant\u00e9, cliniquement prouv\u00e9e et certifi\u00e9e dans les laboratoires de podologie.<\/p>\n<p>D\u00e9couvrez le mod\u00e8le de pickleball LUX Nexo Black\/Lava Red Lava, o\u00f9 la combinaison parfaite des couleurs noir et rouge apporte un style unique et moderne.<\/p>\n<p>Pr\u00e9parez-vous \u00e0 r\u00e9volutionner votre jeu avec les nouvelles chaussures de Pickleball LUX NEXO Black\/Lava Red ! Cette chaussure a \u00e9t\u00e9 con\u00e7ue dans les moindres d\u00e9tails pour assurer une performance et un confort maximum sur le terrain. Sa technologie avanc\u00e9e permet non seulement d&#8217;optimiser vos performances en tout point, mais aussi de prot\u00e9ger vos articulations gr\u00e2ce \u00e0 un soutien exceptionnel.<\/p>\n<p>En plus de son design \u00e9l\u00e9gant noir\/rouge lave, cette chaussure se distingue par sa durabilit\u00e9 et son adh\u00e9rence sur les surfaces sp\u00e9cifiques du pickleball, ce qui vous permet de vous d\u00e9placer avec confiance et style \u00e0 chaque match.<\/p>\n<p>Approuv\u00e9e cliniquement par Marta Rueda, podologue au Centro de Estudios del Pie Mart\u00edn Rueda, conseill\u00e8re au Centro de Alto Rendimiento Deportivo de Sant Cugat (Espagne) et par des centaines d&#8217;athl\u00e8tes d&#8217;\u00e9lite.<\/p>\n<p><img decoding=\"async\" style=\"float: left;\" src=\"https:\/\/cdn.shopify.com\/s\/files\/1\/2232\/3715\/files\/Diseno_sin_titulo_3_480x480.jpg?v=1644404943\" alt=\"\" width=\"352\" height=\"143\" data-ly-processed=\"1735554822708\" \/><\/p>\n<p>&nbsp;<\/p>\n<p>&nbsp;<\/p>\n<p>&nbsp;<\/p>\n<p>&nbsp;<\/p>\n<p>Test\u00e9 et certifi\u00e9 en laboratoire par le Centre technologique de la chaussure INESCOP \u00e0 Alicante, Espagne.<\/p>\n<p><strong>Technologie AGG (Advanced Gravity Geometry)<\/strong><br \/>\nCette technologie offre un drop plus \u00e9lev\u00e9 (hauteur du talon aux orteils), facilitant la position debout et les d\u00e9parts en course, diminuant la surcharge du mollet et minimisant le risque de blessures musculaires.<\/p>\n<p><strong>Soutien lat\u00e9ral<\/strong><br \/>\nOffre une plus grande stabilit\u00e9 gr\u00e2ce \u00e0 l&#8217;augmentation de la surface de contact de la semelle avec le sol, r\u00e9duisant ainsi le risque de torsion lors des mouvements lat\u00e9raux.<\/p>\n<p><strong>Semelle ext\u00e9rieure \u00e0 adh\u00e9rence optimale<\/strong><br \/>\nCombine un motif \u00e0 chevrons avec de petits crampons, garantissant une adh\u00e9rence exceptionnelle sur n&#8217;importe quelle surface du terrain.<\/p>\n<p><strong>Amortissement maximal<\/strong><br \/>\nIncorpore une semelle en caoutchouc EVA popcorn mont\u00e9e en Strobel et une semelle interm\u00e9diaire en phylon inject\u00e9 basse densit\u00e9, offrant un excellent retour d&#8217;\u00e9nergie. Le renfort lat\u00e9ral interne (AbraXone) augmente la r\u00e9sistance \u00e0 l&#8217;abrasion et conf\u00e8re \u00e0 la chaussure une plus grande stabilit\u00e9.<\/p>\n<p><strong>Semelle int\u00e9rieure Ortholite<\/strong><br \/>\nOffre un maximum de confort pendant le jeu, avec un excellent amorti qui r\u00e9duit la sensation de fatigue. L&#8217;action antimicrobienne pr\u00e9vient l&#8217;accumulation de bact\u00e9ries et les odeurs, garantissant des performances optimales sans ajouter de poids suppl\u00e9mentaire \u00e0 la chaussure.<\/p>\n<p><strong>Cadre du talon<\/strong><br \/>\nLa technologie HEEL FRAME se compose de deux pi\u00e8ces strat\u00e9giquement plac\u00e9es de part et d&#8217;autre du pied, offrant un soutien sup\u00e9rieur dans la zone du talon. Cette conception innovante offre une plus grande stabilit\u00e9, rendant chaque pas plus s\u00fbr et plus confortable.<\/p>\n<p style=\"text-align: left;\"><strong>Guide des Tailles<\/strong><\/p>\n<table class=\" aligncenter\">\n<thead>\n<tr>\n<th style=\"text-align: center;\">EU<\/th>\n<th style=\"text-align: center;\">US<\/th>\n<th style=\"text-align: center;\">UK<\/th>\n<th style=\"text-align: center;\">AR<\/th>\n<th style=\"text-align: center;\">LENGTH mm<\/th>\n<\/tr>\n<\/thead>\n<tbody>\n<tr>\n<td style=\"text-align: center;\">36<\/td>\n<td style=\"text-align: center;\">5<\/td>\n<td style=\"text-align: center;\">4<\/td>\n<td style=\"text-align: center;\">35<\/td>\n<td style=\"text-align: center;\">228<\/td>\n<\/tr>\n<tr>\n<td style=\"text-align: center;\">37<\/td>\n<td style=\"text-align: center;\">5.5<\/td>\n<td style=\"text-align: center;\">4.5<\/td>\n<td style=\"text-align: center;\">36<\/td>\n<td style=\"text-align: center;\">235<\/td>\n<\/tr>\n<tr>\n<td style=\"text-align: center;\">38<\/td>\n<td style=\"text-align: center;\">6<\/td>\n<td style=\"text-align: center;\">5<\/td>\n<td style=\"text-align: center;\">37<\/td>\n<td style=\"text-align: center;\">242<\/td>\n<\/tr>\n<tr>\n<td style=\"text-align: center;\">39<\/td>\n<td style=\"text-align: center;\">6.5<\/td>\n<td style=\"text-align: center;\">6<\/td>\n<td style=\"text-align: center;\">38<\/td>\n<td style=\"text-align: center;\">248<\/td>\n<\/tr>\n<tr>\n<td style=\"text-align: center;\">40<\/td>\n<td style=\"text-align: center;\">7<\/td>\n<td style=\"text-align: center;\">6.5<\/td>\n<td style=\"text-align: center;\">39<\/td>\n<td style=\"text-align: center;\">255<\/td>\n<\/tr>\n<tr>\n<td style=\"text-align: center;\">41<\/td>\n<td style=\"text-align: center;\">8<\/td>\n<td style=\"text-align: center;\">7<\/td>\n<td style=\"text-align: center;\">40<\/td>\n<td style=\"text-align: center;\">262<\/td>\n<\/tr>\n<tr>\n<td style=\"text-align: center;\">42<\/td>\n<td style=\"text-align: center;\">9<\/td>\n<td style=\"text-align: center;\">8<\/td>\n<td style=\"text-align: center;\">41<\/td>\n<td style=\"text-align: center;\">268<\/td>\n<\/tr>\n<tr>\n<td style=\"text-align: center;\">43<\/td>\n<td style=\"text-align: center;\">9.5<\/td>\n<td style=\"text-align: center;\">8.5<\/td>\n<td style=\"text-align: center;\">42<\/td>\n<td style=\"text-align: center;\">275<\/td>\n<\/tr>\n<tr>\n<td style=\"text-align: center;\">44<\/td>\n<td style=\"text-align: center;\">10<\/td>\n<td style=\"text-align: center;\">9<\/td>\n<td style=\"text-align: center;\">43<\/td>\n<td style=\"text-align: center;\">282<\/td>\n<\/tr>\n<tr>\n<td style=\"text-align: center;\">45<\/td>\n<td style=\"text-align: center;\">11<\/td>\n<td style=\"text-align: center;\">10<\/td>\n<td style=\"text-align: center;\">44<\/td>\n<td style=\"text-align: center;\">288<\/td>\n<\/tr>\n<tr>\n<td style=\"text-align: center;\">46<\/td>\n<td style=\"text-align: center;\">12<\/td>\n<td style=\"text-align: center;\">11<\/td>\n<td style=\"text-align: center;\">45<\/td>\n<td style=\"text-align: center;\">295<\/td>\n<\/tr>\n<tr>\n<td style=\"text-align: center;\">47<\/td>\n<td style=\"text-align: center;\">13<\/td>\n<td style=\"text-align: center;\">12<\/td>\n<td style=\"text-align: center;\">46<\/td>\n<td style=\"text-align: center;\">302<\/td>\n<\/tr>\n<tr>\n<td style=\"text-align: center;\">48<\/td>\n<td style=\"text-align: center;\">14<\/td>\n<td style=\"text-align: center;\">13<\/td>\n<td style=\"text-align: center;\">47<\/td>\n<td style=\"text-align: center;\">308<\/td>\n<\/tr>\n<\/tbody>\n<\/table>\n<p>&nbsp;<\/p>\n","protected":false},"excerpt":{"rendered":"<p>La premi\u00e8re chaussure de pickleball qui am\u00e9liore vos performances tout en pr\u00e9servant votre sant\u00e9, cliniquement prouv\u00e9e et certifi\u00e9e dans les laboratoires de podologie. D\u00e9couvrez le mod\u00e8le de pickleball LUX Nexo Black\/Lava Red Lava, o\u00f9 la combinaison parfaite des couleurs noir et rouge apporte un style unique et moderne. Pr\u00e9parez-vous \u00e0 r\u00e9volutionner votre jeu avec les [&hellip;]<\/p>\n","protected":false},"featured_media":114425,"comment_status":"open","ping_status":"closed","template":"","meta":[],"product_cat":[935],"product_tag":[],"_links":{"self":[{"href":"https:\/\/www.sport4club.be\/index.php\/wp-json\/wp\/v2\/product\/114424"}],"collection":[{"href":"https:\/\/www.sport4club.be\/index.php\/wp-json\/wp\/v2\/product"}],"about":[{"href":"https:\/\/www.sport4club.be\/index.php\/wp-json\/wp\/v2\/types\/product"}],"replies":[{"embeddable":true,"href":"https:\/\/www.sport4club.be\/index.php\/wp-json\/wp\/v2\/comments?post=114424"}],"wp:featuredmedia":[{"embeddable":true,"href":"https:\/\/www.sport4club.be\/index.php\/wp-json\/wp\/v2\/media\/114425"}],"wp:attachment":[{"href":"https:\/\/www.sport4club.be\/index.php\/wp-json\/wp\/v2\/media?parent=114424"}],"wp:term":[{"taxonomy":"product_cat","embeddable":true,"href":"https:\/\/www.sport4club.be\/index.php\/wp-json\/wp\/v2\/product_cat?post=114424"},{"taxonomy":"product_tag","embeddable":true,"href":"https:\/\/www.sport4club.be\/index.php\/wp-json\/wp\/v2\/product_tag?post=114424"}],"curies":[{"name":"wp","href":"https:\/\/api.w.org\/{rel}","templated":true}]}}