{"id":114147,"date":"2024-10-10T18:15:22","date_gmt":"2024-10-10T16:15:22","guid":{"rendered":"https:\/\/www.sport4club.be\/?post_type=product&#038;p=114147"},"modified":"2026-01-24T14:51:59","modified_gmt":"2026-01-24T13:51:59","slug":"nox-padel-bag-at10-team-grey-orange","status":"publish","type":"product","link":"https:\/\/www.sport4club.be\/index.php\/product\/nox-padel-bag-at10-team-grey-orange\/","title":{"rendered":"Nox Padel Bag AT10 Team Grey\/Orange"},"content":{"rendered":"<p>D\u00e9couvrez la nouvelle collection de sacs de padel TEAM de haute qualit\u00e9 avec un tout nouveau design. En couleur gris\/orange.<\/p>\n<p>Le mod\u00e8le AT10 a \u00e9t\u00e9 sp\u00e9cialement con\u00e7u pour l&#8217;un des joueurs vedettes du Premier Padel : le Mozart de Catamarca, Agustin Tapia.<\/p>\n<p>Le sac de padel Team est con\u00e7u pour que vous puissiez emporter tout ce dont vous avez besoin lors de vos matchs et tournois avec le plus grand style.<\/p>\n<p>&nbsp;<\/p>\n<p><strong>CARACT\u00c9RISTIQUES :<\/strong><\/p>\n<ul>\n<li>Compartiment principal avec double fermeture \u00e9clair pour un acc\u00e8s facile \u00e0 l&#8217;int\u00e9rieur, pouvant contenir 3 raquettes de padel, des v\u00eatements, etc.<\/li>\n<li>Compartiment thermique (technologie NOX ThermoTech) pouvant contenir 2 battes de padel, des bouteilles, etc.<\/li>\n<li>Compartiments lat\u00e9raux avec poches distribu\u00e9es pour accessoires, t\u00e9l\u00e9phone portable, portefeuille, porte-cl\u00e9s, etc.<\/li>\n<li>Compartiment ventil\u00e9 pour les chaussures \u00e0 l&#8217;avant.<\/li>\n<li>Petit compartiment \u00e0 l&#8217;arri\u00e8re.<\/li>\n<li>Sac \u00e0 linge.<\/li>\n<li>Fonction sac \u00e0 dos avec poign\u00e9es amovibles.<\/li>\n<li>Poign\u00e9e principale ergonomique. Base rigide.<\/li>\n<\/ul>\n<p>&nbsp;<\/p>\n<p><strong>Dimensions :\u00a0<\/strong>600 x 300 x 270 mm<\/p>\n<p><strong>Capacit\u00e9<\/strong>: 42 litres.<\/p>\n","protected":false},"excerpt":{"rendered":"<p>D\u00e9couvrez la nouvelle collection de sacs de padel TEAM de haute qualit\u00e9 avec un tout nouveau design. En couleur gris\/orange. Le mod\u00e8le AT10 a \u00e9t\u00e9 sp\u00e9cialement con\u00e7u pour l&#8217;un des joueurs vedettes du Premier Padel : le Mozart de Catamarca, Agustin Tapia. Le sac de padel Team est con\u00e7u pour que vous puissiez emporter tout [&hellip;]<\/p>\n","protected":false},"featured_media":114148,"comment_status":"open","ping_status":"closed","template":"","meta":[],"product_cat":[786,89],"product_tag":[],"_links":{"self":[{"href":"https:\/\/www.sport4club.be\/index.php\/wp-json\/wp\/v2\/product\/114147"}],"collection":[{"href":"https:\/\/www.sport4club.be\/index.php\/wp-json\/wp\/v2\/product"}],"about":[{"href":"https:\/\/www.sport4club.be\/index.php\/wp-json\/wp\/v2\/types\/product"}],"replies":[{"embeddable":true,"href":"https:\/\/www.sport4club.be\/index.php\/wp-json\/wp\/v2\/comments?post=114147"}],"wp:featuredmedia":[{"embeddable":true,"href":"https:\/\/www.sport4club.be\/index.php\/wp-json\/wp\/v2\/media\/114148"}],"wp:attachment":[{"href":"https:\/\/www.sport4club.be\/index.php\/wp-json\/wp\/v2\/media?parent=114147"}],"wp:term":[{"taxonomy":"product_cat","embeddable":true,"href":"https:\/\/www.sport4club.be\/index.php\/wp-json\/wp\/v2\/product_cat?post=114147"},{"taxonomy":"product_tag","embeddable":true,"href":"https:\/\/www.sport4club.be\/index.php\/wp-json\/wp\/v2\/product_tag?post=114147"}],"curies":[{"name":"wp","href":"https:\/\/api.w.org\/{rel}","templated":true}]}}