{"id":114131,"date":"2024-10-10T17:56:40","date_gmt":"2024-10-10T15:56:40","guid":{"rendered":"https:\/\/www.sport4club.be\/?post_type=product&#038;p=114131"},"modified":"2026-01-24T14:48:44","modified_gmt":"2026-01-24T13:48:44","slug":"nox-backpack-pro-series-white","status":"publish","type":"product","link":"https:\/\/www.sport4club.be\/index.php\/product\/nox-backpack-pro-series-white\/","title":{"rendered":"Nox Backpack Pro Series White"},"content":{"rendered":"<div class=\"not-in-quickbuy\">\n<div class=\"product-description spaced-text-row rte cf\">\n<p>Sac \u00e0 dos de haute qualit\u00e9 avec une\u00a0<strong>grande capacit\u00e9 de<\/strong>\u00a0stockage. Le sac \u00e0 dos PRO est con\u00e7u pour transporter tout ce dont vous avez besoin pour vos matchs et tournois dans le style classique de NOX. En\u00a0<strong>blanc.<\/strong><\/p>\n<h2><strong>Caract\u00e9ristiques<\/strong><\/h2>\n<ul>\n<li>Compartiment principal #1 pour la raquette ou l&#8217;ordinateur.<\/li>\n<li>Il est dot\u00e9 d&#8217;une doublure rembourr\u00e9e pour une protection maximale.<\/li>\n<li>Compartiment principal n\u00b02 pour la raquette, l&#8217;\u00e9quipement et les accessoires.<\/li>\n<li>Compartiment lat\u00e9ral s\u00e9par\u00e9 pour les chaussures avec syst\u00e8me de ventilation.<\/li>\n<li>Poche frontale pour les accessoires, le portefeuille, le t\u00e9l\u00e9phone portable, etc.<\/li>\n<li>Petite poche lat\u00e9rale pour les cl\u00e9s, la carte de club, la bouteille, etc.<\/li>\n<li>Dos et bretelles ergonomiques rembourr\u00e9s avec textile optimisant la prise en main et la circulation de l&#8217;air.<\/li>\n<\/ul>\n<p>D<strong>imensions<\/strong>: 450 x 300 x 230 mm<\/p>\n<p><strong>Capacit\u00e9<\/strong>: 28 litres<\/p>\n<\/div>\n<\/div>\n<div class=\"lightly-spaced-row not-in-quickbuy\">\n<div class=\"product-info-block with-icon\"><\/div>\n<\/div>\n","protected":false},"excerpt":{"rendered":"<p>Sac \u00e0 dos de haute qualit\u00e9 avec une\u00a0grande capacit\u00e9 de\u00a0stockage. Le sac \u00e0 dos PRO est con\u00e7u pour transporter tout ce dont vous avez besoin pour vos matchs et tournois dans le style classique de NOX. En\u00a0blanc. Caract\u00e9ristiques Compartiment principal #1 pour la raquette ou l&#8217;ordinateur. Il est dot\u00e9 d&#8217;une doublure rembourr\u00e9e pour une protection [&hellip;]<\/p>\n","protected":false},"featured_media":114132,"comment_status":"open","ping_status":"closed","template":"","meta":[],"product_cat":[786,89],"product_tag":[],"_links":{"self":[{"href":"https:\/\/www.sport4club.be\/index.php\/wp-json\/wp\/v2\/product\/114131"}],"collection":[{"href":"https:\/\/www.sport4club.be\/index.php\/wp-json\/wp\/v2\/product"}],"about":[{"href":"https:\/\/www.sport4club.be\/index.php\/wp-json\/wp\/v2\/types\/product"}],"replies":[{"embeddable":true,"href":"https:\/\/www.sport4club.be\/index.php\/wp-json\/wp\/v2\/comments?post=114131"}],"wp:featuredmedia":[{"embeddable":true,"href":"https:\/\/www.sport4club.be\/index.php\/wp-json\/wp\/v2\/media\/114132"}],"wp:attachment":[{"href":"https:\/\/www.sport4club.be\/index.php\/wp-json\/wp\/v2\/media?parent=114131"}],"wp:term":[{"taxonomy":"product_cat","embeddable":true,"href":"https:\/\/www.sport4club.be\/index.php\/wp-json\/wp\/v2\/product_cat?post=114131"},{"taxonomy":"product_tag","embeddable":true,"href":"https:\/\/www.sport4club.be\/index.php\/wp-json\/wp\/v2\/product_tag?post=114131"}],"curies":[{"name":"wp","href":"https:\/\/api.w.org\/{rel}","templated":true}]}}