{"id":114114,"date":"2024-10-10T15:28:01","date_gmt":"2024-10-10T13:28:01","guid":{"rendered":"https:\/\/www.sport4club.be\/?post_type=product&#038;p=114114"},"modified":"2026-01-07T18:39:04","modified_gmt":"2026-01-07T17:39:04","slug":"nox-backpack-luxury-open-series-black-red","status":"publish","type":"product","link":"https:\/\/www.sport4club.be\/index.php\/product\/nox-backpack-luxury-open-series-black-red\/","title":{"rendered":"Nox Backpack Luxury Open Series Black\/Red"},"content":{"rendered":"<p>D\u00e9couvrez la nouvelle collection de sacs \u00e0 dos LUXE fabriqu\u00e9s avec les meilleurs textiles et mat\u00e9riaux techniques pour r\u00e9duire le poids et augmenter la r\u00e9sistance. Vous avez le choix entre les deux nouveaux mod\u00e8les Noir\/Marron et Noir\/Rouge.<\/p>\n<h3>NOX Sports-Casual Sac \u00e0 dos<\/h3>\n<p>Con\u00e7u avec des textiles et des mat\u00e9riaux techniques de pointe, notre sac \u00e0 dos r\u00e9duit la sensation de poids et augmente la r\u00e9sistance, offrant une exp\u00e9rience d&#8217;utilisation confortable et durable. Avec un design \u00e9l\u00e9gant, spacieux pour 2 raquettes de paddle-tennis et des mat\u00e9riaux de haute qualit\u00e9, c&#8217;est le choix parfait pour ceux qui recherchent style et fonctionnalit\u00e9 dans un sac \u00e0 dos polyvalent.<\/p>\n<h3><strong>Combinaison id\u00e9ale : sac \u00e0 dos pour le quotidien et l&#8217;entra\u00eenement<\/strong><\/h3>\n<p>La fusion parfaite entre sac \u00e0 dos de sport et d\u00e9contract\u00e9, id\u00e9al pour transporter toutes vos affaires aussi bien dans votre routine quotidienne que lors de vos entra\u00eenements et matchs. Avec plusieurs compartiments et une structure robuste, ce sac \u00e0 dos vous permet de transporter tout ce dont vous avez besoin de mani\u00e8re organis\u00e9e et \u00e9l\u00e9gante.<\/p>\n<h4><strong>CARACT\u00c9RISTIQUES:\u00a0<\/strong><\/h4>\n<ul>\n<li>Compartiment principal 1 pour raquette ou ordinateur.<\/li>\n<li>Compartiment principal 2 pour raquette, \u00e9quipement, tube de balles et accessoires.<\/li>\n<li>Compartiment ind\u00e9pendant sur le devant pour chaussures avec syst\u00e8me de ventilation.<\/li>\n<li>Compartiments avant pour t\u00e9l\u00e9phone portable, lunettes, portefeuille, etc.<\/li>\n<li>Compartiment lat\u00e9ral pour cl\u00e9s, carte club, bouteille, etc.<\/li>\n<li>Bretelles et dos ergonomiques rembourr\u00e9s en textile optimisant l&#8217;adh\u00e9rence et la circulation de l&#8217;air.<\/li>\n<\/ul>\n<h4><strong>Dimensions :<\/strong>\u00a0500 x 330 x 200 mm<\/h4>\n<h4><strong>Capacit\u00e9 :<\/strong>\u00a030 litres.<\/h4>\n","protected":false},"excerpt":{"rendered":"<p>D\u00e9couvrez la nouvelle collection de sacs \u00e0 dos LUXE fabriqu\u00e9s avec les meilleurs textiles et mat\u00e9riaux techniques pour r\u00e9duire le poids et augmenter la r\u00e9sistance. Vous avez le choix entre les deux nouveaux mod\u00e8les Noir\/Marron et Noir\/Rouge. NOX Sports-Casual Sac \u00e0 dos Con\u00e7u avec des textiles et des mat\u00e9riaux techniques de pointe, notre sac \u00e0 [&hellip;]<\/p>\n","protected":false},"featured_media":114115,"comment_status":"open","ping_status":"closed","template":"","meta":[],"product_cat":[786,89],"product_tag":[],"_links":{"self":[{"href":"https:\/\/www.sport4club.be\/index.php\/wp-json\/wp\/v2\/product\/114114"}],"collection":[{"href":"https:\/\/www.sport4club.be\/index.php\/wp-json\/wp\/v2\/product"}],"about":[{"href":"https:\/\/www.sport4club.be\/index.php\/wp-json\/wp\/v2\/types\/product"}],"replies":[{"embeddable":true,"href":"https:\/\/www.sport4club.be\/index.php\/wp-json\/wp\/v2\/comments?post=114114"}],"wp:featuredmedia":[{"embeddable":true,"href":"https:\/\/www.sport4club.be\/index.php\/wp-json\/wp\/v2\/media\/114115"}],"wp:attachment":[{"href":"https:\/\/www.sport4club.be\/index.php\/wp-json\/wp\/v2\/media?parent=114114"}],"wp:term":[{"taxonomy":"product_cat","embeddable":true,"href":"https:\/\/www.sport4club.be\/index.php\/wp-json\/wp\/v2\/product_cat?post=114114"},{"taxonomy":"product_tag","embeddable":true,"href":"https:\/\/www.sport4club.be\/index.php\/wp-json\/wp\/v2\/product_tag?post=114114"}],"curies":[{"name":"wp","href":"https:\/\/api.w.org\/{rel}","templated":true}]}}