{"id":114102,"date":"2024-10-10T15:17:25","date_gmt":"2024-10-10T13:17:25","guid":{"rendered":"https:\/\/www.sport4club.be\/?post_type=product&#038;p=114102"},"modified":"2026-01-24T13:56:52","modified_gmt":"2026-01-24T12:56:52","slug":"nox-padel-bag-luxury-open-series-black-red","status":"publish","type":"product","link":"https:\/\/www.sport4club.be\/index.php\/product\/nox-padel-bag-luxury-open-series-black-red\/","title":{"rendered":"Nox Padel Bag Luxury Open Series Black\/Red"},"content":{"rendered":"<div class=\"not-in-quickbuy\">\n<div class=\"product-description spaced-text-row rte cf\">\n<p>D\u00e9couvrez la nouvelle collection de sacs de padel LUXURY fabriqu\u00e9s avec les meilleurs textiles et mat\u00e9riaux techniques pour r\u00e9duire le poids et augmenter la r\u00e9sistance. En couleur noir\/rouge.<\/p>\n<p><strong>CARACT\u00c9RISTIQUES:<\/strong><\/p>\n<ul>\n<li>Compartiment principal avec ouverture lat\u00e9rale pouvant accueillir 3 raquettes de padel-tennis, v\u00eatements, etc.<\/li>\n<li>Compartiment thermique (technologie NOX ThermoTech) d&#8217;une capacit\u00e9 de 2 raquettes de padel-tennis, bouteilles et autres objets sensibles \u00e0 la temp\u00e9rature, assurant une protection contre la chaleur.<\/li>\n<li>Compartiments lat\u00e9raux avec poches distribu\u00e9es pour accessoires, t\u00e9l\u00e9phone portable, portefeuille, cl\u00e9s, etc.<\/li>\n<li>Compartiment a\u00e9r\u00e9 pour chaussures, permettant l&#8217;a\u00e9ration et \u00e9vitant les mauvaises odeurs.<\/li>\n<li>Poche au dos.<\/li>\n<li>Fonction sac \u00e0 dos avec possibilit\u00e9 de retirer les poign\u00e9es pour plus de confort et de polyvalence d&#8217;utilisation.<\/li>\n<li>Poign\u00e9e principale ergonomique. Base rigide avec protection suppl\u00e9mentaire contre les chocs et les surfaces in\u00e9gales.<\/li>\n<\/ul>\n<p><strong>Dimensions :<\/strong>\u00a0600 x 300 x 350 mm<\/p>\n<p><strong>Capacit\u00e9 :<\/strong>\u00a0\u00a060 litres<\/p>\n<\/div>\n<\/div>\n<div class=\"lightly-spaced-row not-in-quickbuy\">\n<div class=\"product-info-block with-icon\"><\/div>\n<\/div>\n","protected":false},"excerpt":{"rendered":"<p>D\u00e9couvrez la nouvelle collection de sacs de padel LUXURY fabriqu\u00e9s avec les meilleurs textiles et mat\u00e9riaux techniques pour r\u00e9duire le poids et augmenter la r\u00e9sistance. En couleur noir\/rouge. CARACT\u00c9RISTIQUES: Compartiment principal avec ouverture lat\u00e9rale pouvant accueillir 3 raquettes de padel-tennis, v\u00eatements, etc. Compartiment thermique (technologie NOX ThermoTech) d&#8217;une capacit\u00e9 de 2 raquettes de padel-tennis, bouteilles [&hellip;]<\/p>\n","protected":false},"featured_media":114103,"comment_status":"open","ping_status":"closed","template":"","meta":[],"product_cat":[786,89],"product_tag":[],"_links":{"self":[{"href":"https:\/\/www.sport4club.be\/index.php\/wp-json\/wp\/v2\/product\/114102"}],"collection":[{"href":"https:\/\/www.sport4club.be\/index.php\/wp-json\/wp\/v2\/product"}],"about":[{"href":"https:\/\/www.sport4club.be\/index.php\/wp-json\/wp\/v2\/types\/product"}],"replies":[{"embeddable":true,"href":"https:\/\/www.sport4club.be\/index.php\/wp-json\/wp\/v2\/comments?post=114102"}],"wp:featuredmedia":[{"embeddable":true,"href":"https:\/\/www.sport4club.be\/index.php\/wp-json\/wp\/v2\/media\/114103"}],"wp:attachment":[{"href":"https:\/\/www.sport4club.be\/index.php\/wp-json\/wp\/v2\/media?parent=114102"}],"wp:term":[{"taxonomy":"product_cat","embeddable":true,"href":"https:\/\/www.sport4club.be\/index.php\/wp-json\/wp\/v2\/product_cat?post=114102"},{"taxonomy":"product_tag","embeddable":true,"href":"https:\/\/www.sport4club.be\/index.php\/wp-json\/wp\/v2\/product_tag?post=114102"}],"curies":[{"name":"wp","href":"https:\/\/api.w.org\/{rel}","templated":true}]}}