{"id":114043,"date":"2024-09-29T14:38:47","date_gmt":"2024-09-29T12:38:47","guid":{"rendered":"https:\/\/www.sport4club.be\/?post_type=product&#038;p=114043"},"modified":"2026-01-02T08:07:59","modified_gmt":"2026-01-02T07:07:59","slug":"nox-equation-2025","status":"publish","type":"product","link":"https:\/\/www.sport4club.be\/index.php\/product\/nox-equation-2025\/","title":{"rendered":"Nox Equation 2025"},"content":{"rendered":"<p>La nouvelle\u00a0<strong>EQUATION Advanced<\/strong>\u00a0pour la saison 2025 combine maniabilit\u00e9, contr\u00f4le et pr\u00e9cision avec un excellent toucher et un large point doux, gr\u00e2ce \u00e0 la combinaison de la gomme utilis\u00e9e dans les raquettes professionnelles.<\/p>\n<h2>Fibre de verre 3K, noyau HR3 Black Eva<\/h2>\n<p>L&#8217;<strong>EQUATION Advanced<\/strong>\u00a0est une raquette avec un \u00e9quilibre moyen, un cadre en carbone et un\u00a0<b>syst\u00e8me anti-vibrations<\/b>\u00a0pour prot\u00e9ger les joueurs des blessures. La\u00a0<b>rugosit\u00e9\u00a0<\/b>de ses faces, obtenue gr\u00e2ce \u00e0 des feuilles transparentes 3D, aide les joueurs \u00e0 imprimer plus\u00a0<b>d&#8217;effets\u00a0<\/b>\u00e0 leurs coups.<\/p>\n<h2>Rempla\u00e7able, plus s\u00fbr<\/h2>\n<p>Elle inclut le syst\u00e8me de cordon de s\u00e9curit\u00e9 rempla\u00e7able\u00a0<strong>Smartstrap\u00ae<\/strong>. Plus hygi\u00e9nique, plus s\u00fbr et enti\u00e8rement personnalisable.<\/p>\n","protected":false},"excerpt":{"rendered":"<p>La nouvelle\u00a0EQUATION Advanced\u00a0pour la saison 2025 combine maniabilit\u00e9, contr\u00f4le et pr\u00e9cision avec un excellent toucher et un large point doux, gr\u00e2ce \u00e0 la combinaison de la gomme utilis\u00e9e dans les raquettes professionnelles. Fibre de verre 3K, noyau HR3 Black Eva L&#8217;EQUATION Advanced\u00a0est une raquette avec un \u00e9quilibre moyen, un cadre en carbone et un\u00a0syst\u00e8me anti-vibrations\u00a0pour [&hellip;]<\/p>\n","protected":false},"featured_media":114044,"comment_status":"open","ping_status":"closed","template":"","meta":[],"product_cat":[786,84],"product_tag":[],"_links":{"self":[{"href":"https:\/\/www.sport4club.be\/index.php\/wp-json\/wp\/v2\/product\/114043"}],"collection":[{"href":"https:\/\/www.sport4club.be\/index.php\/wp-json\/wp\/v2\/product"}],"about":[{"href":"https:\/\/www.sport4club.be\/index.php\/wp-json\/wp\/v2\/types\/product"}],"replies":[{"embeddable":true,"href":"https:\/\/www.sport4club.be\/index.php\/wp-json\/wp\/v2\/comments?post=114043"}],"wp:featuredmedia":[{"embeddable":true,"href":"https:\/\/www.sport4club.be\/index.php\/wp-json\/wp\/v2\/media\/114044"}],"wp:attachment":[{"href":"https:\/\/www.sport4club.be\/index.php\/wp-json\/wp\/v2\/media?parent=114043"}],"wp:term":[{"taxonomy":"product_cat","embeddable":true,"href":"https:\/\/www.sport4club.be\/index.php\/wp-json\/wp\/v2\/product_cat?post=114043"},{"taxonomy":"product_tag","embeddable":true,"href":"https:\/\/www.sport4club.be\/index.php\/wp-json\/wp\/v2\/product_tag?post=114043"}],"curies":[{"name":"wp","href":"https:\/\/api.w.org\/{rel}","templated":true}]}}