{"id":114030,"date":"2024-09-28T10:56:29","date_gmt":"2024-09-28T08:56:29","guid":{"rendered":"https:\/\/www.sport4club.be\/?post_type=product&#038;p=114030"},"modified":"2026-04-03T13:16:13","modified_gmt":"2026-04-03T11:16:13","slug":"nox-vk10-quantum-3k-2025","status":"publish","type":"product","link":"https:\/\/www.sport4club.be\/index.php\/product\/nox-vk10-quantum-3k-2025\/","title":{"rendered":"Nox VK10 Quantum 3K 2025"},"content":{"rendered":"<h2>\u00c9quilibre Parfait, Vitesse Imparable<\/h2>\n<p>Nous avons incorpor\u00e9 un\u00a0<b>capuchon octogonal,<\/b>\u00a0con\u00e7u pour am\u00e9liorer la prise, quel que soit le type d&#8217;emprise que vous utilisez. De plus, elle int\u00e8gre la nouvelle technologie\u00a0<strong>Photochromic Paint<\/strong>, une peinture r\u00e9active dans le c\u0153ur de la raquette qui se synchronise avec la couleur de la gomme, offrant une esth\u00e9tique harmonieuse et frappante. La technologie\u00a0<strong>EOS Flap<\/strong>\u00a0a \u00e9t\u00e9 maintenue pour optimiser la maniabilit\u00e9 de la raquette et redistribuer le poids efficacement, cr\u00e9ant une raquette rapide et redoutable sur le court.<\/p>\n<h2>Carbone 3K et noyau HR3<\/h2>\n<p>La nouvelle\u00a0<strong>VK10 Quantum 3K<\/strong>\u00a0partage avec sa s\u0153ur\u00a0<strong>ML10 Quantum 3K<\/strong>\u00a0la\u00a0<b>fibre de carbone 3K<\/b>\u00a0et la l\u00e9gendaire gomme\u00a0<strong>HR3<\/strong>\u00a0de NOX, avec l&#8217;ajout du changement de couleur de l&#8217;Eva. Une raquette &#8220;plug and play&#8221; facile \u00e0 adapter, avec un toucher interm\u00e9diaire typique des raquettes NOX, et dans une gamme de poids comprise entre\u00a0<b>350 et 365 grammes.<\/b><\/p>\n<h2>Moins de Vibrations, Meilleure Prise<\/h2>\n<p>La technologie\u00a0<strong>NOX Custom Grip\u00ae<\/strong>\u00a0(certifi\u00e9e par Testea Padel) et le\u00a0<strong>Pulse System<\/strong>\u00a0contribuent \u00e0 absorber les vibrations atteignant la main, r\u00e9duisant ainsi la fatigue articulaire. Le syst\u00e8me pionnier de cordon de s\u00e9curit\u00e9 rempla\u00e7able\u00a0<strong>Smartstrap\u00ae<\/strong>\u00a0est \u00e9galement inclus. Plus hygi\u00e9nique, plus s\u00fbr et enti\u00e8rement personnalisable.<\/p>\n<p>&nbsp;<\/p>\n","protected":false},"excerpt":{"rendered":"<p>\u00c9quilibre Parfait, Vitesse Imparable Nous avons incorpor\u00e9 un\u00a0capuchon octogonal,\u00a0con\u00e7u pour am\u00e9liorer la prise, quel que soit le type d&#8217;emprise que vous utilisez. De plus, elle int\u00e8gre la nouvelle technologie\u00a0Photochromic Paint, une peinture r\u00e9active dans le c\u0153ur de la raquette qui se synchronise avec la couleur de la gomme, offrant une esth\u00e9tique harmonieuse et frappante. La [&hellip;]<\/p>\n","protected":false},"featured_media":114031,"comment_status":"open","ping_status":"closed","template":"","meta":[],"product_cat":[786,84],"product_tag":[],"_links":{"self":[{"href":"https:\/\/www.sport4club.be\/index.php\/wp-json\/wp\/v2\/product\/114030"}],"collection":[{"href":"https:\/\/www.sport4club.be\/index.php\/wp-json\/wp\/v2\/product"}],"about":[{"href":"https:\/\/www.sport4club.be\/index.php\/wp-json\/wp\/v2\/types\/product"}],"replies":[{"embeddable":true,"href":"https:\/\/www.sport4club.be\/index.php\/wp-json\/wp\/v2\/comments?post=114030"}],"wp:featuredmedia":[{"embeddable":true,"href":"https:\/\/www.sport4club.be\/index.php\/wp-json\/wp\/v2\/media\/114031"}],"wp:attachment":[{"href":"https:\/\/www.sport4club.be\/index.php\/wp-json\/wp\/v2\/media?parent=114030"}],"wp:term":[{"taxonomy":"product_cat","embeddable":true,"href":"https:\/\/www.sport4club.be\/index.php\/wp-json\/wp\/v2\/product_cat?post=114030"},{"taxonomy":"product_tag","embeddable":true,"href":"https:\/\/www.sport4club.be\/index.php\/wp-json\/wp\/v2\/product_tag?post=114030"}],"curies":[{"name":"wp","href":"https:\/\/api.w.org\/{rel}","templated":true}]}}