{"id":114014,"date":"2024-09-28T10:32:07","date_gmt":"2024-09-28T08:32:07","guid":{"rendered":"https:\/\/www.sport4club.be\/?post_type=product&#038;p=114014"},"modified":"2025-11-29T09:38:54","modified_gmt":"2025-11-29T08:38:54","slug":"nox-tl10-quantum-12k-2025","status":"publish","type":"product","link":"https:\/\/www.sport4club.be\/index.php\/product\/nox-tl10-quantum-12k-2025\/","title":{"rendered":"Nox TL10 Quantum 12K 2025"},"content":{"rendered":"<p>La nouvelle raquette de\u00a0<strong>Tino Libaak<\/strong>\u00a0pour la saison 2025 pr\u00e9sente un moule enti\u00e8rement redessin\u00e9, des\u00a0<b>mat\u00e9riaux de derni\u00e8re g\u00e9n\u00e9ration<\/b>\u00a0et des technologies innovantes comme la\u00a0<strong>Photochromic Paint<\/strong>, une\u00a0<b>peinture r\u00e9active<\/b>\u00a0situ\u00e9e dans le c\u0153ur de la raquette qui se synchronise avec la couleur de la gomme, offrant ainsi une esth\u00e9tique harmonieuse et frappante. Cette raquette, au\u00a0<b>format hybride<\/b>, est con\u00e7ue pour tous les joueurs cherchant un \u00e9quilibre parfait entre\u00a0<b>contr\u00f4le en d\u00e9fense<\/b>\u00a0et\u00a0<b>agressivit\u00e9 en attaque.<\/b><\/p>\n<h2>\u00c9quilibre Parfait, Vitesse Imparable<\/h2>\n<p>Les<b>\u00a0ar\u00eates du cadre<\/b>\u00a0ont \u00e9t\u00e9 profil\u00e9es pour augmenter l&#8217;a\u00e9rodynamisme, le manche a \u00e9t\u00e9 allong\u00e9 pour faciliter la prise en main, mais ce qui ressort le plus est l&#8217;incorporation de la technologie\u00a0<strong>EOS Flap<\/strong>, des perforations lat\u00e9rales con\u00e7ues pour am\u00e9liorer la\u00a0<b>maniabilit\u00e9\u00a0<\/b>de la raquette et redistribuer les poids, vous offrant une raquette rapide et redoutable.<\/p>\n<h2>Carbone 12K, noyau HR3<\/h2>\n<p>La nouvelle\u00a0<strong>TL10 Quantum 12K<\/strong>\u00a0combine de la<b>\u00a0fibre de carbone 12<\/b>K et un noyau\u00a0<strong>HR3 Color Eva<\/strong>, offrant une sensation de frappe exceptionnellement confortable, avec un toucher interm\u00e9diaire tr\u00e8s familier pour les joueurs adeptes de nos raquettes. Elle int\u00e8gre la technologie\u00a0<strong>EXCLUSIVE SPIN<\/strong>, avec une double finition rugueuse : hexagonale 3D au centre et texture sabl\u00e9e sur le reste. Cette combinaison am\u00e9liore le contr\u00f4le et permet d\u2019ajouter plus d\u2019effets \u00e0 la balle.<\/p>\n<p><b><\/b><strong>Moins de Vibrations, Meilleure Prise<\/strong><br \/>\nLa technologie\u00a0<b>NOX Custom Grip\u00ae<\/b>\u00a0(certifi\u00e9e par Testea Padel) et le\u00a0<b>Pulse System<\/b>\u00a0contribuent \u00e0 l&#8217;absorption des vibrations atteignant la main, r\u00e9duisant ainsi la fatigue articulaire. Le syst\u00e8me pionnier de cordon de s\u00e9curit\u00e9 rempla\u00e7able\u00a0<b>Smartstrap\u00ae\u00a0<\/b>est \u00e9galement inclus. Plus hygi\u00e9nique, plus s\u00fbr et enti\u00e8rement personnalisable.<\/p>\n","protected":false},"excerpt":{"rendered":"<p>La nouvelle raquette de\u00a0Tino Libaak\u00a0pour la saison 2025 pr\u00e9sente un moule enti\u00e8rement redessin\u00e9, des\u00a0mat\u00e9riaux de derni\u00e8re g\u00e9n\u00e9ration\u00a0et des technologies innovantes comme la\u00a0Photochromic Paint, une\u00a0peinture r\u00e9active\u00a0situ\u00e9e dans le c\u0153ur de la raquette qui se synchronise avec la couleur de la gomme, offrant ainsi une esth\u00e9tique harmonieuse et frappante. Cette raquette, au\u00a0format hybride, est con\u00e7ue pour tous [&hellip;]<\/p>\n","protected":false},"featured_media":114015,"comment_status":"open","ping_status":"closed","template":"","meta":[],"product_cat":[786,84],"product_tag":[],"_links":{"self":[{"href":"https:\/\/www.sport4club.be\/index.php\/wp-json\/wp\/v2\/product\/114014"}],"collection":[{"href":"https:\/\/www.sport4club.be\/index.php\/wp-json\/wp\/v2\/product"}],"about":[{"href":"https:\/\/www.sport4club.be\/index.php\/wp-json\/wp\/v2\/types\/product"}],"replies":[{"embeddable":true,"href":"https:\/\/www.sport4club.be\/index.php\/wp-json\/wp\/v2\/comments?post=114014"}],"wp:featuredmedia":[{"embeddable":true,"href":"https:\/\/www.sport4club.be\/index.php\/wp-json\/wp\/v2\/media\/114015"}],"wp:attachment":[{"href":"https:\/\/www.sport4club.be\/index.php\/wp-json\/wp\/v2\/media?parent=114014"}],"wp:term":[{"taxonomy":"product_cat","embeddable":true,"href":"https:\/\/www.sport4club.be\/index.php\/wp-json\/wp\/v2\/product_cat?post=114014"},{"taxonomy":"product_tag","embeddable":true,"href":"https:\/\/www.sport4club.be\/index.php\/wp-json\/wp\/v2\/product_tag?post=114014"}],"curies":[{"name":"wp","href":"https:\/\/api.w.org\/{rel}","templated":true}]}}