{"id":113883,"date":"2024-08-21T14:35:10","date_gmt":"2024-08-21T12:35:10","guid":{"rendered":"https:\/\/www.sport4club.be\/?post_type=product&#038;p=113883"},"modified":"2025-12-19T16:12:05","modified_gmt":"2025-12-19T15:12:05","slug":"head-padel-team-24x3balles","status":"publish","type":"product","link":"https:\/\/www.sport4club.be\/index.php\/product\/head-padel-team-24x3balles\/","title":{"rendered":"Head Padel Team 24x3balles"},"content":{"rendered":"<div id=\"description\" class=\"collapse show\" aria-labelledby=\"heading-description\">\n<div class=\"product-description mb-4\">\n<p>La balle de Padel Head Team est d\u00e9velopp\u00e9e sp\u00e9cifiquement pour le Padel.<\/p>\n<p>Son feutre est r\u00e9sistant et son int\u00e9rieur dot\u00e9 d&#8217;un noyau en caoutchouc pressuris\u00e9. Le niveau de contr\u00f4le qu&#8217;elle fournit conviendra \u00e0 des joueurs r\u00e9guliers.<\/p>\n<\/div>\n<\/div>\n<div id=\"heading-extra\" class=\"product-details-title d-flex justify-content-between align-items-center pointer mb-3\" data-toggle=\"collapse\" data-target=\"#extra-0\" aria-expanded=\"true\" aria-controls=\"extra-0\"><\/div>\n","protected":false},"excerpt":{"rendered":"<p>La balle de Padel Head Team est d\u00e9velopp\u00e9e sp\u00e9cifiquement pour le Padel. Son feutre est r\u00e9sistant et son int\u00e9rieur dot\u00e9 d&#8217;un noyau en caoutchouc pressuris\u00e9. Le niveau de contr\u00f4le qu&#8217;elle fournit conviendra \u00e0 des joueurs r\u00e9guliers.<\/p>\n","protected":false},"featured_media":113884,"comment_status":"open","ping_status":"closed","template":"","meta":[],"product_cat":[88],"product_tag":[],"_links":{"self":[{"href":"https:\/\/www.sport4club.be\/index.php\/wp-json\/wp\/v2\/product\/113883"}],"collection":[{"href":"https:\/\/www.sport4club.be\/index.php\/wp-json\/wp\/v2\/product"}],"about":[{"href":"https:\/\/www.sport4club.be\/index.php\/wp-json\/wp\/v2\/types\/product"}],"replies":[{"embeddable":true,"href":"https:\/\/www.sport4club.be\/index.php\/wp-json\/wp\/v2\/comments?post=113883"}],"wp:featuredmedia":[{"embeddable":true,"href":"https:\/\/www.sport4club.be\/index.php\/wp-json\/wp\/v2\/media\/113884"}],"wp:attachment":[{"href":"https:\/\/www.sport4club.be\/index.php\/wp-json\/wp\/v2\/media?parent=113883"}],"wp:term":[{"taxonomy":"product_cat","embeddable":true,"href":"https:\/\/www.sport4club.be\/index.php\/wp-json\/wp\/v2\/product_cat?post=113883"},{"taxonomy":"product_tag","embeddable":true,"href":"https:\/\/www.sport4club.be\/index.php\/wp-json\/wp\/v2\/product_tag?post=113883"}],"curies":[{"name":"wp","href":"https:\/\/api.w.org\/{rel}","templated":true}]}}