{"id":113877,"date":"2024-08-21T14:19:09","date_gmt":"2024-08-21T12:19:09","guid":{"rendered":"https:\/\/www.sport4club.be\/?post_type=product&#038;p=113877"},"modified":"2024-08-21T14:19:44","modified_gmt":"2024-08-21T12:19:44","slug":"fila-premium-pro-padel-x3balles-2","status":"publish","type":"product","link":"https:\/\/www.sport4club.be\/index.php\/product\/fila-premium-pro-padel-x3balles-2\/","title":{"rendered":"Fila Premium Pro Padel x3balles"},"content":{"rendered":"<p>Les\u00a0balles de padel Fila Premium Pro\u00a0sont con\u00e7ues pour r\u00e9pondre aux besoins des joueurs les plus exigeants en termes de contr\u00f4le et de durabilit\u00e9. Avec leur feutre de haute qualit\u00e9 et leur vivacit\u00e9 moyenne, ces balles offrent une exp\u00e9rience de jeu exceptionnelle, que ce soit pour les matchs de comp\u00e9tition ou les s\u00e9ances d&#8217;entra\u00eenement.<\/p>\n<p>Ces balles sont fabriqu\u00e9es avec un feutre de haute qualit\u00e9, ce qui les rend tr\u00e8s durables et r\u00e9sistantes \u00e0 l&#8217;usure. Elles offrent \u00e9galement un niveau de\u00a0contr\u00f4le \u00e9lev\u00e9, ce qui les rend id\u00e9ales pour les joueurs de tous niveaux qui cherchent \u00e0 am\u00e9liorer leur jeu avec une balle facile \u00e0 contr\u00f4ler.<\/p>\n<p>Avec leur vivacit\u00e9 moyenne, les Premium Pro sont parfaites pour les joueurs de tous niveaux qui cherchent \u00e0 jouer avec une balle qui offre un \u00e9quilibre parfait entre contr\u00f4le et vitesse. Leur\u00a0rebond r\u00e9gulier et homog\u00e8ne\u00a0permet des \u00e9changes fluides et rapides, tout en am\u00e9liorant les sensations de jeu.<\/p>\n<p>Si vous \u00eates \u00e0 la recherche d&#8217;une balle de padel de qualit\u00e9 sup\u00e9rieure offrant contr\u00f4le, durabilit\u00e9 et vivacit\u00e9 moyenne, ce tube de 3 balles est fait pour vous. Avec leur feutre de haute qualit\u00e9, leur tube pratique et leur pressurisation, ces balles vous offriront une exp\u00e9rience de jeu exceptionnelle et vous permettront de progresser \u00e0 chaque s\u00e9ance d&#8217;entra\u00eenement ou de briller lors des matchs de comp\u00e9tition.<\/p>\n","protected":false},"excerpt":{"rendered":"<p>Les\u00a0balles de padel Fila Premium Pro\u00a0sont con\u00e7ues pour r\u00e9pondre aux besoins des joueurs les plus exigeants en termes de contr\u00f4le et de durabilit\u00e9. Avec leur feutre de haute qualit\u00e9 et leur vivacit\u00e9 moyenne, ces balles offrent une exp\u00e9rience de jeu exceptionnelle, que ce soit pour les matchs de comp\u00e9tition ou les s\u00e9ances d&#8217;entra\u00eenement. Ces balles [&hellip;]<\/p>\n","protected":false},"featured_media":113878,"comment_status":"open","ping_status":"closed","template":"","meta":[],"product_cat":[88],"product_tag":[],"_links":{"self":[{"href":"https:\/\/www.sport4club.be\/index.php\/wp-json\/wp\/v2\/product\/113877"}],"collection":[{"href":"https:\/\/www.sport4club.be\/index.php\/wp-json\/wp\/v2\/product"}],"about":[{"href":"https:\/\/www.sport4club.be\/index.php\/wp-json\/wp\/v2\/types\/product"}],"replies":[{"embeddable":true,"href":"https:\/\/www.sport4club.be\/index.php\/wp-json\/wp\/v2\/comments?post=113877"}],"wp:featuredmedia":[{"embeddable":true,"href":"https:\/\/www.sport4club.be\/index.php\/wp-json\/wp\/v2\/media\/113878"}],"wp:attachment":[{"href":"https:\/\/www.sport4club.be\/index.php\/wp-json\/wp\/v2\/media?parent=113877"}],"wp:term":[{"taxonomy":"product_cat","embeddable":true,"href":"https:\/\/www.sport4club.be\/index.php\/wp-json\/wp\/v2\/product_cat?post=113877"},{"taxonomy":"product_tag","embeddable":true,"href":"https:\/\/www.sport4club.be\/index.php\/wp-json\/wp\/v2\/product_tag?post=113877"}],"curies":[{"name":"wp","href":"https:\/\/api.w.org\/{rel}","templated":true}]}}