{"id":113858,"date":"2024-08-21T10:07:49","date_gmt":"2024-08-21T08:07:49","guid":{"rendered":"https:\/\/www.sport4club.be\/?post_type=product&#038;p=113858"},"modified":"2024-08-21T10:09:00","modified_gmt":"2024-08-21T08:09:00","slug":"bullpadel-pascal-box-4-balles","status":"publish","type":"product","link":"https:\/\/www.sport4club.be\/index.php\/product\/bullpadel-pascal-box-4-balles\/","title":{"rendered":"Bullpadel Pascal Box 4 balles"},"content":{"rendered":"<p>Vous \u00eates fatigu\u00e9s de jeter des balles qui manquent de pression alors que le feutre est encore en bon \u00e9tat ? Ou vous \u00eates un comp\u00e9titeur exigeant et souhaitez toujours jouer avec la pression de balle r\u00e9glementaire ?<\/p>\n<p>Alors la\u00a0Pascal box de Bullpadel\u00a0est faite pour vous ! Ce\u00a0syst\u00e8me compact et complet\u00a0va vous permettre de\u00a0maintenir \u00e0 la bonne pression\u00a04 balles de padel ou de tennis.<\/p>\n<p>D\u00e8s lors que l&#8217;on sort les balles de leur tube d&#8217;origine, celles-ci vont perdre en pression jour apr\u00e8s jour. En effet, leur rebond et vitesse sera d\u00e9j\u00e0 plus faible d\u00e8s la 2e utilisation. Ce tube innovant va donc vous permettre de\u00a0maintenir les balles \u00e0 la pression homologu\u00e9e\u00a0et de conserver de bonnes sensations de jeu plus longtemps.<\/p>\n<p>Ce tube offre plusieurs avantages, tout d&#8217;abord il va vous permettre de ne vous\u00a0entra\u00eener qu&#8217;avec des balles \u00e0 pression r\u00e9glementaire, de\u00a0r\u00e9duire les blessures\u00a0suite \u00e0 un effort d\u00e9multipli\u00e9 caus\u00e9 par un mauvais rebond. Ensuite, la Pascal Box va vous faire\u00a0\u00e9conomiser de l&#8217;argent\u00a0en achetant moins souvent des tubes de balles, mais aussi de\u00a0r\u00e9duire votre empreinte carbone\u00a0en conservant vos balles plus longtemps.<\/p>\n<p>L&#8217;utilisation de ce pressuriseur de balles est tr\u00e8s simple et rapide. Il suffit de :<\/p>\n<ul>\n<li>Mettre vos balles dans la Pascal Box.<\/li>\n<li>Fermer le couvercle<\/li>\n<li>Pomper l\u2019air \u00e0 travers la vanne \u00e0 l&#8217;aide de la pompe fournie jusqu&#8217;\u00e0 atteindre la marque verte pr\u00e9sente sur le nanom\u00e8tre<\/li>\n<\/ul>\n<p>Et voil\u00e0, gr\u00e2ce \u00e0 sa\u00a0fermeture herm\u00e9tique,\u00a0la pression de vos balles est maintenue jusqu&#8217;\u00e0 la prochaine utilisation !<\/p>\n<p>Ensuite, pour sortir vos balles, il suffit de :<\/p>\n<ul>\n<li>Appuyer sur la vanne<\/li>\n<li>Attendre que la pression s&#8217;\u00e9chappe<\/li>\n<li>Ouvrir le tube et prendre vos balles<\/li>\n<li>Jouer avec des balles comme neuves !<\/li>\n<\/ul>\n<p>La Pascal Box 4B Bullpadel dispose d&#8217;une\u00a0coupelle haute r\u00e9sistance, d&#8217;un\u00a0manom\u00e8tre de pr\u00e9cision, d&#8217;une\u00a0valve de gonflage\u00a0universelle, d&#8217;une\u00a0soupape de s\u00e9curit\u00e9\u00a0et d&#8217;une\u00a0pompe \u00e0 part.<\/p>\n<p>Ce tube permet \u00e9galement de\u00a0redonner vie \u00e0 de vieilles balles\u00a0en suivant la proc\u00e9dure indiqu\u00e9e par le fabricant<\/p>\n","protected":false},"excerpt":{"rendered":"<p>Vous \u00eates fatigu\u00e9s de jeter des balles qui manquent de pression alors que le feutre est encore en bon \u00e9tat ? Ou vous \u00eates un comp\u00e9titeur exigeant et souhaitez toujours jouer avec la pression de balle r\u00e9glementaire ? Alors la\u00a0Pascal box de Bullpadel\u00a0est faite pour vous ! Ce\u00a0syst\u00e8me compact et complet\u00a0va vous permettre de\u00a0maintenir \u00e0 [&hellip;]<\/p>\n","protected":false},"featured_media":113859,"comment_status":"open","ping_status":"closed","template":"","meta":[],"product_cat":[87,88],"product_tag":[],"_links":{"self":[{"href":"https:\/\/www.sport4club.be\/index.php\/wp-json\/wp\/v2\/product\/113858"}],"collection":[{"href":"https:\/\/www.sport4club.be\/index.php\/wp-json\/wp\/v2\/product"}],"about":[{"href":"https:\/\/www.sport4club.be\/index.php\/wp-json\/wp\/v2\/types\/product"}],"replies":[{"embeddable":true,"href":"https:\/\/www.sport4club.be\/index.php\/wp-json\/wp\/v2\/comments?post=113858"}],"wp:featuredmedia":[{"embeddable":true,"href":"https:\/\/www.sport4club.be\/index.php\/wp-json\/wp\/v2\/media\/113859"}],"wp:attachment":[{"href":"https:\/\/www.sport4club.be\/index.php\/wp-json\/wp\/v2\/media?parent=113858"}],"wp:term":[{"taxonomy":"product_cat","embeddable":true,"href":"https:\/\/www.sport4club.be\/index.php\/wp-json\/wp\/v2\/product_cat?post=113858"},{"taxonomy":"product_tag","embeddable":true,"href":"https:\/\/www.sport4club.be\/index.php\/wp-json\/wp\/v2\/product_tag?post=113858"}],"curies":[{"name":"wp","href":"https:\/\/api.w.org\/{rel}","templated":true}]}}