{"id":113826,"date":"2024-08-14T11:07:01","date_gmt":"2024-08-14T09:07:01","guid":{"rendered":"https:\/\/www.sport4club.be\/?post_type=product&#038;p=113826"},"modified":"2024-08-14T11:07:02","modified_gmt":"2024-08-14T09:07:02","slug":"wilson-antivibrateurs-emoji-x50pces","status":"publish","type":"product","link":"https:\/\/www.sport4club.be\/index.php\/product\/wilson-antivibrateurs-emoji-x50pces\/","title":{"rendered":"Wilson Antivibrateurs Emoji x50pces"},"content":{"rendered":"<p>Et si vous mettiez une touche de fun et de personnalit\u00e9 sur vos raquettes ? C&#8217;est d\u00e9sormais possible avec les antivibrateurs Wilson Emoji ! Ils garantissant r\u00e9duction des vibrations et style unique pour votre raquette !<\/p>\n<ul>\n<li>R\u00e9duit les vibrations du cordage pour un confort et une sensation am\u00e9lior\u00e9e<\/li>\n<li>9 designs diff\u00e9rents pour 9 \u00e9motions (mort de rire, cool (lunettes de soleil), clin d&#8217;\u0153il, clin d&#8217;\u0153il appuy\u00e9 avec langue sortie, blas\u00e9 (yeux en l&#8217;air), g\u00e9n\u00e9 (joue rouge), content, \u00e9merveill\u00e9 (\u00e9toile dans les yeux), fou.<\/li>\n<li>Boite de 50 antivibrateurs assortis<\/li>\n<\/ul>\n","protected":false},"excerpt":{"rendered":"<p>Et si vous mettiez une touche de fun et de personnalit\u00e9 sur vos raquettes ? C&#8217;est d\u00e9sormais possible avec les antivibrateurs Wilson Emoji ! Ils garantissant r\u00e9duction des vibrations et style unique pour votre raquette ! R\u00e9duit les vibrations du cordage pour un confort et une sensation am\u00e9lior\u00e9e 9 designs diff\u00e9rents pour 9 \u00e9motions (mort [&hellip;]<\/p>\n","protected":false},"featured_media":113827,"comment_status":"open","ping_status":"closed","template":"","meta":[],"product_cat":[119],"product_tag":[],"_links":{"self":[{"href":"https:\/\/www.sport4club.be\/index.php\/wp-json\/wp\/v2\/product\/113826"}],"collection":[{"href":"https:\/\/www.sport4club.be\/index.php\/wp-json\/wp\/v2\/product"}],"about":[{"href":"https:\/\/www.sport4club.be\/index.php\/wp-json\/wp\/v2\/types\/product"}],"replies":[{"embeddable":true,"href":"https:\/\/www.sport4club.be\/index.php\/wp-json\/wp\/v2\/comments?post=113826"}],"wp:featuredmedia":[{"embeddable":true,"href":"https:\/\/www.sport4club.be\/index.php\/wp-json\/wp\/v2\/media\/113827"}],"wp:attachment":[{"href":"https:\/\/www.sport4club.be\/index.php\/wp-json\/wp\/v2\/media?parent=113826"}],"wp:term":[{"taxonomy":"product_cat","embeddable":true,"href":"https:\/\/www.sport4club.be\/index.php\/wp-json\/wp\/v2\/product_cat?post=113826"},{"taxonomy":"product_tag","embeddable":true,"href":"https:\/\/www.sport4club.be\/index.php\/wp-json\/wp\/v2\/product_tag?post=113826"}],"curies":[{"name":"wp","href":"https:\/\/api.w.org\/{rel}","templated":true}]}}