{"id":113747,"date":"2024-08-09T14:59:39","date_gmt":"2024-08-09T12:59:39","guid":{"rendered":"https:\/\/www.sport4club.be\/?post_type=product&#038;p=113747"},"modified":"2024-08-10T10:12:17","modified_gmt":"2024-08-10T08:12:17","slug":"wilson-rf-01-future-280gr","status":"publish","type":"product","link":"https:\/\/www.sport4club.be\/index.php\/product\/wilson-rf-01-future-280gr\/","title":{"rendered":"Wilson RF 01 Future (280gr)"},"content":{"rendered":"<p>La Wilson RF 01 Future, con\u00e7ue en collaboration avec le l\u00e9gendaire Roger Federer, se distingue par son orientation vers le contr\u00f4le\u00a0et la\u00a0pr\u00e9cision.<\/p>\n<p>La Wilson RF 01 Future\u00a0est la raquette la plus l\u00e9g\u00e8re de la collection RF, avec un \u00e9quilibre l\u00e9g\u00e8rement sup\u00e9rieur, ce qui la rend extr\u00eamement maniable et procure une puissance suppl\u00e9mentaire adapt\u00e9e aux joueurs de la nouvelle g\u00e9n\u00e9ration.<\/p>\n<p>Le design\u00a0SABR Frame\u00a0offre une meilleure polyvalence, permettant de g\u00e9n\u00e9rer vitesse, effet et changements de direction, caract\u00e9ristiques du jeu de\u00a0Roger Federer. Gr\u00e2ce \u00e0 la technologie\u00a0Glide Guard B&amp;G, vous profiterez d&#8217;une am\u00e9lioration de la vitesse de la t\u00eate de raquette, tandis que la technologie\u00a0Braid 45\u00a0assure une excellente sensation de contr\u00f4le et de confort lors de la frappe.<\/p>\n<p>Cette raquette conviendra aux joueurs disposant d&#8217;un bon niveau technique\u00a0et d&#8217;une bonne qualit\u00e9 de frappe, qui recherchent une raquette l\u00e9g\u00e8rement plus l\u00e9g\u00e8re. Elle sera id\u00e9ale pour les joueurs agressifs en qu\u00eate de\u00a0contr\u00f4le, de\u00a0stabilit\u00e9\u00a0et de\u00a0sensation \u00e0 la frappe.<\/p>\n<h3><\/h3>\n","protected":false},"excerpt":{"rendered":"<p>La Wilson RF 01 Future, con\u00e7ue en collaboration avec le l\u00e9gendaire Roger Federer, se distingue par son orientation vers le contr\u00f4le\u00a0et la\u00a0pr\u00e9cision. La Wilson RF 01 Future\u00a0est la raquette la plus l\u00e9g\u00e8re de la collection RF, avec un \u00e9quilibre l\u00e9g\u00e8rement sup\u00e9rieur, ce qui la rend extr\u00eamement maniable et procure une puissance suppl\u00e9mentaire adapt\u00e9e aux joueurs [&hellip;]<\/p>\n","protected":false},"featured_media":113751,"comment_status":"open","ping_status":"closed","template":"","meta":[],"product_cat":[145],"product_tag":[],"_links":{"self":[{"href":"https:\/\/www.sport4club.be\/index.php\/wp-json\/wp\/v2\/product\/113747"}],"collection":[{"href":"https:\/\/www.sport4club.be\/index.php\/wp-json\/wp\/v2\/product"}],"about":[{"href":"https:\/\/www.sport4club.be\/index.php\/wp-json\/wp\/v2\/types\/product"}],"replies":[{"embeddable":true,"href":"https:\/\/www.sport4club.be\/index.php\/wp-json\/wp\/v2\/comments?post=113747"}],"wp:featuredmedia":[{"embeddable":true,"href":"https:\/\/www.sport4club.be\/index.php\/wp-json\/wp\/v2\/media\/113751"}],"wp:attachment":[{"href":"https:\/\/www.sport4club.be\/index.php\/wp-json\/wp\/v2\/media?parent=113747"}],"wp:term":[{"taxonomy":"product_cat","embeddable":true,"href":"https:\/\/www.sport4club.be\/index.php\/wp-json\/wp\/v2\/product_cat?post=113747"},{"taxonomy":"product_tag","embeddable":true,"href":"https:\/\/www.sport4club.be\/index.php\/wp-json\/wp\/v2\/product_tag?post=113747"}],"curies":[{"name":"wp","href":"https:\/\/api.w.org\/{rel}","templated":true}]}}