{"id":113480,"date":"2024-06-20T09:54:30","date_gmt":"2024-06-20T07:54:30","guid":{"rendered":"https:\/\/www.sport4club.be\/?post_type=product&#038;p=113480"},"modified":"2024-11-02T20:06:31","modified_gmt":"2024-11-02T19:06:31","slug":"size-up-grossisseur-de-manches","status":"publish","type":"product","link":"https:\/\/www.sport4club.be\/index.php\/product\/size-up-grossisseur-de-manches\/","title":{"rendered":"Siz-Up Grossisseur de manches"},"content":{"rendered":"<p>Vous vous demandez comment augmenter la taille du manche de votre raquette de tennis ? La r\u00e9ponse est juste l\u00e0 ! Modifiez facilement la taille de votre manche avec le produit astucieux Siz Up Lorow !<\/p>\n<p>Gr\u00e2ce \u00e0 un design \u00e9pur\u00e9 respectant les ar\u00eates et gr\u00e2ce \u00e0 sa l\u00e9g\u00e8ret\u00e9, le\u00a0<strong>SiZ-UP<\/strong>\u00a0vous permet d\u2019obtenir une tenue parfaite de votre raquette de tennis. Vous restez ainsi performant et conservez le plaisir du jeu.<\/p>\n<p>Le SiZ-UP est tr\u00e8s simple \u00e0 retirer ou \u00e0 installer sur le manche de votre raquette de tennis. Il vous faut moins d\u2019une minute pour adapter en toute simplicit\u00e9 le manche \u00e0 votre besoin. Le grip et le capuchon d\u2019origine sont conserv\u00e9s.<\/p>\n<p>La recherche constante en innovation permet de proposer aujourd\u2019hui une gamme efficace et brevet\u00e9e de\u00a0<strong>4 SiZ-UP<\/strong>, augmentant la taille de votre manche d\u2019une \u00e0 quatre tailles suppl\u00e9mentaires.<\/p>\n","protected":false},"excerpt":{"rendered":"<p>Vous vous demandez comment augmenter la taille du manche de votre raquette de tennis ? La r\u00e9ponse est juste l\u00e0 ! Modifiez facilement la taille de votre manche avec le produit astucieux Siz Up Lorow ! Gr\u00e2ce \u00e0 un design \u00e9pur\u00e9 respectant les ar\u00eates et gr\u00e2ce \u00e0 sa l\u00e9g\u00e8ret\u00e9, le\u00a0SiZ-UP\u00a0vous permet d\u2019obtenir une tenue parfaite [&hellip;]<\/p>\n","protected":false},"featured_media":113481,"comment_status":"open","ping_status":"closed","template":"","meta":[],"product_cat":[118],"product_tag":[],"_links":{"self":[{"href":"https:\/\/www.sport4club.be\/index.php\/wp-json\/wp\/v2\/product\/113480"}],"collection":[{"href":"https:\/\/www.sport4club.be\/index.php\/wp-json\/wp\/v2\/product"}],"about":[{"href":"https:\/\/www.sport4club.be\/index.php\/wp-json\/wp\/v2\/types\/product"}],"replies":[{"embeddable":true,"href":"https:\/\/www.sport4club.be\/index.php\/wp-json\/wp\/v2\/comments?post=113480"}],"wp:featuredmedia":[{"embeddable":true,"href":"https:\/\/www.sport4club.be\/index.php\/wp-json\/wp\/v2\/media\/113481"}],"wp:attachment":[{"href":"https:\/\/www.sport4club.be\/index.php\/wp-json\/wp\/v2\/media?parent=113480"}],"wp:term":[{"taxonomy":"product_cat","embeddable":true,"href":"https:\/\/www.sport4club.be\/index.php\/wp-json\/wp\/v2\/product_cat?post=113480"},{"taxonomy":"product_tag","embeddable":true,"href":"https:\/\/www.sport4club.be\/index.php\/wp-json\/wp\/v2\/product_tag?post=113480"}],"curies":[{"name":"wp","href":"https:\/\/api.w.org\/{rel}","templated":true}]}}