{"id":112933,"date":"2024-03-05T09:40:49","date_gmt":"2024-03-05T08:40:49","guid":{"rendered":"https:\/\/www.sport4club.be\/?post_type=product&#038;p=112933"},"modified":"2024-08-14T10:38:59","modified_gmt":"2024-08-14T08:38:59","slug":"wilson-dual-pro-performance-grip-noir","status":"publish","type":"product","link":"https:\/\/www.sport4club.be\/index.php\/product\/wilson-dual-pro-performance-grip-noir\/","title":{"rendered":"Wilson Grip Dual Pro Performance Black"},"content":{"rendered":"<p>Le\u00a0<strong>Grip Wilson Dual Pro Performance<\/strong>\u00a0est un grip qui offre une prise en main optimale, un\u00a0<strong>confort accru et une meilleure sensation<\/strong>\u00a0de la raquette. Avec une \u00e9paisseur de 1,90 mm, ce grip de tennis offre un excellent \u00e9quilibre entre confort et sensation. Il est \u00e9galement dot\u00e9 d&#8217;une surface antid\u00e9rapante et micro-perfor\u00e9e qui permet de maintenir une prise ferme sur la raquette, m\u00eame lorsque les mains sont moites ou humides.<\/p>\n<p>Il propose un toucher ni trop sec, ni trop collant, ce qui le rend tr\u00e8s polyvalent pour la plupart des joueurs de tennis.<\/p>\n<p>Ajoutons \u00e0 cela le fait qu&#8217;il soit trait\u00e9 pour lutter efficacement contre les bact\u00e9ries et vous disposez d&#8217;un grip d&#8217;excellente qualit\u00e9.<\/p>\n<ul>\n<li>\u00c9paisseur : 1,90 mm<\/li>\n<li>Bon \u00e9quilibre entre sensation et adh\u00e9rence<\/li>\n<li>Bonne absorption de la transpiration<\/li>\n<li>Traitement anti-microbien<\/li>\n<li>Couelur : Noir<\/li>\n<\/ul>\n","protected":false},"excerpt":{"rendered":"<p>Le\u00a0Grip Wilson Dual Pro Performance\u00a0est un grip qui offre une prise en main optimale, un\u00a0confort accru et une meilleure sensation\u00a0de la raquette. Avec une \u00e9paisseur de 1,90 mm, ce grip de tennis offre un excellent \u00e9quilibre entre confort et sensation. Il est \u00e9galement dot\u00e9 d&#8217;une surface antid\u00e9rapante et micro-perfor\u00e9e qui permet de maintenir une prise [&hellip;]<\/p>\n","protected":false},"featured_media":112934,"comment_status":"open","ping_status":"closed","template":"","meta":[],"product_cat":[120],"product_tag":[],"_links":{"self":[{"href":"https:\/\/www.sport4club.be\/index.php\/wp-json\/wp\/v2\/product\/112933"}],"collection":[{"href":"https:\/\/www.sport4club.be\/index.php\/wp-json\/wp\/v2\/product"}],"about":[{"href":"https:\/\/www.sport4club.be\/index.php\/wp-json\/wp\/v2\/types\/product"}],"replies":[{"embeddable":true,"href":"https:\/\/www.sport4club.be\/index.php\/wp-json\/wp\/v2\/comments?post=112933"}],"wp:featuredmedia":[{"embeddable":true,"href":"https:\/\/www.sport4club.be\/index.php\/wp-json\/wp\/v2\/media\/112934"}],"wp:attachment":[{"href":"https:\/\/www.sport4club.be\/index.php\/wp-json\/wp\/v2\/media?parent=112933"}],"wp:term":[{"taxonomy":"product_cat","embeddable":true,"href":"https:\/\/www.sport4club.be\/index.php\/wp-json\/wp\/v2\/product_cat?post=112933"},{"taxonomy":"product_tag","embeddable":true,"href":"https:\/\/www.sport4club.be\/index.php\/wp-json\/wp\/v2\/product_tag?post=112933"}],"curies":[{"name":"wp","href":"https:\/\/api.w.org\/{rel}","templated":true}]}}