{"id":112859,"date":"2024-02-05T15:28:21","date_gmt":"2024-02-05T14:28:21","guid":{"rendered":"https:\/\/www.sport4club.be\/?post_type=product&#038;p=112859"},"modified":"2025-05-11T15:06:24","modified_gmt":"2025-05-11T13:06:24","slug":"wilson-thermobag-clash-v2-super-tour-9r","status":"publish","type":"product","link":"https:\/\/www.sport4club.be\/index.php\/product\/wilson-thermobag-clash-v2-super-tour-9r\/","title":{"rendered":"Wilson Thermobag Clash V2 Super Tour 9R"},"content":{"rendered":"<p>Avec son design innovant et \u00e9l\u00e9gant, le sac\u00a0<strong>Wilson Clash V2<\/strong> compl\u00e8te la gamme de <a href=\"https:\/\/www.extreme-tennis.fr\/fr\/721-raquettes-wilson-clash\">raquettes Wilson Clash 2.0<\/a>. Sa teinte rouge vif et son logo en relief lui offrent un look sportif.<\/p>\n<p>Ce thermobag Super Tour offre un large espace de stockage divis\u00e9 en\u00a0<strong>2 compartiments<\/strong>. Un de ces compartiments int\u00e8gre la technologie\u00a0<strong>Thermoguard<\/strong>\u00a0pour prot\u00e9ger vos raquettes des temp\u00e9ratures ext\u00e9rieures.<\/p>\n<p>Son compartiment principal dispose d&#8217;un\u00a0<strong>grand volume<\/strong>\u00a0permettant d&#8217;emporter l&#8217;ensemble de vos affaires. Vous retrouverez \u00e9galement\u00a0<strong>deux grandes poches lat\u00e9rales<\/strong>\u00a0pour organiser vos accessoires et effets personnels en les gardant \u00e0 port\u00e9e de main.<\/p>\n<p>Enfin, ce sac peut \u00eatre transport\u00e9 \u00e0 la main gr\u00e2ce \u00e0 sa\u00a0<strong>double poign\u00e9e<\/strong>\u00a0ou comme un sac \u00e0 dos avec ses\u00a0<strong>deux bretelles rembourr\u00e9es et ajustables.<\/strong><\/p>\n<p>Con\u00e7u en polyester recycl\u00e9, le sac de tennis\u00a0<strong>9 raquettes<\/strong>\u00a0associe parfaitement\u00a0<strong>design<\/strong>,\u00a0<strong>ergonomie\u00a0<\/strong>et\u00a0<strong>mobilit\u00e9<\/strong>. Il va pouvoir vous accompagner durablement sur les courts de tennis.<\/p>\n<ul>\n<li>2 compartiments, dont 1 Thermoguard<\/li>\n<li>2 poches lat\u00e9rales<\/li>\n<li>Dimensions : 73.5 x 33 x 33 cm<\/li>\n<li>Composition : Polyester PET 100% recycl\u00e9<\/li>\n<\/ul>\n","protected":false},"excerpt":{"rendered":"<p>Avec son design innovant et \u00e9l\u00e9gant, le sac\u00a0Wilson Clash V2 compl\u00e8te la gamme de raquettes Wilson Clash 2.0. Sa teinte rouge vif et son logo en relief lui offrent un look sportif. Ce thermobag Super Tour offre un large espace de stockage divis\u00e9 en\u00a02 compartiments. Un de ces compartiments int\u00e8gre la technologie\u00a0Thermoguard\u00a0pour prot\u00e9ger vos raquettes [&hellip;]<\/p>\n","protected":false},"featured_media":112860,"comment_status":"open","ping_status":"closed","template":"","meta":[],"product_cat":[107],"product_tag":[],"_links":{"self":[{"href":"https:\/\/www.sport4club.be\/index.php\/wp-json\/wp\/v2\/product\/112859"}],"collection":[{"href":"https:\/\/www.sport4club.be\/index.php\/wp-json\/wp\/v2\/product"}],"about":[{"href":"https:\/\/www.sport4club.be\/index.php\/wp-json\/wp\/v2\/types\/product"}],"replies":[{"embeddable":true,"href":"https:\/\/www.sport4club.be\/index.php\/wp-json\/wp\/v2\/comments?post=112859"}],"wp:featuredmedia":[{"embeddable":true,"href":"https:\/\/www.sport4club.be\/index.php\/wp-json\/wp\/v2\/media\/112860"}],"wp:attachment":[{"href":"https:\/\/www.sport4club.be\/index.php\/wp-json\/wp\/v2\/media?parent=112859"}],"wp:term":[{"taxonomy":"product_cat","embeddable":true,"href":"https:\/\/www.sport4club.be\/index.php\/wp-json\/wp\/v2\/product_cat?post=112859"},{"taxonomy":"product_tag","embeddable":true,"href":"https:\/\/www.sport4club.be\/index.php\/wp-json\/wp\/v2\/product_tag?post=112859"}],"curies":[{"name":"wp","href":"https:\/\/api.w.org\/{rel}","templated":true}]}}