{"id":112797,"date":"2024-02-05T10:45:19","date_gmt":"2024-02-05T09:45:19","guid":{"rendered":"https:\/\/www.sport4club.be\/?post_type=product&#038;p=112797"},"modified":"2025-01-04T16:15:44","modified_gmt":"2025-01-04T15:15:44","slug":"wilson-blade-98-18x20-v9-305gr","status":"publish","type":"product","link":"https:\/\/www.sport4club.be\/index.php\/product\/wilson-blade-98-18x20-v9-305gr\/","title":{"rendered":"Wilson Blade 98 18&#215;20 V9 (305gr)"},"content":{"rendered":"<p>Avec son nouveau design vert \u00e9m\u00e9raude fonc\u00e9 la raquette Wilson Blade 98 18&#215;20 V8 ne laisse pas indiff\u00e9rent.<\/p>\n<p>Wilson a int\u00e9gr\u00e9 la nouvelle technologie StableFeel dans cette Blade v9. Cette technologie offre des sensations am\u00e9lior\u00e9es et plus fermes, tout en am\u00e9liorant la stabilit\u00e9, pour une connexion accrue avec la balle. Con\u00e7u en pensant aux joueurs passionn\u00e9s, cette &#8220;Blade plus tranchante&#8221; est id\u00e9ale pour ceux qui cherchent \u00e0 am\u00e9liorer leur jeu.<\/p>\n<p>Ce mod\u00e8le conviendra aux joueurs agressifs de fond de court ayant une frappe explosive \u00e0 plat ou recouverte. Elle vous r\u00e9compensera par son toucher de balle et sa grande pr\u00e9cision.<\/p>\n","protected":false},"excerpt":{"rendered":"<p>Avec son nouveau design vert \u00e9m\u00e9raude fonc\u00e9 la raquette Wilson Blade 98 18&#215;20 V8 ne laisse pas indiff\u00e9rent. Wilson a int\u00e9gr\u00e9 la nouvelle technologie StableFeel dans cette Blade v9. Cette technologie offre des sensations am\u00e9lior\u00e9es et plus fermes, tout en am\u00e9liorant la stabilit\u00e9, pour une connexion accrue avec la balle. Con\u00e7u en pensant aux joueurs [&hellip;]<\/p>\n","protected":false},"featured_media":112798,"comment_status":"open","ping_status":"closed","template":"","meta":[],"product_cat":[145],"product_tag":[],"_links":{"self":[{"href":"https:\/\/www.sport4club.be\/index.php\/wp-json\/wp\/v2\/product\/112797"}],"collection":[{"href":"https:\/\/www.sport4club.be\/index.php\/wp-json\/wp\/v2\/product"}],"about":[{"href":"https:\/\/www.sport4club.be\/index.php\/wp-json\/wp\/v2\/types\/product"}],"replies":[{"embeddable":true,"href":"https:\/\/www.sport4club.be\/index.php\/wp-json\/wp\/v2\/comments?post=112797"}],"wp:featuredmedia":[{"embeddable":true,"href":"https:\/\/www.sport4club.be\/index.php\/wp-json\/wp\/v2\/media\/112798"}],"wp:attachment":[{"href":"https:\/\/www.sport4club.be\/index.php\/wp-json\/wp\/v2\/media?parent=112797"}],"wp:term":[{"taxonomy":"product_cat","embeddable":true,"href":"https:\/\/www.sport4club.be\/index.php\/wp-json\/wp\/v2\/product_cat?post=112797"},{"taxonomy":"product_tag","embeddable":true,"href":"https:\/\/www.sport4club.be\/index.php\/wp-json\/wp\/v2\/product_tag?post=112797"}],"curies":[{"name":"wp","href":"https:\/\/api.w.org\/{rel}","templated":true}]}}