{"id":112689,"date":"2024-01-30T15:59:52","date_gmt":"2024-01-30T14:59:52","guid":{"rendered":"https:\/\/www.sport4club.be\/?post_type=product&#038;p=112689"},"modified":"2024-01-30T15:59:52","modified_gmt":"2024-01-30T14:59:52","slug":"lacoste-l23-300gr","status":"publish","type":"product","link":"https:\/\/www.sport4club.be\/index.php\/product\/lacoste-l23-300gr\/","title":{"rendered":"Lacoste L23 (300gr)"},"content":{"rendered":"<p>La raquette Lacoste L23 300g embarque l&#8217;anti-vibrateur imagin\u00e9 par <strong>Ren\u00e9 Lacoste<\/strong>\u00a0pour une sensation in\u00e9dite de confort \u00e0 la frappe. Son plan de cordage est pens\u00e9 pour maximis\u00e9 la tol\u00e9rance et la puissance avec une forte densit\u00e9 au niveau de la zone de frappe id\u00e9ale (sweetspot) et plus d&#8217;espacement aux extr\u00e9mit\u00e9s.<\/p>\n<p>La raquette\u00a0<strong>Lacoste L23 300g\u00a0<\/strong>convient parfaitement aux joueurs du fond de court, de 4\u00e8me \u00e0 milieu de 3\u00e8me s\u00e9rie, \u00e0 la recherche de puissance, de confort et de jouabilit\u00e9.<\/p>\n","protected":false},"excerpt":{"rendered":"<p>La raquette Lacoste L23 300g embarque l&#8217;anti-vibrateur imagin\u00e9 par Ren\u00e9 Lacoste\u00a0pour une sensation in\u00e9dite de confort \u00e0 la frappe. Son plan de cordage est pens\u00e9 pour maximis\u00e9 la tol\u00e9rance et la puissance avec une forte densit\u00e9 au niveau de la zone de frappe id\u00e9ale (sweetspot) et plus d&#8217;espacement aux extr\u00e9mit\u00e9s. La raquette\u00a0Lacoste L23 300g\u00a0convient parfaitement [&hellip;]<\/p>\n","protected":false},"featured_media":112690,"comment_status":"open","ping_status":"closed","template":"","meta":[],"product_cat":[145],"product_tag":[],"_links":{"self":[{"href":"https:\/\/www.sport4club.be\/index.php\/wp-json\/wp\/v2\/product\/112689"}],"collection":[{"href":"https:\/\/www.sport4club.be\/index.php\/wp-json\/wp\/v2\/product"}],"about":[{"href":"https:\/\/www.sport4club.be\/index.php\/wp-json\/wp\/v2\/types\/product"}],"replies":[{"embeddable":true,"href":"https:\/\/www.sport4club.be\/index.php\/wp-json\/wp\/v2\/comments?post=112689"}],"wp:featuredmedia":[{"embeddable":true,"href":"https:\/\/www.sport4club.be\/index.php\/wp-json\/wp\/v2\/media\/112690"}],"wp:attachment":[{"href":"https:\/\/www.sport4club.be\/index.php\/wp-json\/wp\/v2\/media?parent=112689"}],"wp:term":[{"taxonomy":"product_cat","embeddable":true,"href":"https:\/\/www.sport4club.be\/index.php\/wp-json\/wp\/v2\/product_cat?post=112689"},{"taxonomy":"product_tag","embeddable":true,"href":"https:\/\/www.sport4club.be\/index.php\/wp-json\/wp\/v2\/product_tag?post=112689"}],"curies":[{"name":"wp","href":"https:\/\/api.w.org\/{rel}","templated":true}]}}