{"id":112670,"date":"2024-01-30T15:25:02","date_gmt":"2024-01-30T14:25:02","guid":{"rendered":"https:\/\/www.sport4club.be\/?post_type=product&#038;p=112670"},"modified":"2025-07-04T08:06:04","modified_gmt":"2025-07-04T06:06:04","slug":"babolat-pure-aero-team-285gr","status":"publish","type":"product","link":"https:\/\/www.sport4club.be\/index.php\/product\/babolat-pure-aero-team-285gr\/","title":{"rendered":"Babolat Pure Aero Team (285gr)"},"content":{"rendered":"<p>Toujours \u00e0 la recherche de prise d\u2019effets pour d\u00e9placer votre adversaire et dominer le jeu ? La nouvelle gamme Pure Aero \u00e9volue encore avec une approche in\u00e9dite centr\u00e9e sur vous !<\/p>\n<p>BABOLAT a cr\u00e9\u00e9 cette 8\u00e8me g\u00e9n\u00e9ration de la machine \u00e0 effets en se basant sur l\u2019observation du jeu pour mieux r\u00e9pondre \u00e0 chaque profil de joueur dans sa qu\u00eate de spin ultime: Selon votre morphologie, le moment de prise de balle apr\u00e8s le rebond, et votre gestuelle, vous trouverez une r\u00e9ponse adapt\u00e9e \u00e0 votre besoin pour mieux r\u00e9v\u00e9ler le spin qui est en vous !<\/p>\n<p>A l\u2019instar de Rafael Nadal, Leylah Fernandez, F\u00e9lix Auger-Aliassime, ou Carlos Alcaraz, choisissez votre Pure Aero et rentrez dans l&#8217;ar\u00e8ne !<\/p>\n<p>Vous \u00eates un joueur de fond de court et vous souhaitez jouer long tout en accentuant vos trajectoires et effets de balles? La Pure Aero Team sera la meilleure r\u00e9ponse pour vous.<\/p>\n","protected":false},"excerpt":{"rendered":"<p>Toujours \u00e0 la recherche de prise d\u2019effets pour d\u00e9placer votre adversaire et dominer le jeu ? La nouvelle gamme Pure Aero \u00e9volue encore avec une approche in\u00e9dite centr\u00e9e sur vous ! BABOLAT a cr\u00e9\u00e9 cette 8\u00e8me g\u00e9n\u00e9ration de la machine \u00e0 effets en se basant sur l\u2019observation du jeu pour mieux r\u00e9pondre \u00e0 chaque profil [&hellip;]<\/p>\n","protected":false},"featured_media":112671,"comment_status":"open","ping_status":"closed","template":"","meta":[],"product_cat":[145],"product_tag":[],"_links":{"self":[{"href":"https:\/\/www.sport4club.be\/index.php\/wp-json\/wp\/v2\/product\/112670"}],"collection":[{"href":"https:\/\/www.sport4club.be\/index.php\/wp-json\/wp\/v2\/product"}],"about":[{"href":"https:\/\/www.sport4club.be\/index.php\/wp-json\/wp\/v2\/types\/product"}],"replies":[{"embeddable":true,"href":"https:\/\/www.sport4club.be\/index.php\/wp-json\/wp\/v2\/comments?post=112670"}],"wp:featuredmedia":[{"embeddable":true,"href":"https:\/\/www.sport4club.be\/index.php\/wp-json\/wp\/v2\/media\/112671"}],"wp:attachment":[{"href":"https:\/\/www.sport4club.be\/index.php\/wp-json\/wp\/v2\/media?parent=112670"}],"wp:term":[{"taxonomy":"product_cat","embeddable":true,"href":"https:\/\/www.sport4club.be\/index.php\/wp-json\/wp\/v2\/product_cat?post=112670"},{"taxonomy":"product_tag","embeddable":true,"href":"https:\/\/www.sport4club.be\/index.php\/wp-json\/wp\/v2\/product_tag?post=112670"}],"curies":[{"name":"wp","href":"https:\/\/api.w.org\/{rel}","templated":true}]}}