{"id":112395,"date":"2023-10-31T10:58:53","date_gmt":"2023-10-31T09:58:53","guid":{"rendered":"https:\/\/www.sport4club.be\/?post_type=product&#038;p=112395"},"modified":"2025-05-13T07:56:25","modified_gmt":"2025-05-13T05:56:25","slug":"head-extreme-pro","status":"publish","type":"product","link":"https:\/\/www.sport4club.be\/index.php\/product\/head-extreme-pro\/","title":{"rendered":"Head Extreme Pro"},"content":{"rendered":"<div class=\"nq-c-Product-col nq-c-Product-left\">\n<section id=\"content\" class=\"nq-c-Product-content page-content\">\n<div id=\"product-description\" class=\"nq-c-Accordion nq-c-Accordion-active nq-c-Product-isTab nq-c-Product-description\" data-nqis=\"nq-accordion\" data-nqid=\"16\">\n<div class=\"nq-c-Accordion-content nq-c-Product-isTab-content\">\n<p>La gamme Head Delta devient Head Extreme. L&#8217;essence m\u00eame de cette gamme est d&#8217;offrir un maximum de puissance pour les joueurs de padel.<\/p>\n<ul>\n<li>Le coeur de raquette ainsi que sa forme diamant a \u00e9t\u00e9 retravaill\u00e9 pour\u00a0<strong>am\u00e9liorer la puissance<\/strong>.<\/li>\n<li>Un nouveau plan de per\u00e7age pour\u00a0<strong>plus de tol\u00e9rance<\/strong>.<\/li>\n<li>Un nouvel embout Soft Butt Cap pour\u00a0<strong>am\u00e9liorer le confort<\/strong>.<\/li>\n<\/ul>\n<p>La\u00a0<strong>forme diamant<\/strong>\u00a0de la raquette est id\u00e9ale pour les joueurs qui recherchent de la puissance. L&#8217;<strong>\u00e9quilibre<\/strong><strong>\u00a0haut<\/strong>\u00a0permet de finir les points avec panache, tout en conservant beaucoup de stabilit\u00e9. Le\u00a0<strong>poids de 370 g<\/strong>\u00a0offre une\u00a0<strong>bonne puissance<\/strong>, tandis que la\u00a0<strong>surface rugueuse<\/strong>\u00a0permet de g\u00e9n\u00e9rer plus de prise d&#8217;effet.<\/p>\n<p>Les\u00a0<strong>technologies Auxetic, Smart Bridge et Optimized Sweet Spot<\/strong>\u00a0contribuent \u00e0\u00a0<strong>am\u00e9liorer le confort et les sensations de jeu<\/strong>. La\u00a0<strong>mousse Power Foam<\/strong>\u00a0offre un plus grand gain de puissance. L&#8217;impression rugueuse Extreme Spin sur le cadre de la raquette favorise la prise d&#8217;effet. La\u00a0<strong>protection en polym\u00e8re Antishock Skin<\/strong>\u00a0offre une meilleure r\u00e9sistance aux chocs et aux rayures. La construction Tailored Frame permet d&#8217;optimiser les performances de la raquette. Enfin, l&#8217;embout en r\u00e9sine\u00a0<strong>Soft Butt Cap<\/strong>\u00a0amortit les chocs et offre un meilleur confort.<\/p>\n<p>Cette raquette conviendra aux joueurs confirm\u00e9s qui recherchent le maximum de puissance, d&#8217;effets et de stabilit\u00e9.<\/p>\n<\/div>\n<\/div>\n<\/section>\n<\/div>\n","protected":false},"excerpt":{"rendered":"<p>La gamme Head Delta devient Head Extreme. L&#8217;essence m\u00eame de cette gamme est d&#8217;offrir un maximum de puissance pour les joueurs de padel. Le coeur de raquette ainsi que sa forme diamant a \u00e9t\u00e9 retravaill\u00e9 pour\u00a0am\u00e9liorer la puissance. Un nouveau plan de per\u00e7age pour\u00a0plus de tol\u00e9rance. Un nouvel embout Soft Butt Cap pour\u00a0am\u00e9liorer le confort. [&hellip;]<\/p>\n","protected":false},"featured_media":112396,"comment_status":"open","ping_status":"closed","template":"","meta":[],"product_cat":[84],"product_tag":[],"_links":{"self":[{"href":"https:\/\/www.sport4club.be\/index.php\/wp-json\/wp\/v2\/product\/112395"}],"collection":[{"href":"https:\/\/www.sport4club.be\/index.php\/wp-json\/wp\/v2\/product"}],"about":[{"href":"https:\/\/www.sport4club.be\/index.php\/wp-json\/wp\/v2\/types\/product"}],"replies":[{"embeddable":true,"href":"https:\/\/www.sport4club.be\/index.php\/wp-json\/wp\/v2\/comments?post=112395"}],"wp:featuredmedia":[{"embeddable":true,"href":"https:\/\/www.sport4club.be\/index.php\/wp-json\/wp\/v2\/media\/112396"}],"wp:attachment":[{"href":"https:\/\/www.sport4club.be\/index.php\/wp-json\/wp\/v2\/media?parent=112395"}],"wp:term":[{"taxonomy":"product_cat","embeddable":true,"href":"https:\/\/www.sport4club.be\/index.php\/wp-json\/wp\/v2\/product_cat?post=112395"},{"taxonomy":"product_tag","embeddable":true,"href":"https:\/\/www.sport4club.be\/index.php\/wp-json\/wp\/v2\/product_tag?post=112395"}],"curies":[{"name":"wp","href":"https:\/\/api.w.org\/{rel}","templated":true}]}}