{"id":112362,"date":"2023-10-30T10:53:16","date_gmt":"2023-10-30T09:53:16","guid":{"rendered":"https:\/\/www.sport4club.be\/?post_type=product&#038;p=112362"},"modified":"2023-10-30T10:53:16","modified_gmt":"2023-10-30T09:53:16","slug":"luxilon-element-forest-green-200m","status":"publish","type":"product","link":"https:\/\/www.sport4club.be\/index.php\/product\/luxilon-element-forest-green-200m\/","title":{"rendered":"Luxilon Element Forest Green (200M)"},"content":{"rendered":"<p>Le\u00a0<strong>cordage Luxilon Element Green Forest<\/strong>\u00a0est un cordage fabriqu\u00e9 \u00e0 partir de la technologie Monomulti pour compenser le fait que la plupart des monofilaments sont tr\u00e8s rigides et peuvent provoquer des douleurs sur la longueur. Sa construction lui permet de vous apporter un excellent contr\u00f4le compte tenu de sa structure.<br \/>\nSi la prise d&#8217;effet ne sera pas la qualit\u00e9 premi\u00e8re de ce cordage, il vous permettra tout de m\u00eame de recouvrir la balle pour \u00e9viter les fautes.<\/p>\n<p>Ce cordage dispose d&#8217;une dur\u00e9e de vie int\u00e9ressante et vous permettra de jouer de longues heures. Cependant, les gros casseurs trouveront rapidement leurs limites avec ce monofilament.<\/p>\n<p>Avec une rigidit\u00e9 plus faible que la moyenne des monofilaments, ce cordage vous donnera une vitesse de balle suppl\u00e9mentaire ainsi qu&#8217;un plus grand confort \u00e0 la frappe.<\/p>\n<p>Cordage destin\u00e9 aux joueurs d&#8217;un niveau interm\u00e9diaire \u00e0 expert qui recherchent un cordage offrant un bon rapport puissance\/contr\u00f4le et du confort.<\/p>\n","protected":false},"excerpt":{"rendered":"<p>Le\u00a0cordage Luxilon Element Green Forest\u00a0est un cordage fabriqu\u00e9 \u00e0 partir de la technologie Monomulti pour compenser le fait que la plupart des monofilaments sont tr\u00e8s rigides et peuvent provoquer des douleurs sur la longueur. Sa construction lui permet de vous apporter un excellent contr\u00f4le compte tenu de sa structure. Si la prise d&#8217;effet ne sera [&hellip;]<\/p>\n","protected":false},"featured_media":112363,"comment_status":"open","ping_status":"closed","template":"","meta":[],"product_cat":[108],"product_tag":[],"_links":{"self":[{"href":"https:\/\/www.sport4club.be\/index.php\/wp-json\/wp\/v2\/product\/112362"}],"collection":[{"href":"https:\/\/www.sport4club.be\/index.php\/wp-json\/wp\/v2\/product"}],"about":[{"href":"https:\/\/www.sport4club.be\/index.php\/wp-json\/wp\/v2\/types\/product"}],"replies":[{"embeddable":true,"href":"https:\/\/www.sport4club.be\/index.php\/wp-json\/wp\/v2\/comments?post=112362"}],"wp:featuredmedia":[{"embeddable":true,"href":"https:\/\/www.sport4club.be\/index.php\/wp-json\/wp\/v2\/media\/112363"}],"wp:attachment":[{"href":"https:\/\/www.sport4club.be\/index.php\/wp-json\/wp\/v2\/media?parent=112362"}],"wp:term":[{"taxonomy":"product_cat","embeddable":true,"href":"https:\/\/www.sport4club.be\/index.php\/wp-json\/wp\/v2\/product_cat?post=112362"},{"taxonomy":"product_tag","embeddable":true,"href":"https:\/\/www.sport4club.be\/index.php\/wp-json\/wp\/v2\/product_tag?post=112362"}],"curies":[{"name":"wp","href":"https:\/\/api.w.org\/{rel}","templated":true}]}}