{"id":112347,"date":"2023-10-30T09:50:16","date_gmt":"2023-10-30T08:50:16","guid":{"rendered":"https:\/\/www.sport4club.be\/?post_type=product&#038;p=112347"},"modified":"2023-10-30T09:50:16","modified_gmt":"2023-10-30T08:50:16","slug":"luxilon-alu-power-vibe-200m","status":"publish","type":"product","link":"https:\/\/www.sport4club.be\/index.php\/product\/luxilon-alu-power-vibe-200m\/","title":{"rendered":"Luxilon Alu Power Vibe (200M)"},"content":{"rendered":"<p>Voici le dernier n\u00e9 de la gamme Alu Power : le Luxilon Alu Power Vibe conditionn\u00e9 en bobine de 200m. Il a \u00e9t\u00e9 con\u00e7u pour pour reproduire sur toute la surface de frappe, l&#8217;effet qu&#8217;un anti-vibrateur procure sur la zone basse du tamis. R\u00e9sultat : un cordage toujours performant et polyvalent avec un suppl\u00e9ment de confort sans perte de rigidit\u00e9.<\/p>\n<p>Pour obtenir ce rendu, Luxilon a int\u00e9gr\u00e9 \u00e0 la composition de l&#8217;Alu Power la mat\u00e9riau de son antivibrateur, le LXN Legacy Dampener. Les sensations sont adoucies, le cordage est tr\u00e8s l\u00e9g\u00e8rement plus rigide que la version classique mais bien plus confortable.<\/p>\n<p>Nous conseillons la bobine Luxilon Alu Power Vibe aux joueurs qui souhaitent allier le meilleur de la puissance sous contr\u00f4le \u00e0 un haut niveau de rendement et un meilleur confort.<\/p>\n<p>Si l&#8217;ajout du mat\u00e9riau rend le cordage beaucoup plus confortable, il le rend aussi un peu plus rigide. Aussi nous vous conseillons de baisser votre tension d&#8217;un kilo par rapport \u00e0 la version classique pour un rendement optimal.<\/p>\n","protected":false},"excerpt":{"rendered":"<p>Voici le dernier n\u00e9 de la gamme Alu Power : le Luxilon Alu Power Vibe conditionn\u00e9 en bobine de 200m. Il a \u00e9t\u00e9 con\u00e7u pour pour reproduire sur toute la surface de frappe, l&#8217;effet qu&#8217;un anti-vibrateur procure sur la zone basse du tamis. R\u00e9sultat : un cordage toujours performant et polyvalent avec un suppl\u00e9ment de [&hellip;]<\/p>\n","protected":false},"featured_media":112348,"comment_status":"open","ping_status":"closed","template":"","meta":[],"product_cat":[108],"product_tag":[],"_links":{"self":[{"href":"https:\/\/www.sport4club.be\/index.php\/wp-json\/wp\/v2\/product\/112347"}],"collection":[{"href":"https:\/\/www.sport4club.be\/index.php\/wp-json\/wp\/v2\/product"}],"about":[{"href":"https:\/\/www.sport4club.be\/index.php\/wp-json\/wp\/v2\/types\/product"}],"replies":[{"embeddable":true,"href":"https:\/\/www.sport4club.be\/index.php\/wp-json\/wp\/v2\/comments?post=112347"}],"wp:featuredmedia":[{"embeddable":true,"href":"https:\/\/www.sport4club.be\/index.php\/wp-json\/wp\/v2\/media\/112348"}],"wp:attachment":[{"href":"https:\/\/www.sport4club.be\/index.php\/wp-json\/wp\/v2\/media?parent=112347"}],"wp:term":[{"taxonomy":"product_cat","embeddable":true,"href":"https:\/\/www.sport4club.be\/index.php\/wp-json\/wp\/v2\/product_cat?post=112347"},{"taxonomy":"product_tag","embeddable":true,"href":"https:\/\/www.sport4club.be\/index.php\/wp-json\/wp\/v2\/product_tag?post=112347"}],"curies":[{"name":"wp","href":"https:\/\/api.w.org\/{rel}","templated":true}]}}