{"id":111911,"date":"2023-08-14T11:14:17","date_gmt":"2023-08-14T09:14:17","guid":{"rendered":"https:\/\/www.sport4club.be\/?post_type=product&#038;p=111911"},"modified":"2026-01-24T14:47:05","modified_gmt":"2026-01-24T13:47:05","slug":"nox-backpack-pro-series-navy-blue-23","status":"publish","type":"product","link":"https:\/\/www.sport4club.be\/index.php\/product\/nox-backpack-pro-series-navy-blue-23\/","title":{"rendered":"Nox Backpack Pro Series Navy Blue"},"content":{"rendered":"<p>Fabriqu\u00e9 avec des mat\u00e9riaux de haute qualit\u00e9 et soigneusement con\u00e7u, notre sac \u00e0 dos allie\u00a0<strong>fonctionnalit\u00e9<\/strong>\u00a0et\u00a0<strong>style<\/strong>\u00a0en un seul produit.\u00a0Son design spacieux et bien organis\u00e9 vous permet de transporter tout ce dont vous avez besoin, d&#8217;un ordinateur portable et de livres \u00e0 votre \u00e9quipement de padel complet : raquette, chaussures, \u00e9quipement et accessoires.<\/p>\n<p><strong>Caract\u00e9ristiques:<\/strong><\/p>\n<ul>\n<li>#1 compartiment principal pour raquette ou ordinateur. Il a une doublure matelass\u00e9e pour une protection maximale.<\/li>\n<li>Compartiment principal #2 pour raquette, \u00e9quipement et accessoires.<\/li>\n<li>Compartiment lat\u00e9ral ind\u00e9pendant pour chaussures avec syst\u00e8me d&#8217;a\u00e9ration.<\/li>\n<li>Poche frontale pour accessoires cl\u00e9s, portefeuille, carte club&#8230;<\/li>\n<li>Poche lat\u00e9rale avec filet pour tube de balle ou bouteille d&#8217;eau.<\/li>\n<li>Bretelles et dos rembourr\u00e9s pour plus de confort.<\/li>\n<li>Textiles ergonomiques pour optimiser l&#8217;adh\u00e9rence et la circulation de l&#8217;air.<\/li>\n<\/ul>\n<p>Avec ce sac \u00e0 dos, vous aurez tout ce dont vous avez besoin \u00e0 port\u00e9e de main pour profiter d&#8217;une exp\u00e9rience compl\u00e8te.\u00a0Ne manquez pas votre chance d&#8217;obtenir le v\u00f4tre et de faire passer votre jeu au niveau sup\u00e9rieur.<\/p>\n","protected":false},"excerpt":{"rendered":"<p>Fabriqu\u00e9 avec des mat\u00e9riaux de haute qualit\u00e9 et soigneusement con\u00e7u, notre sac \u00e0 dos allie\u00a0fonctionnalit\u00e9\u00a0et\u00a0style\u00a0en un seul produit.\u00a0Son design spacieux et bien organis\u00e9 vous permet de transporter tout ce dont vous avez besoin, d&#8217;un ordinateur portable et de livres \u00e0 votre \u00e9quipement de padel complet : raquette, chaussures, \u00e9quipement et accessoires. Caract\u00e9ristiques: #1 compartiment principal [&hellip;]<\/p>\n","protected":false},"featured_media":111912,"comment_status":"open","ping_status":"closed","template":"","meta":[],"product_cat":[786,89],"product_tag":[],"_links":{"self":[{"href":"https:\/\/www.sport4club.be\/index.php\/wp-json\/wp\/v2\/product\/111911"}],"collection":[{"href":"https:\/\/www.sport4club.be\/index.php\/wp-json\/wp\/v2\/product"}],"about":[{"href":"https:\/\/www.sport4club.be\/index.php\/wp-json\/wp\/v2\/types\/product"}],"replies":[{"embeddable":true,"href":"https:\/\/www.sport4club.be\/index.php\/wp-json\/wp\/v2\/comments?post=111911"}],"wp:featuredmedia":[{"embeddable":true,"href":"https:\/\/www.sport4club.be\/index.php\/wp-json\/wp\/v2\/media\/111912"}],"wp:attachment":[{"href":"https:\/\/www.sport4club.be\/index.php\/wp-json\/wp\/v2\/media?parent=111911"}],"wp:term":[{"taxonomy":"product_cat","embeddable":true,"href":"https:\/\/www.sport4club.be\/index.php\/wp-json\/wp\/v2\/product_cat?post=111911"},{"taxonomy":"product_tag","embeddable":true,"href":"https:\/\/www.sport4club.be\/index.php\/wp-json\/wp\/v2\/product_tag?post=111911"}],"curies":[{"name":"wp","href":"https:\/\/api.w.org\/{rel}","templated":true}]}}