{"id":111797,"date":"2023-07-22T13:34:58","date_gmt":"2023-07-22T11:34:58","guid":{"rendered":"https:\/\/www.sport4club.be\/?post_type=product&#038;p=111797"},"modified":"2024-04-03T18:51:11","modified_gmt":"2024-04-03T16:51:11","slug":"tecnifibre-tempo-275-275gr","status":"publish","type":"product","link":"https:\/\/www.sport4club.be\/index.php\/product\/tecnifibre-tempo-275-275gr\/","title":{"rendered":"tecnifibre tempo 275 (275gr)"},"content":{"rendered":"<p>Reprenant le style \u00e9l\u00e9gant de la raquette d&#8217;Iga Swiatek, avec la raquette Tempo 275 arbore un look moderne et f\u00e9minin. Cette raquette accessible et facile \u00e0 prendre en main est livr\u00e9e d\u00e9j\u00e0 cord\u00e9e et avec une housse de protection.<\/p>\n<p>Elle est con\u00e7ue pour les joueuses d\u00e9butantes ou occasionnelles \u00e0 la recherche de tol\u00e9rance et de puissance. La longueur est optimis\u00e9e pour pouvoir acc\u00e9l\u00e9rer facilement la t\u00eate de raquette. Son plan de cordage 16&#215;19 et son grand tamis de 680cm\u00b2 lui offrent beaucoup de puissance et de tol\u00e9rance sur les coups d\u00e9centr\u00e9s.<\/p>\n<p>Cette raquette convient aux femmes, joueuses occasionnelles, d\u00e9butantes ou loisir qui souhaitent une raquette agr\u00e9able \u00e0 jouer.<\/p>\n","protected":false},"excerpt":{"rendered":"<p>Reprenant le style \u00e9l\u00e9gant de la raquette d&#8217;Iga Swiatek, avec la raquette Tempo 275 arbore un look moderne et f\u00e9minin. Cette raquette accessible et facile \u00e0 prendre en main est livr\u00e9e d\u00e9j\u00e0 cord\u00e9e et avec une housse de protection. Elle est con\u00e7ue pour les joueuses d\u00e9butantes ou occasionnelles \u00e0 la recherche de tol\u00e9rance et de [&hellip;]<\/p>\n","protected":false},"featured_media":111798,"comment_status":"open","ping_status":"closed","template":"","meta":[],"product_cat":[145],"product_tag":[],"_links":{"self":[{"href":"https:\/\/www.sport4club.be\/index.php\/wp-json\/wp\/v2\/product\/111797"}],"collection":[{"href":"https:\/\/www.sport4club.be\/index.php\/wp-json\/wp\/v2\/product"}],"about":[{"href":"https:\/\/www.sport4club.be\/index.php\/wp-json\/wp\/v2\/types\/product"}],"replies":[{"embeddable":true,"href":"https:\/\/www.sport4club.be\/index.php\/wp-json\/wp\/v2\/comments?post=111797"}],"wp:featuredmedia":[{"embeddable":true,"href":"https:\/\/www.sport4club.be\/index.php\/wp-json\/wp\/v2\/media\/111798"}],"wp:attachment":[{"href":"https:\/\/www.sport4club.be\/index.php\/wp-json\/wp\/v2\/media?parent=111797"}],"wp:term":[{"taxonomy":"product_cat","embeddable":true,"href":"https:\/\/www.sport4club.be\/index.php\/wp-json\/wp\/v2\/product_cat?post=111797"},{"taxonomy":"product_tag","embeddable":true,"href":"https:\/\/www.sport4club.be\/index.php\/wp-json\/wp\/v2\/product_tag?post=111797"}],"curies":[{"name":"wp","href":"https:\/\/api.w.org\/{rel}","templated":true}]}}