{"id":111767,"date":"2023-07-20T12:22:25","date_gmt":"2023-07-20T10:22:25","guid":{"rendered":"https:\/\/www.sport4club.be\/?post_type=product&#038;p=111767"},"modified":"2023-07-20T12:22:26","modified_gmt":"2023-07-20T10:22:26","slug":"tecnifibre-wall-master-360-2023","status":"publish","type":"product","link":"https:\/\/www.sport4club.be\/index.php\/product\/tecnifibre-wall-master-360-2023\/","title":{"rendered":"tecnifibre Wall Master 360 2023"},"content":{"rendered":"<p>Si vous \u00eates un joueur r\u00e9gulier de padel et que vous recherchez une raquette pour am\u00e9liorer vos performances, la\u00a0<strong>Tecnifibre Wall Master 360<\/strong>\u00a0pourrait vous int\u00e9resser. Cette raquette de padel a \u00e9t\u00e9 sp\u00e9cialement con\u00e7ue pour r\u00e9pondre aux besoins des joueurs cherchant \u00e0 am\u00e9liorer leur pr\u00e9cision, leur puissance et leur contr\u00f4le sur le terrain.<\/p>\n<p>La\u00a0<strong>Tecnifibre Wall Master 360<\/strong>\u00a0est \u00e9quip\u00e9e d&#8217;un cadre en\u00a0<strong>forme ronde<\/strong>\u00a0qui offre une grande pr\u00e9cision de frappe. Le cadre est construit en graphite \u00e0 100%, un mat\u00e9riau qui offre une meilleure dynamique de jeu et une grande l\u00e9g\u00e8ret\u00e9. Son\u00a0<strong>\u00e9quilibre neutre<\/strong>\u00a0est un excellent compromis entre puissance, contr\u00f4le et maniabilit\u00e9, ce qui permet \u00e0 tous les joueurs de profiter d&#8217;une exp\u00e9rience de jeu agr\u00e9able.<\/p>\n<p>Sa surface\u00a0<strong>SpinSkinROUGH<\/strong>\u00a0permet d&#8217;imprimer des effets \u00e0 la balle plus facilement.<\/p>\n<p>La raquette est dot\u00e9e d&#8217;une\u00a0<strong>mousse EVA solide<\/strong>\u00a0qui assure une bonne adh\u00e9rence, augmentant ainsi sa r\u00e9sistance et sa durabilit\u00e9. La\u00a0<strong>Tecnifibre Wall Master 360<\/strong>\u00a0est une raquette de padel qui saura satisfaire les joueurs les plus exigeants en termes de performances et de confort de jeu.<\/p>\n<p>La raquette Wall Master 360 s&#8217;adresse sp\u00e9cifiquement aux joueurs interm\u00e9diaires et confirm\u00e9s qui recherchent une raquette polyvalente, mettant l&#8217;accent sur le contr\u00f4le et la prise d&#8217;effet. Si vous aspirez \u00e0 continuer \u00e0 progresser, ce mod\u00e8le r\u00e9pondra parfaitement \u00e0 vos attentes et vous accompagnera dans votre d\u00e9veloppement.<\/p>\n","protected":false},"excerpt":{"rendered":"<p>Si vous \u00eates un joueur r\u00e9gulier de padel et que vous recherchez une raquette pour am\u00e9liorer vos performances, la\u00a0Tecnifibre Wall Master 360\u00a0pourrait vous int\u00e9resser. Cette raquette de padel a \u00e9t\u00e9 sp\u00e9cialement con\u00e7ue pour r\u00e9pondre aux besoins des joueurs cherchant \u00e0 am\u00e9liorer leur pr\u00e9cision, leur puissance et leur contr\u00f4le sur le terrain. La\u00a0Tecnifibre Wall Master 360\u00a0est [&hellip;]<\/p>\n","protected":false},"featured_media":111768,"comment_status":"open","ping_status":"closed","template":"","meta":[],"product_cat":[84],"product_tag":[],"_links":{"self":[{"href":"https:\/\/www.sport4club.be\/index.php\/wp-json\/wp\/v2\/product\/111767"}],"collection":[{"href":"https:\/\/www.sport4club.be\/index.php\/wp-json\/wp\/v2\/product"}],"about":[{"href":"https:\/\/www.sport4club.be\/index.php\/wp-json\/wp\/v2\/types\/product"}],"replies":[{"embeddable":true,"href":"https:\/\/www.sport4club.be\/index.php\/wp-json\/wp\/v2\/comments?post=111767"}],"wp:featuredmedia":[{"embeddable":true,"href":"https:\/\/www.sport4club.be\/index.php\/wp-json\/wp\/v2\/media\/111768"}],"wp:attachment":[{"href":"https:\/\/www.sport4club.be\/index.php\/wp-json\/wp\/v2\/media?parent=111767"}],"wp:term":[{"taxonomy":"product_cat","embeddable":true,"href":"https:\/\/www.sport4club.be\/index.php\/wp-json\/wp\/v2\/product_cat?post=111767"},{"taxonomy":"product_tag","embeddable":true,"href":"https:\/\/www.sport4club.be\/index.php\/wp-json\/wp\/v2\/product_tag?post=111767"}],"curies":[{"name":"wp","href":"https:\/\/api.w.org\/{rel}","templated":true}]}}