{"id":111595,"date":"2023-06-08T09:43:48","date_gmt":"2023-06-08T07:43:48","guid":{"rendered":"https:\/\/www.sport4club.be\/?post_type=product&#038;p=111595"},"modified":"2023-06-08T09:43:48","modified_gmt":"2023-06-08T07:43:48","slug":"babolat-play-cap-sleeve-top-23","status":"publish","type":"product","link":"https:\/\/www.sport4club.be\/index.php\/product\/babolat-play-cap-sleeve-top-23\/","title":{"rendered":"Babolat Play Cap Sleeve Top 23"},"content":{"rendered":"<p>Le tee-shirt id\u00e9al pour les entra\u00eenements, et les matchs a \u00e9t\u00e9 d\u00e9velopp\u00e9 dans une mati\u00e8re douce et souple \u00e0 l&#8217;\u00e9lasticit\u00e9 naturelle. L&#8217;encolure d\u00e9gag\u00e9e et les manches tr\u00e8s courtes, laissent une grande libert\u00e9 de mouvements.<\/p>\n<p>La souplesse de la mati\u00e8re et sa respirabilit\u00e9, accompagnent sans contrainte dans toutes les pratiques sur et hors des courts.<\/p>\n<p>Confortable et facile d&#8217;entretien, vous pouvez l&#8217;assortir \u00e0 toutes vos tenues.<\/p>\n<table class=\"slds-table slds-table_header-hidden\">\n<tbody>\n<tr class=\"slds-hint-parent slds-border_bottom\">\n<td class=\"slds-cell-wrap\">Composition<\/td>\n<td class=\"slds-cell-wrap\">100% polyester<\/td>\n<\/tr>\n<\/tbody>\n<\/table>\n","protected":false},"excerpt":{"rendered":"<p>Le tee-shirt id\u00e9al pour les entra\u00eenements, et les matchs a \u00e9t\u00e9 d\u00e9velopp\u00e9 dans une mati\u00e8re douce et souple \u00e0 l&#8217;\u00e9lasticit\u00e9 naturelle. L&#8217;encolure d\u00e9gag\u00e9e et les manches tr\u00e8s courtes, laissent une grande libert\u00e9 de mouvements. La souplesse de la mati\u00e8re et sa respirabilit\u00e9, accompagnent sans contrainte dans toutes les pratiques sur et hors des courts. Confortable [&hellip;]<\/p>\n","protected":false},"featured_media":111596,"comment_status":"open","ping_status":"closed","template":"","meta":[],"product_cat":[482],"product_tag":[],"_links":{"self":[{"href":"https:\/\/www.sport4club.be\/index.php\/wp-json\/wp\/v2\/product\/111595"}],"collection":[{"href":"https:\/\/www.sport4club.be\/index.php\/wp-json\/wp\/v2\/product"}],"about":[{"href":"https:\/\/www.sport4club.be\/index.php\/wp-json\/wp\/v2\/types\/product"}],"replies":[{"embeddable":true,"href":"https:\/\/www.sport4club.be\/index.php\/wp-json\/wp\/v2\/comments?post=111595"}],"wp:featuredmedia":[{"embeddable":true,"href":"https:\/\/www.sport4club.be\/index.php\/wp-json\/wp\/v2\/media\/111596"}],"wp:attachment":[{"href":"https:\/\/www.sport4club.be\/index.php\/wp-json\/wp\/v2\/media?parent=111595"}],"wp:term":[{"taxonomy":"product_cat","embeddable":true,"href":"https:\/\/www.sport4club.be\/index.php\/wp-json\/wp\/v2\/product_cat?post=111595"},{"taxonomy":"product_tag","embeddable":true,"href":"https:\/\/www.sport4club.be\/index.php\/wp-json\/wp\/v2\/product_tag?post=111595"}],"curies":[{"name":"wp","href":"https:\/\/api.w.org\/{rel}","templated":true}]}}