{"id":111417,"date":"2023-04-20T10:09:27","date_gmt":"2023-04-20T08:09:27","guid":{"rendered":"https:\/\/www.sport4club.be\/?post_type=product&#038;p=111417"},"modified":"2025-02-19T10:41:50","modified_gmt":"2025-02-19T09:41:50","slug":"babolat-air-vertuo-2023","status":"publish","type":"product","link":"https:\/\/www.sport4club.be\/index.php\/product\/babolat-air-vertuo-2023\/","title":{"rendered":"Babolat Air Vertuo 2023"},"content":{"rendered":"<p>La\u00a0<strong>Babolat Air Vertuo 2023<\/strong>\u00a0est une raquette de forme goutte d&#8217;eau con\u00e7ue pour offrir la meilleure polyvalence entre puissance et contr\u00f4le. Cette forme va aider les d\u00e9butants \u00e0 g\u00e9n\u00e9rer plus de vitesse de balle, et gr\u00e2ce \u00e0 sa masse l\u00e9g\u00e8re de\u00a0<strong>345 grammes<\/strong>, elle offrira une excellente maniabilit\u00e9.<\/p>\n<p>Son \u00e9quilibre moyen de\u00a0<strong>26,5cm<\/strong>\u00a0offrira au joueur de padel une bonne maniabilit\u00e9 sans sacrifier la puissance.<\/p>\n<ul>\n<li><strong>Puissance facile<\/strong>: Con\u00e7ue avec des mat\u00e9riaux souples apportant du dynamisme \u00e0 la raquette, mais \u00e9galement de la puissance.<\/li>\n<li><strong>Maniabilit\u00e9<\/strong>: Avec une bonne maniabilit\u00e9, vous pourrez utiliser toute la puissance contenue dans la raquette. Le poids l\u00e9ger de cette Air Vertuo 2023 permet d&#8217;effectuer des gestes rapides afin de prendre le contr\u00f4le du terrain.<\/li>\n<li><strong>Confort<\/strong>: Les mat\u00e9riaux souples comme le\u00a0<strong>Black Eva<\/strong>\u00a0permettent de r\u00e9duire de mani\u00e8re efficace les vibrations pour un confort ultime.<\/li>\n<\/ul>\n<p>Cette raquette est id\u00e9ale pour les joueurs\u00a0<strong>d\u00e9butants \u00e0 interm\u00e9diaire<\/strong>\u00a0en recherche de maniabilit\u00e9, de confort et de puissance facile.<\/p>\n","protected":false},"excerpt":{"rendered":"<p>La\u00a0Babolat Air Vertuo 2023\u00a0est une raquette de forme goutte d&#8217;eau con\u00e7ue pour offrir la meilleure polyvalence entre puissance et contr\u00f4le. Cette forme va aider les d\u00e9butants \u00e0 g\u00e9n\u00e9rer plus de vitesse de balle, et gr\u00e2ce \u00e0 sa masse l\u00e9g\u00e8re de\u00a0345 grammes, elle offrira une excellente maniabilit\u00e9. Son \u00e9quilibre moyen de\u00a026,5cm\u00a0offrira au joueur de padel une [&hellip;]<\/p>\n","protected":false},"featured_media":111418,"comment_status":"open","ping_status":"closed","template":"","meta":[],"product_cat":[786,84],"product_tag":[],"_links":{"self":[{"href":"https:\/\/www.sport4club.be\/index.php\/wp-json\/wp\/v2\/product\/111417"}],"collection":[{"href":"https:\/\/www.sport4club.be\/index.php\/wp-json\/wp\/v2\/product"}],"about":[{"href":"https:\/\/www.sport4club.be\/index.php\/wp-json\/wp\/v2\/types\/product"}],"replies":[{"embeddable":true,"href":"https:\/\/www.sport4club.be\/index.php\/wp-json\/wp\/v2\/comments?post=111417"}],"wp:featuredmedia":[{"embeddable":true,"href":"https:\/\/www.sport4club.be\/index.php\/wp-json\/wp\/v2\/media\/111418"}],"wp:attachment":[{"href":"https:\/\/www.sport4club.be\/index.php\/wp-json\/wp\/v2\/media?parent=111417"}],"wp:term":[{"taxonomy":"product_cat","embeddable":true,"href":"https:\/\/www.sport4club.be\/index.php\/wp-json\/wp\/v2\/product_cat?post=111417"},{"taxonomy":"product_tag","embeddable":true,"href":"https:\/\/www.sport4club.be\/index.php\/wp-json\/wp\/v2\/product_tag?post=111417"}],"curies":[{"name":"wp","href":"https:\/\/api.w.org\/{rel}","templated":true}]}}