{"id":111388,"date":"2023-04-19T10:40:25","date_gmt":"2023-04-19T08:40:25","guid":{"rendered":"https:\/\/www.sport4club.be\/?post_type=product&#038;p=111388"},"modified":"2023-10-31T09:59:45","modified_gmt":"2023-10-31T08:59:45","slug":"babolat-technical-viper-2023","status":"publish","type":"product","link":"https:\/\/www.sport4club.be\/index.php\/product\/babolat-technical-viper-2023\/","title":{"rendered":"Babolat Technical Viper 2023"},"content":{"rendered":"<p><b>Puissance explosive<\/b>\u00a0et\u00a0<b>pr\u00e9cision<\/b>\u00a0sur les coups d&#8217;attaque. C&#8217;est ce dont l&#8217;attaquant technique a besoin pour diriger le jeu et faire la diff\u00e9rence en utilisant sa technique et sa force.<\/p>\n<p>La Technical Viper \u00e9volue et revient avec toujours autant de puissance et un confort am\u00e9lior\u00e9.<\/p>\n<p>Soyez un TECHNICAL STRIKER. Smashez-la par 3 depuis n&#8217;importe o\u00f9.<\/p>\n<p>&nbsp;<\/p>\n","protected":false},"excerpt":{"rendered":"<p>Puissance explosive\u00a0et\u00a0pr\u00e9cision\u00a0sur les coups d&#8217;attaque. C&#8217;est ce dont l&#8217;attaquant technique a besoin pour diriger le jeu et faire la diff\u00e9rence en utilisant sa technique et sa force. La Technical Viper \u00e9volue et revient avec toujours autant de puissance et un confort am\u00e9lior\u00e9. Soyez un TECHNICAL STRIKER. Smashez-la par 3 depuis n&#8217;importe o\u00f9. &nbsp;<\/p>\n","protected":false},"featured_media":111389,"comment_status":"open","ping_status":"closed","template":"","meta":[],"product_cat":[786,84],"product_tag":[],"_links":{"self":[{"href":"https:\/\/www.sport4club.be\/index.php\/wp-json\/wp\/v2\/product\/111388"}],"collection":[{"href":"https:\/\/www.sport4club.be\/index.php\/wp-json\/wp\/v2\/product"}],"about":[{"href":"https:\/\/www.sport4club.be\/index.php\/wp-json\/wp\/v2\/types\/product"}],"replies":[{"embeddable":true,"href":"https:\/\/www.sport4club.be\/index.php\/wp-json\/wp\/v2\/comments?post=111388"}],"wp:featuredmedia":[{"embeddable":true,"href":"https:\/\/www.sport4club.be\/index.php\/wp-json\/wp\/v2\/media\/111389"}],"wp:attachment":[{"href":"https:\/\/www.sport4club.be\/index.php\/wp-json\/wp\/v2\/media?parent=111388"}],"wp:term":[{"taxonomy":"product_cat","embeddable":true,"href":"https:\/\/www.sport4club.be\/index.php\/wp-json\/wp\/v2\/product_cat?post=111388"},{"taxonomy":"product_tag","embeddable":true,"href":"https:\/\/www.sport4club.be\/index.php\/wp-json\/wp\/v2\/product_tag?post=111388"}],"curies":[{"name":"wp","href":"https:\/\/api.w.org\/{rel}","templated":true}]}}