{"id":110865,"date":"2023-03-02T09:49:20","date_gmt":"2023-03-02T08:49:20","guid":{"rendered":"https:\/\/www.sport4club.be\/?post_type=product&#038;p=110865"},"modified":"2025-07-09T17:40:18","modified_gmt":"2025-07-09T15:40:18","slug":"bullpadel-next-pro-x3balles","status":"publish","type":"product","link":"https:\/\/www.sport4club.be\/index.php\/product\/bullpadel-next-pro-x3balles\/","title":{"rendered":"Bullpadel Next Pro x3balles"},"content":{"rendered":"<p>La balle\u00a0Bullpadel Next Pro\u00a0est une balle de padel durable, performante et vive, qui garantit un maximum de sensation de jeu gr\u00e2ce \u00e0 sa conception haut de gamme.<\/p>\n<p>Cette balle est con\u00e7ue pour s&#8217;adapter \u00e0 toutes les surfaces de jeu et convient aux joueurs de padel exigeants ainsi qu&#8217;aux tournois. Elle est dot\u00e9e d&#8217;une grande durabilit\u00e9 et offre les meilleures sensations de frappe gr\u00e2ce \u00e0 sa fabrication en feutre naturel de haute qualit\u00e9.<\/p>\n<p>Disponible en\u00a0tube de 3 balles, la Bullpadel Next Pro est une balle de padel haut de gamme qui saura satisfaire les joueurs les plus exigeants en termes de performance et de qualit\u00e9.<\/p>\n","protected":false},"excerpt":{"rendered":"<p>La balle\u00a0Bullpadel Next Pro\u00a0est une balle de padel durable, performante et vive, qui garantit un maximum de sensation de jeu gr\u00e2ce \u00e0 sa conception haut de gamme. Cette balle est con\u00e7ue pour s&#8217;adapter \u00e0 toutes les surfaces de jeu et convient aux joueurs de padel exigeants ainsi qu&#8217;aux tournois. Elle est dot\u00e9e d&#8217;une grande durabilit\u00e9 [&hellip;]<\/p>\n","protected":false},"featured_media":110866,"comment_status":"open","ping_status":"closed","template":"","meta":[],"product_cat":[88],"product_tag":[],"_links":{"self":[{"href":"https:\/\/www.sport4club.be\/index.php\/wp-json\/wp\/v2\/product\/110865"}],"collection":[{"href":"https:\/\/www.sport4club.be\/index.php\/wp-json\/wp\/v2\/product"}],"about":[{"href":"https:\/\/www.sport4club.be\/index.php\/wp-json\/wp\/v2\/types\/product"}],"replies":[{"embeddable":true,"href":"https:\/\/www.sport4club.be\/index.php\/wp-json\/wp\/v2\/comments?post=110865"}],"wp:featuredmedia":[{"embeddable":true,"href":"https:\/\/www.sport4club.be\/index.php\/wp-json\/wp\/v2\/media\/110866"}],"wp:attachment":[{"href":"https:\/\/www.sport4club.be\/index.php\/wp-json\/wp\/v2\/media?parent=110865"}],"wp:term":[{"taxonomy":"product_cat","embeddable":true,"href":"https:\/\/www.sport4club.be\/index.php\/wp-json\/wp\/v2\/product_cat?post=110865"},{"taxonomy":"product_tag","embeddable":true,"href":"https:\/\/www.sport4club.be\/index.php\/wp-json\/wp\/v2\/product_tag?post=110865"}],"curies":[{"name":"wp","href":"https:\/\/api.w.org\/{rel}","templated":true}]}}