{"id":110733,"date":"2023-02-20T09:06:42","date_gmt":"2023-02-20T08:06:42","guid":{"rendered":"https:\/\/www.sport4club.be\/?post_type=product&#038;p=110733"},"modified":"2024-07-07T14:34:58","modified_gmt":"2024-07-07T12:34:58","slug":"wilson-pro-staff-x-v14-0-315gr","status":"publish","type":"product","link":"https:\/\/www.sport4club.be\/index.php\/product\/wilson-pro-staff-x-v14-0-315gr\/","title":{"rendered":"Wilson Pro Staff X V14.0 (315gr)"},"content":{"rendered":"<p>Wilson r\u00e9invente sa mythique Pro Staff avec une version X plus tol\u00e9rante.<\/p>\n<p>Cette raquette\u00a0<strong>Wilson Pro Staff X V14.0<\/strong>\u00a0arbore le tout nouveau design de la gamme, ce bronze avec des reflets bruns qui ne laissera pas indiff\u00e9rent. Contrairement aux autres mod\u00e8les, elle dispose d&#8217;un grand tamis de\u00a0<strong>645cm\u00b2<\/strong>\u00a0qui offrira le meilleur compromis entre jouabilit\u00e9, contr\u00f4le et puissance.<\/p>\n<p>Son poids de\u00a0<strong>315 grammes<\/strong>\u00a0coupl\u00e9 \u00e0 un\u00a0<strong>\u00e9quilibre de 31 cm<\/strong>\u00a0offre stabilit\u00e9, lourdeur de balle et bonne maniabilit\u00e9 pour les joueurs de fond de court. Son plan de cordage 16&#215;19 un peu plus ouvert que sur la version 97 procure une meilleure accessibilit\u00e9 aux effets pour dominer les \u00e9changes.<\/p>\n<p>Cette version X profite des derni\u00e8res technologies Wilson pour proposer un haut niveau de pr\u00e9cision, de confort et de performance.<\/p>\n<p>Malgr\u00e9 un poids relativement lourd, l&#8217;<strong>\u00e9quilibre bas de 31cm<\/strong>\u00a0de la raquette permet de l&#8217;oublier compl\u00e8tement lors des \u00e9changes. Les coups sont pr\u00e9cis et nous avons beaucoup de contr\u00f4le, ce qui est id\u00e9al pour les joueurs qui cherchent une raquette \u00e0 la fois puissante gr\u00e2ce \u00e0 son\u00a0<strong>poids de 315g<\/strong>\u00a0et pr\u00e9cise.<\/p>\n<p>En somme, la touche de la gamme Pro Staff est clairement pr\u00e9sente dans cette version X, et elle permettra de toucher un public plus large gr\u00e2ce au gain en tol\u00e9rance. Si vous cherchez une raquette qui allie puissance, pr\u00e9cision et tol\u00e9rance, la Wilson Pro Staff X V14 est une option \u00e0 consid\u00e9rer.<\/p>\n<p>Cette raquette est id\u00e9ale pour les joueurs \u00e0 la recherche de contr\u00f4le, de pr\u00e9cision et des sensations uniques de la gamme Pro Staff avec un surplus de tol\u00e9rance.<\/p>\n","protected":false},"excerpt":{"rendered":"<p>Wilson r\u00e9invente sa mythique Pro Staff avec une version X plus tol\u00e9rante. Cette raquette\u00a0Wilson Pro Staff X V14.0\u00a0arbore le tout nouveau design de la gamme, ce bronze avec des reflets bruns qui ne laissera pas indiff\u00e9rent. Contrairement aux autres mod\u00e8les, elle dispose d&#8217;un grand tamis de\u00a0645cm\u00b2\u00a0qui offrira le meilleur compromis entre jouabilit\u00e9, contr\u00f4le et puissance. [&hellip;]<\/p>\n","protected":false},"featured_media":110734,"comment_status":"open","ping_status":"closed","template":"","meta":[],"product_cat":[145],"product_tag":[],"_links":{"self":[{"href":"https:\/\/www.sport4club.be\/index.php\/wp-json\/wp\/v2\/product\/110733"}],"collection":[{"href":"https:\/\/www.sport4club.be\/index.php\/wp-json\/wp\/v2\/product"}],"about":[{"href":"https:\/\/www.sport4club.be\/index.php\/wp-json\/wp\/v2\/types\/product"}],"replies":[{"embeddable":true,"href":"https:\/\/www.sport4club.be\/index.php\/wp-json\/wp\/v2\/comments?post=110733"}],"wp:featuredmedia":[{"embeddable":true,"href":"https:\/\/www.sport4club.be\/index.php\/wp-json\/wp\/v2\/media\/110734"}],"wp:attachment":[{"href":"https:\/\/www.sport4club.be\/index.php\/wp-json\/wp\/v2\/media?parent=110733"}],"wp:term":[{"taxonomy":"product_cat","embeddable":true,"href":"https:\/\/www.sport4club.be\/index.php\/wp-json\/wp\/v2\/product_cat?post=110733"},{"taxonomy":"product_tag","embeddable":true,"href":"https:\/\/www.sport4club.be\/index.php\/wp-json\/wp\/v2\/product_tag?post=110733"}],"curies":[{"name":"wp","href":"https:\/\/api.w.org\/{rel}","templated":true}]}}