{"id":110726,"date":"2023-02-20T08:57:35","date_gmt":"2023-02-20T07:57:35","guid":{"rendered":"https:\/\/www.sport4club.be\/?post_type=product&#038;p=110726"},"modified":"2024-07-07T14:32:03","modified_gmt":"2024-07-07T12:32:03","slug":"wilson-pro-staff-97ul-v14-0-270gr","status":"publish","type":"product","link":"https:\/\/www.sport4club.be\/index.php\/product\/wilson-pro-staff-97ul-v14-0-270gr\/","title":{"rendered":"Wilson Pro Staff 97UL V14.0 (270gr)"},"content":{"rendered":"<p>La\u00a0<strong>Wilson Pro Staff 97UL V14.0<\/strong>\u00a0revient avec un nouveau design qui ne va pas laisser indiff\u00e9rent sur les courts. Sa peinture iridescente bronze aux reflets bruns vous donnera un style incomparable pendant les matchs.<br \/>\nLa Pro Staff 97UL V14.0 est la raquette la plus l\u00e9g\u00e8re de la gamme, elle est annonc\u00e9e \u00e0 270\u00a0<em>grammes (non cord\u00e9e)<\/em>. Ce cadre dispose d&#8217;<em>un tamis de 626cm\u00b2<\/em>, d&#8217;<em>un \u00e9quilibre de 32,5cm<\/em>, d&#8217;<em>un plan de cordage en 16&#215;19<\/em>. Ces \u00e9l\u00e9ments apportent \u00e0 la raquette de la longueur de balle, des trajectoires ma\u00eetris\u00e9es, des effets contr\u00f4l\u00e9s tout en garantissant une puissance r\u00e9gul\u00e9e.<\/p>\n<p>Ce cadre est destin\u00e9 aux jeunes joueurs pratiquant le tennis en comp\u00e9tition qui souhaitent s&#8217;am\u00e9liorer et\u00a0<strong>progresser<\/strong>\u00a0ou des joueurs plus \u00e2g\u00e9s qui recherchent une\u00a0<strong>raquette maniable<\/strong>\u00a0dot\u00e9e d&#8217;un\u00a0<strong>bon<\/strong>\u00a0<strong>contr\u00f4le<\/strong>. Bien pr\u00e9sent \u00e0 l&#8217;int\u00e9rieur du court, vous mettez la pression sur votre adversaire gr\u00e2ce \u00e0 une\u00a0<strong>grande maniabilit\u00e9<\/strong> offerte par le cadre.<\/p>\n","protected":false},"excerpt":{"rendered":"<p>La\u00a0Wilson Pro Staff 97UL V14.0\u00a0revient avec un nouveau design qui ne va pas laisser indiff\u00e9rent sur les courts. Sa peinture iridescente bronze aux reflets bruns vous donnera un style incomparable pendant les matchs. La Pro Staff 97UL V14.0 est la raquette la plus l\u00e9g\u00e8re de la gamme, elle est annonc\u00e9e \u00e0 270\u00a0grammes (non cord\u00e9e). Ce [&hellip;]<\/p>\n","protected":false},"featured_media":110727,"comment_status":"open","ping_status":"closed","template":"","meta":[],"product_cat":[145,786],"product_tag":[],"_links":{"self":[{"href":"https:\/\/www.sport4club.be\/index.php\/wp-json\/wp\/v2\/product\/110726"}],"collection":[{"href":"https:\/\/www.sport4club.be\/index.php\/wp-json\/wp\/v2\/product"}],"about":[{"href":"https:\/\/www.sport4club.be\/index.php\/wp-json\/wp\/v2\/types\/product"}],"replies":[{"embeddable":true,"href":"https:\/\/www.sport4club.be\/index.php\/wp-json\/wp\/v2\/comments?post=110726"}],"wp:featuredmedia":[{"embeddable":true,"href":"https:\/\/www.sport4club.be\/index.php\/wp-json\/wp\/v2\/media\/110727"}],"wp:attachment":[{"href":"https:\/\/www.sport4club.be\/index.php\/wp-json\/wp\/v2\/media?parent=110726"}],"wp:term":[{"taxonomy":"product_cat","embeddable":true,"href":"https:\/\/www.sport4club.be\/index.php\/wp-json\/wp\/v2\/product_cat?post=110726"},{"taxonomy":"product_tag","embeddable":true,"href":"https:\/\/www.sport4club.be\/index.php\/wp-json\/wp\/v2\/product_tag?post=110726"}],"curies":[{"name":"wp","href":"https:\/\/api.w.org\/{rel}","templated":true}]}}