{"id":11052,"date":"2018-12-14T16:44:39","date_gmt":"2018-12-14T15:44:39","guid":{"rendered":"https:\/\/www.sport4club.be\/?post_type=product&#038;p=11052"},"modified":"2023-12-12T11:30:47","modified_gmt":"2023-12-12T10:30:47","slug":"babolat-core-hood-sweat","status":"publish","type":"product","link":"https:\/\/www.sport4club.be\/index.php\/product\/babolat-core-hood-sweat\/","title":{"rendered":"Babolat Core Hood Sweat"},"content":{"rendered":"<h4 class=\"fs16 none fbold color3\"><em>SWEAT EN COTON POUR UN CONFORT OPTIMAL<\/em><\/h4>\n<div class=\"grid_12 omega\"><em>Le Core Hood Sweat est une veste zipp\u00e9e en m\u00e9lange coton (70%) et polyester (30%). <\/em><\/div>\n<div class=\"grid_12 omega\"><em>Il poss\u00e8de une capuche, un zip complet et deux poches mains. <\/em><\/div>\n<div class=\"grid_12 omega\"><em>Ce produit allie confort et chaleur, ce qui le rend id\u00e9al pour la pratique du sport.<\/em><\/div>\n","protected":false},"excerpt":{"rendered":"<p>SWEAT EN COTON POUR UN CONFORT OPTIMAL Le Core Hood Sweat est une veste zipp\u00e9e en m\u00e9lange coton (70%) et polyester (30%). Il poss\u00e8de une capuche, un zip complet et deux poches mains. Ce produit allie confort et chaleur, ce qui le rend id\u00e9al pour la pratique du sport.<\/p>\n","protected":false},"featured_media":11053,"comment_status":"open","ping_status":"closed","template":"","meta":[],"product_cat":[481],"product_tag":[],"_links":{"self":[{"href":"https:\/\/www.sport4club.be\/index.php\/wp-json\/wp\/v2\/product\/11052"}],"collection":[{"href":"https:\/\/www.sport4club.be\/index.php\/wp-json\/wp\/v2\/product"}],"about":[{"href":"https:\/\/www.sport4club.be\/index.php\/wp-json\/wp\/v2\/types\/product"}],"replies":[{"embeddable":true,"href":"https:\/\/www.sport4club.be\/index.php\/wp-json\/wp\/v2\/comments?post=11052"}],"wp:featuredmedia":[{"embeddable":true,"href":"https:\/\/www.sport4club.be\/index.php\/wp-json\/wp\/v2\/media\/11053"}],"wp:attachment":[{"href":"https:\/\/www.sport4club.be\/index.php\/wp-json\/wp\/v2\/media?parent=11052"}],"wp:term":[{"taxonomy":"product_cat","embeddable":true,"href":"https:\/\/www.sport4club.be\/index.php\/wp-json\/wp\/v2\/product_cat?post=11052"},{"taxonomy":"product_tag","embeddable":true,"href":"https:\/\/www.sport4club.be\/index.php\/wp-json\/wp\/v2\/product_tag?post=11052"}],"curies":[{"name":"wp","href":"https:\/\/api.w.org\/{rel}","templated":true}]}}