{"id":11026,"date":"2018-12-14T16:35:45","date_gmt":"2018-12-14T15:35:45","guid":{"rendered":"https:\/\/www.sport4club.be\/?post_type=product&#038;p=11026"},"modified":"2020-03-15T17:25:37","modified_gmt":"2020-03-15T16:25:37","slug":"babolat-core-short-8","status":"publish","type":"product","link":"https:\/\/www.sport4club.be\/index.php\/product\/babolat-core-short-8\/","title":{"rendered":"Babolat Core Short 8&#8243;"},"content":{"rendered":"<h4 class=\"fs16 none fbold color3\"><em>SHORT DE TENNIS CONFORTABLE ET L\u00c9GER<\/em><\/h4>\n<div class=\"grid_12 omega\"><em>Short 100% polyester con\u00e7u avec un tissu FiberDry l\u00e9ger et confortable, sa technologie 360\u00b0 Motion permet aussi une grande libert\u00e9 de mouvement. <\/em><\/div>\n<div class=\"grid_12 omega\"><em>Longueur entrejambe : 16,8 cm (8 inch)<\/em><\/div>\n","protected":false},"excerpt":{"rendered":"<p>SHORT DE TENNIS CONFORTABLE ET L\u00c9GER Short 100% polyester con\u00e7u avec un tissu FiberDry l\u00e9ger et confortable, sa technologie 360\u00b0 Motion permet aussi une grande libert\u00e9 de mouvement. Longueur entrejambe : 16,8 cm (8 inch)<\/p>\n","protected":false},"featured_media":11027,"comment_status":"open","ping_status":"closed","template":"","meta":[],"product_cat":[481],"product_tag":[],"_links":{"self":[{"href":"https:\/\/www.sport4club.be\/index.php\/wp-json\/wp\/v2\/product\/11026"}],"collection":[{"href":"https:\/\/www.sport4club.be\/index.php\/wp-json\/wp\/v2\/product"}],"about":[{"href":"https:\/\/www.sport4club.be\/index.php\/wp-json\/wp\/v2\/types\/product"}],"replies":[{"embeddable":true,"href":"https:\/\/www.sport4club.be\/index.php\/wp-json\/wp\/v2\/comments?post=11026"}],"wp:featuredmedia":[{"embeddable":true,"href":"https:\/\/www.sport4club.be\/index.php\/wp-json\/wp\/v2\/media\/11027"}],"wp:attachment":[{"href":"https:\/\/www.sport4club.be\/index.php\/wp-json\/wp\/v2\/media?parent=11026"}],"wp:term":[{"taxonomy":"product_cat","embeddable":true,"href":"https:\/\/www.sport4club.be\/index.php\/wp-json\/wp\/v2\/product_cat?post=11026"},{"taxonomy":"product_tag","embeddable":true,"href":"https:\/\/www.sport4club.be\/index.php\/wp-json\/wp\/v2\/product_tag?post=11026"}],"curies":[{"name":"wp","href":"https:\/\/api.w.org\/{rel}","templated":true}]}}