{"id":110222,"date":"2023-01-05T12:20:50","date_gmt":"2023-01-05T11:20:50","guid":{"rendered":"https:\/\/www.sport4club.be\/?post_type=product&#038;p=110222"},"modified":"2024-08-21T17:02:13","modified_gmt":"2024-08-21T15:02:13","slug":"tretorn-padel-serie-x3balles","status":"publish","type":"product","link":"https:\/\/www.sport4club.be\/index.php\/product\/tretorn-padel-serie-x3balles\/","title":{"rendered":"TRETORN PADEL SERIE+ x3balles"},"content":{"rendered":"<p><em>La balle de padel Tretorn Serie+ est con\u00e7ue pour les joueurs exigeants qui souhaitent une balle haut de gamme pour des matchs intenses.<\/em><\/p>\n<p><em>Elle dispose d&#8217;un toucher sup\u00e9rieur.<\/em><\/p>\n<p><em>La construction de la balle en 3 pi\u00e8ces assurent la meilleure durabilit\u00e9 :<\/em><\/p>\n<ul>\n<li><em>Le coeur de balle en carbon noir fin est con\u00e7u pour un maximum de sensation. Son \u00e9quilibre procure des performances plus pr\u00e9cises.<\/em><\/li>\n<li><em>La membrane BASF permet une bonne tenue de la pression pour une rebond consistant dans la dur\u00e9e.<\/em><\/li>\n<li><em>Le feutre l\u00e9ger de haute qualit\u00e9 procure une bonne vivacit\u00e9. Sp\u00e9cialement d\u00e9velopp\u00e9 pour le padel.<\/em><\/li>\n<\/ul>\n","protected":false},"excerpt":{"rendered":"<p>La balle de padel Tretorn Serie+ est con\u00e7ue pour les joueurs exigeants qui souhaitent une balle haut de gamme pour des matchs intenses. Elle dispose d&#8217;un toucher sup\u00e9rieur. La construction de la balle en 3 pi\u00e8ces assurent la meilleure durabilit\u00e9 : Le coeur de balle en carbon noir fin est con\u00e7u pour un maximum de [&hellip;]<\/p>\n","protected":false},"featured_media":110223,"comment_status":"open","ping_status":"closed","template":"","meta":[],"product_cat":[88,15],"product_tag":[],"_links":{"self":[{"href":"https:\/\/www.sport4club.be\/index.php\/wp-json\/wp\/v2\/product\/110222"}],"collection":[{"href":"https:\/\/www.sport4club.be\/index.php\/wp-json\/wp\/v2\/product"}],"about":[{"href":"https:\/\/www.sport4club.be\/index.php\/wp-json\/wp\/v2\/types\/product"}],"replies":[{"embeddable":true,"href":"https:\/\/www.sport4club.be\/index.php\/wp-json\/wp\/v2\/comments?post=110222"}],"wp:featuredmedia":[{"embeddable":true,"href":"https:\/\/www.sport4club.be\/index.php\/wp-json\/wp\/v2\/media\/110223"}],"wp:attachment":[{"href":"https:\/\/www.sport4club.be\/index.php\/wp-json\/wp\/v2\/media?parent=110222"}],"wp:term":[{"taxonomy":"product_cat","embeddable":true,"href":"https:\/\/www.sport4club.be\/index.php\/wp-json\/wp\/v2\/product_cat?post=110222"},{"taxonomy":"product_tag","embeddable":true,"href":"https:\/\/www.sport4club.be\/index.php\/wp-json\/wp\/v2\/product_tag?post=110222"}],"curies":[{"name":"wp","href":"https:\/\/api.w.org\/{rel}","templated":true}]}}