{"id":109759,"date":"2022-09-22T10:41:16","date_gmt":"2022-09-22T08:41:16","guid":{"rendered":"https:\/\/www.sport4club.be\/?post_type=product&#038;p=109759"},"modified":"2025-01-13T07:40:33","modified_gmt":"2025-01-13T06:40:33","slug":"wilson-blade-junior-25-v8-0-245gr","status":"publish","type":"product","link":"https:\/\/www.sport4club.be\/index.php\/product\/wilson-blade-junior-25-v8-0-245gr\/","title":{"rendered":"Wilson Blade junior 25 V8.0 (245gr)"},"content":{"rendered":"<p><em>La raquette de tennis pour enfants\u00a0<strong>Wilson Junior Blade 25<\/strong>\u00a0est id\u00e9ale pour les jeunes champions de\u00a0<strong>8 \u00e0 10 ans<\/strong>\u00a0pratiquant le tennis r\u00e9guli\u00e8rement et souhaitant performer en comp\u00e9tition. Comme la version adulte la Blade 25 v8.0 adopte la technologie Fortyfive pour encore plus de sensation.<\/em><\/p>\n<p><em>La Blade Junior est\u00a0<strong>maniable<\/strong>\u00a0et propose un rapport puissance\/contr\u00f4le\/sensation exceptionnel.<\/em><\/p>\n<p><em>Raquette cord\u00e9e<\/em><\/p>\n","protected":false},"excerpt":{"rendered":"<p>La raquette de tennis pour enfants\u00a0Wilson Junior Blade 25\u00a0est id\u00e9ale pour les jeunes champions de\u00a08 \u00e0 10 ans\u00a0pratiquant le tennis r\u00e9guli\u00e8rement et souhaitant performer en comp\u00e9tition. Comme la version adulte la Blade 25 v8.0 adopte la technologie Fortyfive pour encore plus de sensation. La Blade Junior est\u00a0maniable\u00a0et propose un rapport puissance\/contr\u00f4le\/sensation exceptionnel. Raquette cord\u00e9e<\/p>\n","protected":false},"featured_media":109760,"comment_status":"open","ping_status":"closed","template":"","meta":[],"product_cat":[146,786],"product_tag":[],"_links":{"self":[{"href":"https:\/\/www.sport4club.be\/index.php\/wp-json\/wp\/v2\/product\/109759"}],"collection":[{"href":"https:\/\/www.sport4club.be\/index.php\/wp-json\/wp\/v2\/product"}],"about":[{"href":"https:\/\/www.sport4club.be\/index.php\/wp-json\/wp\/v2\/types\/product"}],"replies":[{"embeddable":true,"href":"https:\/\/www.sport4club.be\/index.php\/wp-json\/wp\/v2\/comments?post=109759"}],"wp:featuredmedia":[{"embeddable":true,"href":"https:\/\/www.sport4club.be\/index.php\/wp-json\/wp\/v2\/media\/109760"}],"wp:attachment":[{"href":"https:\/\/www.sport4club.be\/index.php\/wp-json\/wp\/v2\/media?parent=109759"}],"wp:term":[{"taxonomy":"product_cat","embeddable":true,"href":"https:\/\/www.sport4club.be\/index.php\/wp-json\/wp\/v2\/product_cat?post=109759"},{"taxonomy":"product_tag","embeddable":true,"href":"https:\/\/www.sport4club.be\/index.php\/wp-json\/wp\/v2\/product_tag?post=109759"}],"curies":[{"name":"wp","href":"https:\/\/api.w.org\/{rel}","templated":true}]}}