{"id":109281,"date":"2022-06-11T10:24:21","date_gmt":"2022-06-11T08:24:21","guid":{"rendered":"https:\/\/www.sport4club.be\/?post_type=product&#038;p=109281"},"modified":"2024-08-21T09:01:56","modified_gmt":"2024-08-21T07:01:56","slug":"balls-unlimited-padel-x3balles","status":"publish","type":"product","link":"https:\/\/www.sport4club.be\/index.php\/product\/balls-unlimited-padel-x3balles\/","title":{"rendered":"Balls Unlimited Padel x3balles"},"content":{"rendered":"<p><em>La nouvelle balle de padel Balls Unlimited est le r\u00e9sultat d\u2019un ajustement pr\u00e9cis de mat\u00e9riaux s\u00e9lectionn\u00e9s aux exigences particuli\u00e8res du court de padel. <\/em><\/p>\n<p><em>Le feutre est sp\u00e9cialement adapt\u00e9 \u00e0 la surface compl\u00e8tement diff\u00e9rente de la raquette de tennis cord\u00e9e, de sorte qu\u2019une sensation compl\u00e8te est cr\u00e9\u00e9e au moment de l\u2019impact et a donc un effet positif sur les effets du contr\u00f4le de balle.<\/em><\/p>\n","protected":false},"excerpt":{"rendered":"<p>La nouvelle balle de padel Balls Unlimited est le r\u00e9sultat d\u2019un ajustement pr\u00e9cis de mat\u00e9riaux s\u00e9lectionn\u00e9s aux exigences particuli\u00e8res du court de padel. Le feutre est sp\u00e9cialement adapt\u00e9 \u00e0 la surface compl\u00e8tement diff\u00e9rente de la raquette de tennis cord\u00e9e, de sorte qu\u2019une sensation compl\u00e8te est cr\u00e9\u00e9e au moment de l\u2019impact et a donc un effet [&hellip;]<\/p>\n","protected":false},"featured_media":109282,"comment_status":"open","ping_status":"closed","template":"","meta":[],"product_cat":[88],"product_tag":[],"_links":{"self":[{"href":"https:\/\/www.sport4club.be\/index.php\/wp-json\/wp\/v2\/product\/109281"}],"collection":[{"href":"https:\/\/www.sport4club.be\/index.php\/wp-json\/wp\/v2\/product"}],"about":[{"href":"https:\/\/www.sport4club.be\/index.php\/wp-json\/wp\/v2\/types\/product"}],"replies":[{"embeddable":true,"href":"https:\/\/www.sport4club.be\/index.php\/wp-json\/wp\/v2\/comments?post=109281"}],"wp:featuredmedia":[{"embeddable":true,"href":"https:\/\/www.sport4club.be\/index.php\/wp-json\/wp\/v2\/media\/109282"}],"wp:attachment":[{"href":"https:\/\/www.sport4club.be\/index.php\/wp-json\/wp\/v2\/media?parent=109281"}],"wp:term":[{"taxonomy":"product_cat","embeddable":true,"href":"https:\/\/www.sport4club.be\/index.php\/wp-json\/wp\/v2\/product_cat?post=109281"},{"taxonomy":"product_tag","embeddable":true,"href":"https:\/\/www.sport4club.be\/index.php\/wp-json\/wp\/v2\/product_tag?post=109281"}],"curies":[{"name":"wp","href":"https:\/\/api.w.org\/{rel}","templated":true}]}}