{"id":109116,"date":"2022-05-05T09:50:16","date_gmt":"2022-05-05T07:50:16","guid":{"rendered":"https:\/\/www.sport4club.be\/?post_type=product&#038;p=109116"},"modified":"2024-09-03T12:02:54","modified_gmt":"2024-09-03T10:02:54","slug":"head-boom-team-l-260gr","status":"publish","type":"product","link":"https:\/\/www.sport4club.be\/index.php\/product\/head-boom-team-l-260gr\/","title":{"rendered":"HEAD BOOM TEAM L 2024 (260gr)"},"content":{"rendered":"<p>En plus d&#8217;avoir un nouveau cosm\u00e9tique, la raquette\u00a0Head Boom Team L 2024\u00a0est d\u00e9sormais \u00e9quip\u00e9e de la technologie Auxetic 2.0, qui offre de meilleures sensations de jeu et un toucher de balle exceptionnel.<\/p>\n<p>Son acc\u00e8s facile \u00e0 la puissance procure un\u00a0maximum de plaisir de jeu. Id\u00e9al pour les jeunes d\u00e9butants ou aux juniors souhaitant un premier cadre adulte l\u00e9ger.<\/p>\n<p>En effet, son poids l\u00e9ger de\u00a0260 grammes\u00a0offre une grande maniabilit\u00e9 pour une prise en main plus facile de la raquette. Son\u00a0large tamis de 690cm\u00b2\u00a0procure un gain de puissance et surtout une grande tol\u00e9rance avec un sweetspot plus important. Quant \u00e0 son cadre souple, il offre plus de\u00a0confort \u00e0 la frappe. Tout a \u00e9t\u00e9 pens\u00e9 pour maximiser la jouabilit\u00e9 et rendre cette raquette de tennis facile \u00e0 jouer.<\/p>\n<p>Malgr\u00e9 son poids l\u00e9ger, son\u00a0plan de cordage 16&#215;19\u00a0et et son\u00a0\u00e9quilibre en t\u00eate \u00e0 34cm\u00a0procurent une\u00a0grande vitesse de balle\u00a0vous permettant d&#8217;effectuer des frappes explosifs sans forcer. Avec la Boom Team L 2024, vos services seront \u00e9galement redoutables. De plus, ce mix entre puissance, tol\u00e9rance et prise en main vous permettra de\u00a0gagner en confiance sur vos coups d&#8217;attaques.<\/p>\n<p>Elle se destine aux joueurs d\u00e9butants souhaitant un acc\u00e8s \u00e0 la puissance facile et souhaitant prendre un maximum de plaisir dans leur pratique du tennis.<\/p>\n<p>Nous conseillons \u00e9galement cette raquette aux juniors souhaitant un premier cadre adulte qui offre une grande vitesse de balle et une prise en main facile.<\/p>\n","protected":false},"excerpt":{"rendered":"<p>En plus d&#8217;avoir un nouveau cosm\u00e9tique, la raquette\u00a0Head Boom Team L 2024\u00a0est d\u00e9sormais \u00e9quip\u00e9e de la technologie Auxetic 2.0, qui offre de meilleures sensations de jeu et un toucher de balle exceptionnel. Son acc\u00e8s facile \u00e0 la puissance procure un\u00a0maximum de plaisir de jeu. Id\u00e9al pour les jeunes d\u00e9butants ou aux juniors souhaitant un premier [&hellip;]<\/p>\n","protected":false},"featured_media":113934,"comment_status":"open","ping_status":"closed","template":"","meta":[],"product_cat":[145,786],"product_tag":[],"_links":{"self":[{"href":"https:\/\/www.sport4club.be\/index.php\/wp-json\/wp\/v2\/product\/109116"}],"collection":[{"href":"https:\/\/www.sport4club.be\/index.php\/wp-json\/wp\/v2\/product"}],"about":[{"href":"https:\/\/www.sport4club.be\/index.php\/wp-json\/wp\/v2\/types\/product"}],"replies":[{"embeddable":true,"href":"https:\/\/www.sport4club.be\/index.php\/wp-json\/wp\/v2\/comments?post=109116"}],"wp:featuredmedia":[{"embeddable":true,"href":"https:\/\/www.sport4club.be\/index.php\/wp-json\/wp\/v2\/media\/113934"}],"wp:attachment":[{"href":"https:\/\/www.sport4club.be\/index.php\/wp-json\/wp\/v2\/media?parent=109116"}],"wp:term":[{"taxonomy":"product_cat","embeddable":true,"href":"https:\/\/www.sport4club.be\/index.php\/wp-json\/wp\/v2\/product_cat?post=109116"},{"taxonomy":"product_tag","embeddable":true,"href":"https:\/\/www.sport4club.be\/index.php\/wp-json\/wp\/v2\/product_tag?post=109116"}],"curies":[{"name":"wp","href":"https:\/\/api.w.org\/{rel}","templated":true}]}}