{"id":109075,"date":"2022-04-16T12:09:23","date_gmt":"2022-04-16T10:09:23","guid":{"rendered":"https:\/\/www.sport4club.be\/?post_type=product&#038;p=109075"},"modified":"2024-08-21T09:27:25","modified_gmt":"2024-08-21T07:27:25","slug":"bullpadel-next-x3balles","status":"publish","type":"product","link":"https:\/\/www.sport4club.be\/index.php\/product\/bullpadel-next-x3balles\/","title":{"rendered":"Bullpadel Next x3balles"},"content":{"rendered":"<p>La balle\u00a0Next de Bullpadel\u00a0est une balle performante qui permet une grande vitesse et une meilleure sortie de balle. Elle est tr\u00e8s\u00a0durable\u00a0gr\u00e2ce \u00e0 sa fabrication en feutre synth\u00e9tique de haute qualit\u00e9 et am\u00e9liore \u00e9galement la\u00a0sensation \u00e0 la frappe.<\/p>\n<p>Son\u00a0noyau en caoutchouc de haute densit\u00e9\u00a0emp\u00eache une perte de pression pour am\u00e9liorer la\u00a0durabilit\u00e9\u00a0de la balle, ce qui est tr\u00e8s appr\u00e9ci\u00e9 par les joueurs de padel.<\/p>\n","protected":false},"excerpt":{"rendered":"<p>La balle\u00a0Next de Bullpadel\u00a0est une balle performante qui permet une grande vitesse et une meilleure sortie de balle. Elle est tr\u00e8s\u00a0durable\u00a0gr\u00e2ce \u00e0 sa fabrication en feutre synth\u00e9tique de haute qualit\u00e9 et am\u00e9liore \u00e9galement la\u00a0sensation \u00e0 la frappe. Son\u00a0noyau en caoutchouc de haute densit\u00e9\u00a0emp\u00eache une perte de pression pour am\u00e9liorer la\u00a0durabilit\u00e9\u00a0de la balle, ce qui est [&hellip;]<\/p>\n","protected":false},"featured_media":109076,"comment_status":"open","ping_status":"closed","template":"","meta":[],"product_cat":[88],"product_tag":[],"_links":{"self":[{"href":"https:\/\/www.sport4club.be\/index.php\/wp-json\/wp\/v2\/product\/109075"}],"collection":[{"href":"https:\/\/www.sport4club.be\/index.php\/wp-json\/wp\/v2\/product"}],"about":[{"href":"https:\/\/www.sport4club.be\/index.php\/wp-json\/wp\/v2\/types\/product"}],"replies":[{"embeddable":true,"href":"https:\/\/www.sport4club.be\/index.php\/wp-json\/wp\/v2\/comments?post=109075"}],"wp:featuredmedia":[{"embeddable":true,"href":"https:\/\/www.sport4club.be\/index.php\/wp-json\/wp\/v2\/media\/109076"}],"wp:attachment":[{"href":"https:\/\/www.sport4club.be\/index.php\/wp-json\/wp\/v2\/media?parent=109075"}],"wp:term":[{"taxonomy":"product_cat","embeddable":true,"href":"https:\/\/www.sport4club.be\/index.php\/wp-json\/wp\/v2\/product_cat?post=109075"},{"taxonomy":"product_tag","embeddable":true,"href":"https:\/\/www.sport4club.be\/index.php\/wp-json\/wp\/v2\/product_tag?post=109075"}],"curies":[{"name":"wp","href":"https:\/\/api.w.org\/{rel}","templated":true}]}}