{"id":108970,"date":"2022-03-20T15:45:42","date_gmt":"2022-03-20T14:45:42","guid":{"rendered":"https:\/\/www.sport4club.be\/?post_type=product&#038;p=108970"},"modified":"2023-10-31T10:10:08","modified_gmt":"2023-10-31T09:10:08","slug":"black-crown-piton-10","status":"publish","type":"product","link":"https:\/\/www.sport4club.be\/index.php\/product\/black-crown-piton-10\/","title":{"rendered":"Black Crown Piton 10"},"content":{"rendered":"<p><em>La raquette\u00a0<strong>Piton 10<\/strong>\u00a0dispose d&#8217;une\u00a0<strong>forme ronde<\/strong>\u00a0avec un\u00a0<strong>bon \u00e9quilibre entre contr\u00f4le et puissance<\/strong>. Son toucher ferme est parfait pour frapper des coups agressifs. Le cadre est en fibre de carbone 2TB Air \u00e0 80% am\u00e9liorant la r\u00e9sistance aux chocs.<\/em><\/p>\n<p><em>Deux couches de fibre de verre composent la raquette. Une couche de\u00a0<strong>Carbone 3K<\/strong>\u00a0+ une couche\u00a0<strong>Low Density Piton Glass<\/strong>. La raquette Piton 10 int\u00e8gre une nouvelle mousse EVA de la plus haute qualit\u00e9\u00a0<strong>Power Soft Memory White Eva<\/strong>\u00a0qui offre un\u00a0<strong>toucher ferme<\/strong>\u00a0au contact de la balle pour offrir une\u00a0<strong>bonne puissance mais \u00e9galement un bon niveau de contr\u00f4le<\/strong>. De plus, la raquette int\u00e8gre une surface rugueuse\u00a0<strong>3D spin<\/strong>\u00a0pour imprimer\u00a0<strong>plus d&#8217;effets<\/strong>\u00a0\u00e0 la balle.<\/em><\/p>\n","protected":false},"excerpt":{"rendered":"<p>La raquette\u00a0Piton 10\u00a0dispose d&#8217;une\u00a0forme ronde\u00a0avec un\u00a0bon \u00e9quilibre entre contr\u00f4le et puissance. Son toucher ferme est parfait pour frapper des coups agressifs. Le cadre est en fibre de carbone 2TB Air \u00e0 80% am\u00e9liorant la r\u00e9sistance aux chocs. Deux couches de fibre de verre composent la raquette. Une couche de\u00a0Carbone 3K\u00a0+ une couche\u00a0Low Density Piton Glass. [&hellip;]<\/p>\n","protected":false},"featured_media":108971,"comment_status":"open","ping_status":"closed","template":"","meta":[],"product_cat":[786,84],"product_tag":[],"_links":{"self":[{"href":"https:\/\/www.sport4club.be\/index.php\/wp-json\/wp\/v2\/product\/108970"}],"collection":[{"href":"https:\/\/www.sport4club.be\/index.php\/wp-json\/wp\/v2\/product"}],"about":[{"href":"https:\/\/www.sport4club.be\/index.php\/wp-json\/wp\/v2\/types\/product"}],"replies":[{"embeddable":true,"href":"https:\/\/www.sport4club.be\/index.php\/wp-json\/wp\/v2\/comments?post=108970"}],"wp:featuredmedia":[{"embeddable":true,"href":"https:\/\/www.sport4club.be\/index.php\/wp-json\/wp\/v2\/media\/108971"}],"wp:attachment":[{"href":"https:\/\/www.sport4club.be\/index.php\/wp-json\/wp\/v2\/media?parent=108970"}],"wp:term":[{"taxonomy":"product_cat","embeddable":true,"href":"https:\/\/www.sport4club.be\/index.php\/wp-json\/wp\/v2\/product_cat?post=108970"},{"taxonomy":"product_tag","embeddable":true,"href":"https:\/\/www.sport4club.be\/index.php\/wp-json\/wp\/v2\/product_tag?post=108970"}],"curies":[{"name":"wp","href":"https:\/\/api.w.org\/{rel}","templated":true}]}}