{"id":108699,"date":"2022-02-20T15:33:10","date_gmt":"2022-02-20T14:33:10","guid":{"rendered":"https:\/\/www.sport4club.be\/?post_type=product&#038;p=108699"},"modified":"2022-12-08T16:05:58","modified_gmt":"2022-12-08T15:05:58","slug":"solinco-black-out-300gr","status":"publish","type":"product","link":"https:\/\/www.sport4club.be\/index.php\/product\/solinco-black-out-300gr\/","title":{"rendered":"Solinco Black Out (300gr)"},"content":{"rendered":"<p>La\u00a0<strong>raquette de tennis Solinco Black Out 300<\/strong>\u00a0est un concentr\u00e9 de\u00a0<strong>puissance<\/strong>\u00a0et de\u00a0<strong>prise d&#8217;effet.<\/strong>\u00a0Sa construction est renforc\u00e9e par un nouveau mat\u00e9riau performant\u00a0<strong>Liquid Crystal Polymer<\/strong>\u00a0qui lui conf\u00e8re une r\u00e9sistance et stabilit\u00e9 5 fois sup\u00e9rieure \u00e0 celle de l&#8217;acier.<\/p>\n<p>La raquette propose une grande r\u00e9pulsion pour\u00a0<strong>maximiser la vitesse de balle<\/strong>\u00a0alors que son plan de cordage en 16&#215;19 procure une\u00a0<strong>bonne prise d&#8217;effets<\/strong>. Sa grande\u00a0<strong>rigidit\u00e9 de 71ra<\/strong>\u00a0renforce cette puissance. L&#8217;\u00e9quilibre l\u00e9g\u00e8rement en t\u00eate de 32,5cm va vous permettre d\u2019impr\u00e9gner de la\u00a0<strong>vitesse de balle facilement<\/strong>. Enfin, son poids de 300 grammes combin\u00e9 aux diff\u00e9rentes technologies permet d&#8217;avoir une\u00a0<strong>excellente stabilit\u00e9<\/strong>.<\/p>\n<p>Elle se destine \u00e0 des joueurs de comp\u00e9tition de fond de court en recherche d&#8217;une raquette qui offre la\u00a0<strong>meilleure combinaison de puissance et de prise d&#8217;effets<\/strong>.<\/p>\n","protected":false},"excerpt":{"rendered":"<p>La\u00a0raquette de tennis Solinco Black Out 300\u00a0est un concentr\u00e9 de\u00a0puissance\u00a0et de\u00a0prise d&#8217;effet.\u00a0Sa construction est renforc\u00e9e par un nouveau mat\u00e9riau performant\u00a0Liquid Crystal Polymer\u00a0qui lui conf\u00e8re une r\u00e9sistance et stabilit\u00e9 5 fois sup\u00e9rieure \u00e0 celle de l&#8217;acier. La raquette propose une grande r\u00e9pulsion pour\u00a0maximiser la vitesse de balle\u00a0alors que son plan de cordage en 16&#215;19 procure une\u00a0bonne [&hellip;]<\/p>\n","protected":false},"featured_media":108700,"comment_status":"open","ping_status":"closed","template":"","meta":[],"product_cat":[145],"product_tag":[],"_links":{"self":[{"href":"https:\/\/www.sport4club.be\/index.php\/wp-json\/wp\/v2\/product\/108699"}],"collection":[{"href":"https:\/\/www.sport4club.be\/index.php\/wp-json\/wp\/v2\/product"}],"about":[{"href":"https:\/\/www.sport4club.be\/index.php\/wp-json\/wp\/v2\/types\/product"}],"replies":[{"embeddable":true,"href":"https:\/\/www.sport4club.be\/index.php\/wp-json\/wp\/v2\/comments?post=108699"}],"wp:featuredmedia":[{"embeddable":true,"href":"https:\/\/www.sport4club.be\/index.php\/wp-json\/wp\/v2\/media\/108700"}],"wp:attachment":[{"href":"https:\/\/www.sport4club.be\/index.php\/wp-json\/wp\/v2\/media?parent=108699"}],"wp:term":[{"taxonomy":"product_cat","embeddable":true,"href":"https:\/\/www.sport4club.be\/index.php\/wp-json\/wp\/v2\/product_cat?post=108699"},{"taxonomy":"product_tag","embeddable":true,"href":"https:\/\/www.sport4club.be\/index.php\/wp-json\/wp\/v2\/product_tag?post=108699"}],"curies":[{"name":"wp","href":"https:\/\/api.w.org\/{rel}","templated":true}]}}