{"id":108544,"date":"2022-02-10T16:05:46","date_gmt":"2022-02-10T15:05:46","guid":{"rendered":"https:\/\/www.sport4club.be\/?post_type=product&#038;p=108544"},"modified":"2024-02-08T19:20:43","modified_gmt":"2024-02-08T18:20:43","slug":"adidas-essnova-carbon-3-1-red","status":"publish","type":"product","link":"https:\/\/www.sport4club.be\/index.php\/product\/adidas-essnova-carbon-3-1-red\/","title":{"rendered":"Adidas Essnova carbon 3.1 Red"},"content":{"rendered":"<p><em>La raquette\u00a0<strong>Adidas Essnova Carbon 3.1<\/strong>\u00a0poss\u00e8de une forme en\u00a0<strong>diamant oversize<\/strong>\u00a0afin de\u00a0<strong>maximiser la puissance<\/strong>. La structure en renforc\u00e9e en carbone la rend plus rigide afin d&#8217;<strong>optimiser la vitesse de balle<\/strong>. Elle offre une sensation unique \u00e0 la frappe gr\u00e2ce \u00e0 sa surface\u00a0<strong>3K<\/strong>\u00a0qui permet d&#8217;avoir un\u00a0<strong>toucher de balle unique<\/strong>. Vous b\u00e9n\u00e9ficierez d&#8217;une accroche suppl\u00e9mentaire gr\u00e2ce \u00e0 sa surface rugueuse qui amplifie les effets.<\/em><\/p>\n<p><em>Cette raquette de padel se destine au joueur de\u00a0<strong>niveau confirm\u00e9<\/strong>\u00a0qui privil\u00e9gie le\u00a0<strong>jeu en puissance\u00a0<\/strong>et le<strong>\u00a0toucher de balle<\/strong><\/em><\/p>\n","protected":false},"excerpt":{"rendered":"<p>La raquette\u00a0Adidas Essnova Carbon 3.1\u00a0poss\u00e8de une forme en\u00a0diamant oversize\u00a0afin de\u00a0maximiser la puissance. La structure en renforc\u00e9e en carbone la rend plus rigide afin d&#8217;optimiser la vitesse de balle. Elle offre une sensation unique \u00e0 la frappe gr\u00e2ce \u00e0 sa surface\u00a03K\u00a0qui permet d&#8217;avoir un\u00a0toucher de balle unique. Vous b\u00e9n\u00e9ficierez d&#8217;une accroche suppl\u00e9mentaire gr\u00e2ce \u00e0 sa surface [&hellip;]<\/p>\n","protected":false},"featured_media":108545,"comment_status":"open","ping_status":"closed","template":"","meta":[],"product_cat":[786,84],"product_tag":[],"_links":{"self":[{"href":"https:\/\/www.sport4club.be\/index.php\/wp-json\/wp\/v2\/product\/108544"}],"collection":[{"href":"https:\/\/www.sport4club.be\/index.php\/wp-json\/wp\/v2\/product"}],"about":[{"href":"https:\/\/www.sport4club.be\/index.php\/wp-json\/wp\/v2\/types\/product"}],"replies":[{"embeddable":true,"href":"https:\/\/www.sport4club.be\/index.php\/wp-json\/wp\/v2\/comments?post=108544"}],"wp:featuredmedia":[{"embeddable":true,"href":"https:\/\/www.sport4club.be\/index.php\/wp-json\/wp\/v2\/media\/108545"}],"wp:attachment":[{"href":"https:\/\/www.sport4club.be\/index.php\/wp-json\/wp\/v2\/media?parent=108544"}],"wp:term":[{"taxonomy":"product_cat","embeddable":true,"href":"https:\/\/www.sport4club.be\/index.php\/wp-json\/wp\/v2\/product_cat?post=108544"},{"taxonomy":"product_tag","embeddable":true,"href":"https:\/\/www.sport4club.be\/index.php\/wp-json\/wp\/v2\/product_tag?post=108544"}],"curies":[{"name":"wp","href":"https:\/\/api.w.org\/{rel}","templated":true}]}}