{"id":108394,"date":"2022-01-29T17:09:14","date_gmt":"2022-01-29T16:09:14","guid":{"rendered":"https:\/\/www.sport4club.be\/?post_type=product&#038;p=108394"},"modified":"2025-08-27T13:55:43","modified_gmt":"2025-08-27T11:55:43","slug":"orven-kerala-v2","status":"publish","type":"product","link":"https:\/\/www.sport4club.be\/index.php\/product\/orven-kerala-v2\/","title":{"rendered":"Orven Kerala V2."},"content":{"rendered":"<p><em>Fabrication 100% Espagnole &#8211; Qualit\u00e9 sup\u00e9rieure La RAQUETTE ORVEN KERALA V2 est cr\u00e9\u00e9e pour les joueurs qui recherchent plus de puissance sans sacrifier le contr\u00f4le de la balle, pour r\u00e9aliser un coup spectaculaire. <\/em><\/p>\n<p><em>La raquette polyvalente que vous attendez. La raquette Orven KERALA V2 est l&#8217;\u00e9volution naturelle de la raquette SAONA. Avec des mat\u00e9riaux de haute qualit\u00e9, nous avons r\u00e9alis\u00e9 une raquette impressionnante qui ravira s\u00fbrement les joueurs les plus exigeants. <\/em><\/p>\n<p><em>Toutes nos raquettes sont 100% fabriqu\u00e9es en Espagne.<\/em><\/p>\n","protected":false},"excerpt":{"rendered":"<p>Fabrication 100% Espagnole &#8211; Qualit\u00e9 sup\u00e9rieure La RAQUETTE ORVEN KERALA V2 est cr\u00e9\u00e9e pour les joueurs qui recherchent plus de puissance sans sacrifier le contr\u00f4le de la balle, pour r\u00e9aliser un coup spectaculaire. La raquette polyvalente que vous attendez. La raquette Orven KERALA V2 est l&#8217;\u00e9volution naturelle de la raquette SAONA. Avec des mat\u00e9riaux de [&hellip;]<\/p>\n","protected":false},"featured_media":108395,"comment_status":"open","ping_status":"closed","template":"","meta":[],"product_cat":[84],"product_tag":[],"_links":{"self":[{"href":"https:\/\/www.sport4club.be\/index.php\/wp-json\/wp\/v2\/product\/108394"}],"collection":[{"href":"https:\/\/www.sport4club.be\/index.php\/wp-json\/wp\/v2\/product"}],"about":[{"href":"https:\/\/www.sport4club.be\/index.php\/wp-json\/wp\/v2\/types\/product"}],"replies":[{"embeddable":true,"href":"https:\/\/www.sport4club.be\/index.php\/wp-json\/wp\/v2\/comments?post=108394"}],"wp:featuredmedia":[{"embeddable":true,"href":"https:\/\/www.sport4club.be\/index.php\/wp-json\/wp\/v2\/media\/108395"}],"wp:attachment":[{"href":"https:\/\/www.sport4club.be\/index.php\/wp-json\/wp\/v2\/media?parent=108394"}],"wp:term":[{"taxonomy":"product_cat","embeddable":true,"href":"https:\/\/www.sport4club.be\/index.php\/wp-json\/wp\/v2\/product_cat?post=108394"},{"taxonomy":"product_tag","embeddable":true,"href":"https:\/\/www.sport4club.be\/index.php\/wp-json\/wp\/v2\/product_tag?post=108394"}],"curies":[{"name":"wp","href":"https:\/\/api.w.org\/{rel}","templated":true}]}}