{"id":108337,"date":"2022-01-23T16:44:28","date_gmt":"2022-01-23T15:44:28","guid":{"rendered":"https:\/\/www.sport4club.be\/?post_type=product&#038;p=108337"},"modified":"2022-07-26T12:44:14","modified_gmt":"2022-07-26T10:44:14","slug":"head-graphene-360-extreme-tour-nite-305gr","status":"publish","type":"product","link":"https:\/\/www.sport4club.be\/index.php\/product\/head-graphene-360-extreme-tour-nite-305gr\/","title":{"rendered":"Head Graphene 360+ Extreme Tour Nite (305gr)"},"content":{"rendered":"<p><em>La gamme Extreme de chez Head fait peau neuve et s&#8217;agrandit ! D\u00e9couvrez la nouvelle Extreme Tour qui propose un tamis plus petit pour maximiser les sensations et proposer un meilleur rapport puissance\/contr\u00f4le.<\/em><\/p>\n<p><em>On retrouve dans ce cadre (provenant d&#8217;un nouveau moule pens\u00e9 par Head) les ingr\u00e9dients d&#8217;un plus grand contr\u00f4le : tamis 98 (632cm\u00b2), profil\u00e9 plus fin (22\/23\/21mm) et poids de 305g. L&#8217;\u00e9quilibre \u00e0 31,5cm permet de conserver une bonne maniabilit\u00e9.<\/em><\/p>\n<p><em>La\u00a0<strong>Extreme Tour<\/strong>\u00a0profite des nouveaux les joncs de la gamme\u00a0<strong>Extreme<\/strong>. Ils permettent un mouvement plus libre des cordes et un effet trampoline plus important lors de l\u2019impact de la balle pour plus de puissance.<\/em><\/p>\n<p><em>Magnifique dans son look en \u00e9dition limit\u00e9e, alliant noir, noir mat et jaune fluo, classe et moderne \u00e0 la fois, elle propose la derni\u00e8re technologie Graphene 360+ pour une stabilit\u00e9, un confort et une flexibilit\u00e9 au top.<\/em><\/p>\n<p><em>La gamme Extreme est recommand\u00e9e par le joueur italien\u00a0<strong>Matteo Berrettini<\/strong>.<\/em><\/p>\n","protected":false},"excerpt":{"rendered":"<p>La gamme Extreme de chez Head fait peau neuve et s&#8217;agrandit ! D\u00e9couvrez la nouvelle Extreme Tour qui propose un tamis plus petit pour maximiser les sensations et proposer un meilleur rapport puissance\/contr\u00f4le. On retrouve dans ce cadre (provenant d&#8217;un nouveau moule pens\u00e9 par Head) les ingr\u00e9dients d&#8217;un plus grand contr\u00f4le : tamis 98 (632cm\u00b2), [&hellip;]<\/p>\n","protected":false},"featured_media":108338,"comment_status":"open","ping_status":"closed","template":"","meta":[],"product_cat":[145,786],"product_tag":[],"_links":{"self":[{"href":"https:\/\/www.sport4club.be\/index.php\/wp-json\/wp\/v2\/product\/108337"}],"collection":[{"href":"https:\/\/www.sport4club.be\/index.php\/wp-json\/wp\/v2\/product"}],"about":[{"href":"https:\/\/www.sport4club.be\/index.php\/wp-json\/wp\/v2\/types\/product"}],"replies":[{"embeddable":true,"href":"https:\/\/www.sport4club.be\/index.php\/wp-json\/wp\/v2\/comments?post=108337"}],"wp:featuredmedia":[{"embeddable":true,"href":"https:\/\/www.sport4club.be\/index.php\/wp-json\/wp\/v2\/media\/108338"}],"wp:attachment":[{"href":"https:\/\/www.sport4club.be\/index.php\/wp-json\/wp\/v2\/media?parent=108337"}],"wp:term":[{"taxonomy":"product_cat","embeddable":true,"href":"https:\/\/www.sport4club.be\/index.php\/wp-json\/wp\/v2\/product_cat?post=108337"},{"taxonomy":"product_tag","embeddable":true,"href":"https:\/\/www.sport4club.be\/index.php\/wp-json\/wp\/v2\/product_tag?post=108337"}],"curies":[{"name":"wp","href":"https:\/\/api.w.org\/{rel}","templated":true}]}}