{"id":108323,"date":"2022-01-23T16:21:27","date_gmt":"2022-01-23T15:21:27","guid":{"rendered":"https:\/\/www.sport4club.be\/?post_type=product&#038;p=108323"},"modified":"2024-09-03T12:00:22","modified_gmt":"2024-09-03T10:00:22","slug":"head-boom-mp-295gr","status":"publish","type":"product","link":"https:\/\/www.sport4club.be\/index.php\/product\/head-boom-mp-295gr\/","title":{"rendered":"Head Boom MP 2024 (295gr)"},"content":{"rendered":"<p>La\u00a0Head Boom MP 2024\u00a0est une\u00a0raquette puissante\u00a0qui apporte \u00e9galement un excellent toucher de balle. Pens\u00e9e pour les joueurs ambitieux, la technologie Auxetic 2.0 am\u00e9liore le ressenti et les sensations de jeu.<\/p>\n<p>Avec ce genre de cadre, vous pouvez\u00a0acc\u00e9l\u00e9rer la balle facilement\u00a0tout en profitant d&#8217;excellentes sensations lors de la frappe.<\/p>\n<p>Raquette tr\u00e8s accessible avec son poids de\u00a0295 grammes, son tamis de\u00a0645 cm\u00b2\u00a0et son \u00e9quilibre de\u00a031,5cm. Tout est fait pour la rendre tr\u00e8s facile \u00e0 prendre en main. Et en effet, \u00e0 ce niveau, cette Boom MP\u00a0est un vrai bijou !<\/p>\n<p>Cette raquette se destine \u00e0 des joueurs d&#8217;un\u00a0niveau interm\u00e9diaire \u00e0 confirm\u00e9\u00a0en recherche de puissance. Sa maniabilit\u00e9 et sa tol\u00e9rance permettront une prise en main facile ainsi qu&#8217;une progression technique facilit\u00e9e.<\/p>\n","protected":false},"excerpt":{"rendered":"<p>La\u00a0Head Boom MP 2024\u00a0est une\u00a0raquette puissante\u00a0qui apporte \u00e9galement un excellent toucher de balle. Pens\u00e9e pour les joueurs ambitieux, la technologie Auxetic 2.0 am\u00e9liore le ressenti et les sensations de jeu. Avec ce genre de cadre, vous pouvez\u00a0acc\u00e9l\u00e9rer la balle facilement\u00a0tout en profitant d&#8217;excellentes sensations lors de la frappe. Raquette tr\u00e8s accessible avec son poids de\u00a0295 [&hellip;]<\/p>\n","protected":false},"featured_media":113927,"comment_status":"open","ping_status":"closed","template":"","meta":[],"product_cat":[145,786],"product_tag":[],"_links":{"self":[{"href":"https:\/\/www.sport4club.be\/index.php\/wp-json\/wp\/v2\/product\/108323"}],"collection":[{"href":"https:\/\/www.sport4club.be\/index.php\/wp-json\/wp\/v2\/product"}],"about":[{"href":"https:\/\/www.sport4club.be\/index.php\/wp-json\/wp\/v2\/types\/product"}],"replies":[{"embeddable":true,"href":"https:\/\/www.sport4club.be\/index.php\/wp-json\/wp\/v2\/comments?post=108323"}],"wp:featuredmedia":[{"embeddable":true,"href":"https:\/\/www.sport4club.be\/index.php\/wp-json\/wp\/v2\/media\/113927"}],"wp:attachment":[{"href":"https:\/\/www.sport4club.be\/index.php\/wp-json\/wp\/v2\/media?parent=108323"}],"wp:term":[{"taxonomy":"product_cat","embeddable":true,"href":"https:\/\/www.sport4club.be\/index.php\/wp-json\/wp\/v2\/product_cat?post=108323"},{"taxonomy":"product_tag","embeddable":true,"href":"https:\/\/www.sport4club.be\/index.php\/wp-json\/wp\/v2\/product_tag?post=108323"}],"curies":[{"name":"wp","href":"https:\/\/api.w.org\/{rel}","templated":true}]}}