{"id":108237,"date":"2022-01-11T14:09:33","date_gmt":"2022-01-11T13:09:33","guid":{"rendered":"https:\/\/www.sport4club.be\/?post_type=product&#038;p=108237"},"modified":"2022-12-28T08:10:59","modified_gmt":"2022-12-28T07:10:59","slug":"ariv-padel-undergrip","status":"publish","type":"product","link":"https:\/\/www.sport4club.be\/index.php\/product\/ariv-padel-undergrip\/","title":{"rendered":"ARIV Padel Undergrip"},"content":{"rendered":"<p id=\"tw-target-text\" class=\"tw-data-text tw-text-large tw-ta\" dir=\"ltr\" data-placeholder=\"Traduction\"><span class=\"Y2IQFc\" lang=\"fr\"><br \/>\nLes blessures aux bras, coudes et \u00e9paulent peuvent constituer un probl\u00e8me dans la pratique du Padel.<\/span><\/p>\n<p dir=\"ltr\" data-placeholder=\"Traduction\">De plus, les raquettes de Padel ont une taille de grip unique et beaucoup de joueurs se blessent car ils jouent avec un grip trop fin.<\/p>\n<p dir=\"ltr\" data-placeholder=\"Traduction\">L&#8217;<strong>Ariv Padel Undergrip<\/strong> est un Undergrip High Tech qui augmente l&#8217;\u00e9paisseur du manche et qui <strong>absorbe 70% des vibrations<\/strong> soulageant ainsi les articulations.<\/p>\n<p dir=\"ltr\" data-placeholder=\"Traduction\">Largement test\u00e9 par des professionnels de la sant\u00e9, l&#8217;Ariv Padel Undergip est recommand\u00e9 par 450 coaches et de nombreux joueurs pro.<\/p>\n<p dir=\"ltr\" data-placeholder=\"Traduction\">Ci-dessous, le lien explicatif du placement de ce Undergrip.<\/p>\n<p><iframe loading=\"lazy\" title=\"ARIV undergrip f\u00e0cil de montar\" width=\"640\" height=\"360\" src=\"https:\/\/www.youtube.com\/embed\/3SQWskYmacY?feature=oembed\" frameborder=\"0\" allow=\"accelerometer; autoplay; clipboard-write; encrypted-media; gyroscope; picture-in-picture\" allowfullscreen><\/iframe><\/p>\n","protected":false},"excerpt":{"rendered":"<p>Les blessures aux bras, coudes et \u00e9paulent peuvent constituer un probl\u00e8me dans la pratique du Padel. De plus, les raquettes de Padel ont une taille de grip unique et beaucoup de joueurs se blessent car ils jouent avec un grip trop fin. L&#8217;Ariv Padel Undergrip est un Undergrip High Tech qui augmente l&#8217;\u00e9paisseur du manche [&hellip;]<\/p>\n","protected":false},"featured_media":108240,"comment_status":"open","ping_status":"closed","template":"","meta":[],"product_cat":[87],"product_tag":[],"_links":{"self":[{"href":"https:\/\/www.sport4club.be\/index.php\/wp-json\/wp\/v2\/product\/108237"}],"collection":[{"href":"https:\/\/www.sport4club.be\/index.php\/wp-json\/wp\/v2\/product"}],"about":[{"href":"https:\/\/www.sport4club.be\/index.php\/wp-json\/wp\/v2\/types\/product"}],"replies":[{"embeddable":true,"href":"https:\/\/www.sport4club.be\/index.php\/wp-json\/wp\/v2\/comments?post=108237"}],"wp:featuredmedia":[{"embeddable":true,"href":"https:\/\/www.sport4club.be\/index.php\/wp-json\/wp\/v2\/media\/108240"}],"wp:attachment":[{"href":"https:\/\/www.sport4club.be\/index.php\/wp-json\/wp\/v2\/media?parent=108237"}],"wp:term":[{"taxonomy":"product_cat","embeddable":true,"href":"https:\/\/www.sport4club.be\/index.php\/wp-json\/wp\/v2\/product_cat?post=108237"},{"taxonomy":"product_tag","embeddable":true,"href":"https:\/\/www.sport4club.be\/index.php\/wp-json\/wp\/v2\/product_tag?post=108237"}],"curies":[{"name":"wp","href":"https:\/\/api.w.org\/{rel}","templated":true}]}}