{"id":108103,"date":"2021-12-31T11:45:44","date_gmt":"2021-12-31T10:45:44","guid":{"rendered":"https:\/\/www.sport4club.be\/?post_type=product&#038;p=108103"},"modified":"2024-04-15T16:04:54","modified_gmt":"2024-04-15T14:04:54","slug":"head-championship-x4balles","status":"publish","type":"product","link":"https:\/\/www.sport4club.be\/index.php\/product\/head-championship-x4balles\/","title":{"rendered":"Head Championship x4balles"},"content":{"rendered":"<p>Agr\u00e9able et durable, la balle de tennis Head Championship est facile \u00e0 jouer. Elle conviendra aux joueurs de club, loisir ou d\u00e9butant, souhaitant une balle abordable qui s&#8217;adapte \u00e0 toutes les surfaces.<\/p>\n<p>Son feutre \u00e9pais lui garantit une tr\u00e8s bonne long\u00e9vit\u00e9.<\/p>\n","protected":false},"excerpt":{"rendered":"<p>Agr\u00e9able et durable, la balle de tennis Head Championship est facile \u00e0 jouer. Elle conviendra aux joueurs de club, loisir ou d\u00e9butant, souhaitant une balle abordable qui s&#8217;adapte \u00e0 toutes les surfaces. Son feutre \u00e9pais lui garantit une tr\u00e8s bonne long\u00e9vit\u00e9.<\/p>\n","protected":false},"featured_media":113203,"comment_status":"open","ping_status":"closed","template":"","meta":[],"product_cat":[106],"product_tag":[],"_links":{"self":[{"href":"https:\/\/www.sport4club.be\/index.php\/wp-json\/wp\/v2\/product\/108103"}],"collection":[{"href":"https:\/\/www.sport4club.be\/index.php\/wp-json\/wp\/v2\/product"}],"about":[{"href":"https:\/\/www.sport4club.be\/index.php\/wp-json\/wp\/v2\/types\/product"}],"replies":[{"embeddable":true,"href":"https:\/\/www.sport4club.be\/index.php\/wp-json\/wp\/v2\/comments?post=108103"}],"wp:featuredmedia":[{"embeddable":true,"href":"https:\/\/www.sport4club.be\/index.php\/wp-json\/wp\/v2\/media\/113203"}],"wp:attachment":[{"href":"https:\/\/www.sport4club.be\/index.php\/wp-json\/wp\/v2\/media?parent=108103"}],"wp:term":[{"taxonomy":"product_cat","embeddable":true,"href":"https:\/\/www.sport4club.be\/index.php\/wp-json\/wp\/v2\/product_cat?post=108103"},{"taxonomy":"product_tag","embeddable":true,"href":"https:\/\/www.sport4club.be\/index.php\/wp-json\/wp\/v2\/product_tag?post=108103"}],"curies":[{"name":"wp","href":"https:\/\/api.w.org\/{rel}","templated":true}]}}