{"id":107936,"date":"2021-12-19T18:21:28","date_gmt":"2021-12-19T17:21:28","guid":{"rendered":"https:\/\/www.sport4club.be\/?post_type=product&#038;p=107936"},"modified":"2025-12-04T08:26:32","modified_gmt":"2025-12-04T07:26:32","slug":"pro-kennex-turbo-pink-cat","status":"publish","type":"product","link":"https:\/\/www.sport4club.be\/index.php\/product\/pro-kennex-turbo-pink-cat\/","title":{"rendered":"Pro Kennex Turbo Pink Cat"},"content":{"rendered":"<p><em>Vous voulez vous d\u00e9marquer sur les courts de padel avec une raquette fun et facile \u00e0 jouer ? Alors la Pro Kennex Turbo est faite pour vous !<\/em><\/p>\n<p><em>Elle procure d&#8217;un haut niveau de polyvalence et dispose de la technologie Spiral Tech Carbon pour un maximum de stabilit\u00e9.<\/em><\/p>\n<p><em>Design color\u00e9 avec reprenant une t\u00eate de chat rose.<\/em><\/p>\n","protected":false},"excerpt":{"rendered":"<p>Vous voulez vous d\u00e9marquer sur les courts de padel avec une raquette fun et facile \u00e0 jouer ? Alors la Pro Kennex Turbo est faite pour vous ! Elle procure d&#8217;un haut niveau de polyvalence et dispose de la technologie Spiral Tech Carbon pour un maximum de stabilit\u00e9. Design color\u00e9 avec reprenant une t\u00eate de [&hellip;]<\/p>\n","protected":false},"featured_media":107937,"comment_status":"open","ping_status":"closed","template":"","meta":[],"product_cat":[84],"product_tag":[],"_links":{"self":[{"href":"https:\/\/www.sport4club.be\/index.php\/wp-json\/wp\/v2\/product\/107936"}],"collection":[{"href":"https:\/\/www.sport4club.be\/index.php\/wp-json\/wp\/v2\/product"}],"about":[{"href":"https:\/\/www.sport4club.be\/index.php\/wp-json\/wp\/v2\/types\/product"}],"replies":[{"embeddable":true,"href":"https:\/\/www.sport4club.be\/index.php\/wp-json\/wp\/v2\/comments?post=107936"}],"wp:featuredmedia":[{"embeddable":true,"href":"https:\/\/www.sport4club.be\/index.php\/wp-json\/wp\/v2\/media\/107937"}],"wp:attachment":[{"href":"https:\/\/www.sport4club.be\/index.php\/wp-json\/wp\/v2\/media?parent=107936"}],"wp:term":[{"taxonomy":"product_cat","embeddable":true,"href":"https:\/\/www.sport4club.be\/index.php\/wp-json\/wp\/v2\/product_cat?post=107936"},{"taxonomy":"product_tag","embeddable":true,"href":"https:\/\/www.sport4club.be\/index.php\/wp-json\/wp\/v2\/product_tag?post=107936"}],"curies":[{"name":"wp","href":"https:\/\/api.w.org\/{rel}","templated":true}]}}