{"id":107629,"date":"2021-10-11T08:01:52","date_gmt":"2021-10-11T06:01:52","guid":{"rendered":"https:\/\/www.sport4club.be\/?post_type=product&#038;p=107629"},"modified":"2023-07-22T13:16:59","modified_gmt":"2023-07-22T11:16:59","slug":"tecnifibre-tf-x1-300-300gr","status":"publish","type":"product","link":"https:\/\/www.sport4club.be\/index.php\/product\/tecnifibre-tf-x1-300-300gr\/","title":{"rendered":"Tecnifibre TF-X1 300 (300gr)"},"content":{"rendered":"<p><em>Cette raquette Tecnifibre TF-X1 est\u00a0la plus lourde de sa gamme\u00a0avec un poids de 300 g. Son \u00e9quilibre \u00e0 32 cm lui permet d&#8217;\u00eatre tr\u00e8s stable \u00e0 la frappe. Cette stabilit\u00e9 est renforc\u00e9e par le manche \u00e9quip\u00e9 de la technologie\u00a0X-Damp qui lui permet d&#8217;absorber 36% des vibrations. Son plan de cordage en 16&#215;19 facilite la prise d&#8217;effet et son tamis de 645 cm\u00b2 lui fournit de la tol\u00e9rance. La technologie\u00a0Frame Ergonomy\u00a0qui \u00e9quipe la raquette donne aussi une forme plus ronde au tamis pour gagner en puissance, stabilit\u00e9 et tol\u00e9rance alors que la technologie\u00a0Isoflex\u00a0fournit encore plus de jouabilit\u00e9 en adaptant le profil de la raquette \u00e0 la longueur de la corde.<\/em><\/p>\n<p><em>La Tecnifibre TF-X1 300 sera adapt\u00e9e \u00e0 des\u00a0joueurs d&#8217;un niveau interm\u00e9diaire \u00e0 confirm\u00e9\u00a0qui recherchent une raquette stable et puissante dot\u00e9 d&#8217;un excellent confort.<\/em><\/p>\n","protected":false},"excerpt":{"rendered":"<p>Cette raquette Tecnifibre TF-X1 est\u00a0la plus lourde de sa gamme\u00a0avec un poids de 300 g. Son \u00e9quilibre \u00e0 32 cm lui permet d&#8217;\u00eatre tr\u00e8s stable \u00e0 la frappe. Cette stabilit\u00e9 est renforc\u00e9e par le manche \u00e9quip\u00e9 de la technologie\u00a0X-Damp qui lui permet d&#8217;absorber 36% des vibrations. Son plan de cordage en 16&#215;19 facilite la prise [&hellip;]<\/p>\n","protected":false},"featured_media":107630,"comment_status":"open","ping_status":"closed","template":"","meta":[],"product_cat":[145],"product_tag":[],"_links":{"self":[{"href":"https:\/\/www.sport4club.be\/index.php\/wp-json\/wp\/v2\/product\/107629"}],"collection":[{"href":"https:\/\/www.sport4club.be\/index.php\/wp-json\/wp\/v2\/product"}],"about":[{"href":"https:\/\/www.sport4club.be\/index.php\/wp-json\/wp\/v2\/types\/product"}],"replies":[{"embeddable":true,"href":"https:\/\/www.sport4club.be\/index.php\/wp-json\/wp\/v2\/comments?post=107629"}],"wp:featuredmedia":[{"embeddable":true,"href":"https:\/\/www.sport4club.be\/index.php\/wp-json\/wp\/v2\/media\/107630"}],"wp:attachment":[{"href":"https:\/\/www.sport4club.be\/index.php\/wp-json\/wp\/v2\/media?parent=107629"}],"wp:term":[{"taxonomy":"product_cat","embeddable":true,"href":"https:\/\/www.sport4club.be\/index.php\/wp-json\/wp\/v2\/product_cat?post=107629"},{"taxonomy":"product_tag","embeddable":true,"href":"https:\/\/www.sport4club.be\/index.php\/wp-json\/wp\/v2\/product_tag?post=107629"}],"curies":[{"name":"wp","href":"https:\/\/api.w.org\/{rel}","templated":true}]}}