{"id":107554,"date":"2021-09-25T10:58:09","date_gmt":"2021-09-25T08:58:09","guid":{"rendered":"https:\/\/www.sport4club.be\/?post_type=product&#038;p=107554"},"modified":"2023-10-31T10:08:43","modified_gmt":"2023-10-31T09:08:43","slug":"black-crown-piton","status":"publish","type":"product","link":"https:\/\/www.sport4club.be\/index.php\/product\/black-crown-piton\/","title":{"rendered":"Black Crown Piton"},"content":{"rendered":"<p><em>La raquette Black Crown Piton allie cosm\u00e9tique sobre et \u00e9l\u00e9gante \u00e0 un haut niveau de performance. Elle assure une grande polyvalence dans le jeu gr\u00e2ce \u00e0 un ratio contr\u00f4le\/puissance tr\u00e8s bien dos\u00e9.<\/em><\/p>\n<p><em>Elle est compos\u00e9e de deux couches de fibre de verre et d&#8217;une couche de fibre de carbone avec un caoutchouc EVA de duret\u00e9 moyenne qui offre un toucher dur avec la balle pour obtenir une bonne puissance.<\/em><\/p>\n<p><em>C&#8217;est une raquette de padel polyvalente avec un bon \u00e9quilibre entre contr\u00f4le et puissance pour les joueurs de haut niveau qui cherchent \u00e0 effectuer des coups techniques et pr\u00e9cis.<\/em><\/p>\n","protected":false},"excerpt":{"rendered":"<p>La raquette Black Crown Piton allie cosm\u00e9tique sobre et \u00e9l\u00e9gante \u00e0 un haut niveau de performance. Elle assure une grande polyvalence dans le jeu gr\u00e2ce \u00e0 un ratio contr\u00f4le\/puissance tr\u00e8s bien dos\u00e9. Elle est compos\u00e9e de deux couches de fibre de verre et d&#8217;une couche de fibre de carbone avec un caoutchouc EVA de duret\u00e9 [&hellip;]<\/p>\n","protected":false},"featured_media":107555,"comment_status":"open","ping_status":"closed","template":"","meta":[],"product_cat":[786,84],"product_tag":[],"_links":{"self":[{"href":"https:\/\/www.sport4club.be\/index.php\/wp-json\/wp\/v2\/product\/107554"}],"collection":[{"href":"https:\/\/www.sport4club.be\/index.php\/wp-json\/wp\/v2\/product"}],"about":[{"href":"https:\/\/www.sport4club.be\/index.php\/wp-json\/wp\/v2\/types\/product"}],"replies":[{"embeddable":true,"href":"https:\/\/www.sport4club.be\/index.php\/wp-json\/wp\/v2\/comments?post=107554"}],"wp:featuredmedia":[{"embeddable":true,"href":"https:\/\/www.sport4club.be\/index.php\/wp-json\/wp\/v2\/media\/107555"}],"wp:attachment":[{"href":"https:\/\/www.sport4club.be\/index.php\/wp-json\/wp\/v2\/media?parent=107554"}],"wp:term":[{"taxonomy":"product_cat","embeddable":true,"href":"https:\/\/www.sport4club.be\/index.php\/wp-json\/wp\/v2\/product_cat?post=107554"},{"taxonomy":"product_tag","embeddable":true,"href":"https:\/\/www.sport4club.be\/index.php\/wp-json\/wp\/v2\/product_tag?post=107554"}],"curies":[{"name":"wp","href":"https:\/\/api.w.org\/{rel}","templated":true}]}}