{"id":107324,"date":"2021-07-06T10:16:35","date_gmt":"2021-07-06T08:16:35","guid":{"rendered":"https:\/\/www.sport4club.be\/?post_type=product&#038;p=107324"},"modified":"2024-10-14T08:58:32","modified_gmt":"2024-10-14T06:58:32","slug":"bullpadel-k2-power-21","status":"publish","type":"product","link":"https:\/\/www.sport4club.be\/index.php\/product\/bullpadel-k2-power-21\/","title":{"rendered":"Bullpadel K2 Power"},"content":{"rendered":"<p><em>La raquette de padel Bullpadel K2 Power est con\u00e7ue pour les joueurs d&#8217;un niveau interm\u00e9diaire \u00e0 avanc\u00e9. Sa forme en diamant et son \u00e9quilibre haut lui offre un maximum de puissance.<\/em><\/p>\n<p><em>L\u00e9g\u00e8re (360-370g), elle procure une bonne\u00a0<strong>maniabilit\u00e9<\/strong>\u00a0et permettra de mettre en place sa technique facilement. La K2 Power dispose de la technologie\u00a0<strong>STReinforce<\/strong>\u00a0qui procure un gain en rigidit\u00e9 pour plus de contr\u00f4le.<\/em><\/p>\n","protected":false},"excerpt":{"rendered":"<p>La raquette de padel Bullpadel K2 Power est con\u00e7ue pour les joueurs d&#8217;un niveau interm\u00e9diaire \u00e0 avanc\u00e9. Sa forme en diamant et son \u00e9quilibre haut lui offre un maximum de puissance. L\u00e9g\u00e8re (360-370g), elle procure une bonne\u00a0maniabilit\u00e9\u00a0et permettra de mettre en place sa technique facilement. La K2 Power dispose de la technologie\u00a0STReinforce\u00a0qui procure un gain [&hellip;]<\/p>\n","protected":false},"featured_media":107325,"comment_status":"open","ping_status":"closed","template":"","meta":[],"product_cat":[786,84],"product_tag":[],"_links":{"self":[{"href":"https:\/\/www.sport4club.be\/index.php\/wp-json\/wp\/v2\/product\/107324"}],"collection":[{"href":"https:\/\/www.sport4club.be\/index.php\/wp-json\/wp\/v2\/product"}],"about":[{"href":"https:\/\/www.sport4club.be\/index.php\/wp-json\/wp\/v2\/types\/product"}],"replies":[{"embeddable":true,"href":"https:\/\/www.sport4club.be\/index.php\/wp-json\/wp\/v2\/comments?post=107324"}],"wp:featuredmedia":[{"embeddable":true,"href":"https:\/\/www.sport4club.be\/index.php\/wp-json\/wp\/v2\/media\/107325"}],"wp:attachment":[{"href":"https:\/\/www.sport4club.be\/index.php\/wp-json\/wp\/v2\/media?parent=107324"}],"wp:term":[{"taxonomy":"product_cat","embeddable":true,"href":"https:\/\/www.sport4club.be\/index.php\/wp-json\/wp\/v2\/product_cat?post=107324"},{"taxonomy":"product_tag","embeddable":true,"href":"https:\/\/www.sport4club.be\/index.php\/wp-json\/wp\/v2\/product_tag?post=107324"}],"curies":[{"name":"wp","href":"https:\/\/api.w.org\/{rel}","templated":true}]}}